INSERT INTO `search_index` (`word`, `sid`, `langcode`, `type`, `score`) VALUES
('want', 33, 'en', 'node_search', 0.913226),
('want', 34, 'en', 'help_search', 2),
('want', 34, 'fr', 'help_search', 2),
('want', 37, 'en', 'help_search', 2),
('want', 37, 'fr', 'help_search', 2),
('want', 38, 'en', 'help_search', 1),
('want', 38, 'fr', 'help_search', 1),
('want', 40, 'en', 'help_search', 1),
('want', 40, 'fr', 'help_search', 1),
('want', 42, 'en', 'help_search', 3),
('want', 42, 'fr', 'help_search', 3),
('want', 46, 'en', 'help_search', 2),
('want', 46, 'fr', 'help_search', 2),
('want', 47, 'en', 'help_search', 1.99731),
('want', 47, 'fr', 'help_search', 1.99731),
('want', 48, 'en', 'help_search', 1),
('want', 48, 'fr', 'help_search', 1),
('want', 50, 'en', 'help_search', 2),
('want', 50, 'fr', 'help_search', 2),
('want', 54, 'en', 'help_search', 1),
('want', 54, 'fr', 'help_search', 1),
('want', 55, 'en', 'help_search', 2),
('want', 55, 'fr', 'help_search', 2),
('want', 56, 'en', 'help_search', 6),
('want', 56, 'fr', 'help_search', 6),
('want', 57, 'en', 'help_search', 3),
('want', 57, 'fr', 'help_search', 3),
('want', 58, 'en', 'help_search', 3),
('want', 58, 'fr', 'help_search', 3),
('want', 60, 'en', 'help_search', 2),
('want', 60, 'fr', 'help_search', 2),
('want', 63, 'en', 'help_search', 1),
('want', 63, 'fr', 'help_search', 1),
('want', 64, 'en', 'help_search', 1),
('want', 64, 'fr', 'help_search', 1),
('want', 66, 'en', 'help_search', 1),
('want', 66, 'fr', 'help_search', 1),
('want', 71, 'en', 'help_search', 1),
('want', 71, 'fr', 'help_search', 1),
('want', 72, 'en', 'help_search', 1),
('want', 72, 'fr', 'help_search', 1),
('want', 75, 'en', 'help_search', 3.98902),
('want', 75, 'fr', 'help_search', 3.98493),
('want', 76, 'en', 'help_search', 2),
('want', 76, 'fr', 'help_search', 2),
('want', 77, 'en', 'help_search', 1),
('want', 77, 'fr', 'help_search', 1),
('want', 86, 'en', 'help_search', 1),
('want', 86, 'fr', 'help_search', 0.997306),
('want', 87, 'en', 'help_search', 1),
('want', 87, 'fr', 'help_search', 1),
('want', 88, 'en', 'help_search', 1),
('want', 88, 'fr', 'help_search', 1),
('want', 90, 'en', 'help_search', 3),
('want', 90, 'fr', 'help_search', 3),
('want', 91, 'en', 'help_search', 2),
('want', 91, 'fr', 'help_search', 2),
('want', 92, 'en', 'help_search', 1),
('want', 92, 'fr', 'help_search', 1),
('want', 93, 'en', 'help_search', 1),
('want', 93, 'fr', 'help_search', 1),
('want', 95, 'en', 'help_search', 2),
('want', 95, 'fr', 'help_search', 2),
('want', 96, 'en', 'help_search', 1),
('want', 96, 'fr', 'help_search', 1),
('want', 97, 'en', 'help_search', 2.8093),
('want', 97, 'fr', 'help_search', 2.8093),
('want', 98, 'en', 'help_search', 1),
('want', 98, 'fr', 'help_search', 1),
('want', 99, 'en', 'help_search', 2.97286),
('want', 99, 'fr', 'help_search', 2.97286),
('want', 100, 'en', 'help_search', 2),
('want', 100, 'fr', 'help_search', 2),
('want', 102, 'en', 'help_search', 2),
('want', 102, 'fr', 'help_search', 2),
('want', 103, 'en', 'help_search', 1),
('want', 103, 'fr', 'help_search', 1),
('warning', 5, 'en', 'node_search', 0.714225),
('warning', 28, 'en', 'node_search', 19),
('warning', 28, 'fr', 'node_search', 19),
('warning', 29, 'en', 'node_search', 19),
('warning', 29, 'fr', 'node_search', 19),
('warning', 31, 'en', 'node_search', 19),
('warning', 31, 'fr', 'node_search', 19),
('warning', 43, 'en', 'help_search', 4),
('warning', 43, 'fr', 'help_search', 4),
('warnings', 35, 'en', 'help_search', 1),
('warnings', 35, 'fr', 'help_search', 1),
('was', 2, 'en', 'help_search', 1),
('was', 2, 'fr', 'help_search', 1),
('was', 9, 'en', 'help_search', 1),
('was', 9, 'fr', 'help_search', 1),
('was', 11, 'en', 'help_search', 1),
('was', 11, 'fr', 'help_search', 1),
('was', 27, 'en', 'node_search', 0.331691),
('was', 27, 'fr', 'node_search', 0.331248),
('was', 30, 'en', 'node_search', 0.547222),
('was', 30, 'fr', 'node_search', 0.547222),
('was', 33, 'en', 'node_search', 1.51698),
('was', 34, 'en', 'help_search', 1),
('was', 34, 'fr', 'help_search', 1),
('was', 38, 'en', 'help_search', 1),
('was', 38, 'fr', 'help_search', 1),
('was', 40, 'en', 'help_search', 1),
('was', 40, 'fr', 'help_search', 1),
('was', 103, 'en', 'help_search', 1),
('was', 103, 'fr', 'help_search', 1),
('watson', 27, 'en', 'node_search', 0.395463),
('watson', 27, 'fr', 'node_search', 0.394827),
('watson', 30, 'en', 'node_search', 0.754681),
('watson', 30, 'fr', 'node_search', 0.754681),
('way', 7, 'en', 'help_search', 1),
('way', 7, 'fr', 'help_search', 1),
('way', 13, 'en', 'help_search', 1),
('way', 13, 'fr', 'help_search', 1),
('way', 16, 'en', 'help_search', 1.32634),
('way', 16, 'fr', 'help_search', 1.32634),
('way', 24, 'en', 'help_search', 2),
('way', 24, 'fr', 'help_search', 2),
('way', 25, 'en', 'help_search', 0.942091),
('way', 25, 'fr', 'help_search', 0.942091),
('way', 28, 'en', 'help_search', 1),
('way', 28, 'fr', 'help_search', 1),
('way', 29, 'en', 'help_search', 1),
('way', 29, 'fr', 'help_search', 1),
('way', 74, 'en', 'help_search', 0.886095),
('way', 74, 'fr', 'help_search', 0.886095),
('way', 86, 'en', 'help_search', 1),
('way', 86, 'fr', 'help_search', 1),
('ways', 16, 'en', 'help_search', 1),
('ways', 16, 'fr', 'help_search', 1),
('ways', 17, 'en', 'help_search', 1),
('ways', 17, 'fr', 'help_search', 1),
('ways', 73, 'en', 'help_search', 1),
('ways', 73, 'fr', 'help_search', 1),
('web', 3, 'en', 'help_search', 1),
('web', 3, 'fr', 'help_search', 1),
('web', 5, 'en', 'node_search', 2.29823),
('web', 5, 'fr', 'node_search', 2.84699),
('web', 14, 'en', 'help_search', 1),
('web', 14, 'fr', 'help_search', 1),
('web', 17, 'fr', 'node_search', 21),
('web', 24, 'en', 'help_search', 2),
('web', 24, 'fr', 'help_search', 2),
('web', 28, 'en', 'help_search', 93),
('web', 28, 'fr', 'help_search', 93),
('web', 41, 'en', 'help_search', 3),
('web', 41, 'fr', 'help_search', 3),
('web', 51, 'en', 'help_search', 1),
('web', 51, 'fr', 'help_search', 1),
('web', 67, 'en', 'help_search', 1),
('web', 67, 'fr', 'help_search', 1),
('web', 68, 'en', 'help_search', 2),
('web', 68, 'fr', 'help_search', 2),
('webform', 28, 'en', 'node_search', 1),
('webform', 28, 'fr', 'node_search', 1),
('webform', 29, 'en', 'node_search', 1),
('webform', 29, 'fr', 'node_search', 1),
('webform', 31, 'en', 'node_search', 1),
('webform', 31, 'fr', 'node_search', 1),
('website', 5, 'en', 'node_search', 1.64543),
('website', 16, 'en', 'help_search', 1),
('website', 16, 'fr', 'help_search', 1),
('website', 17, 'en', 'node_search', 1),
('website', 47, 'en', 'help_search', 2),
('website', 47, 'fr', 'help_search', 2),
('website', 51, 'en', 'help_search', 1),
('website', 51, 'fr', 'help_search', 1),
('website', 52, 'en', 'help_search', 2),
('website', 52, 'fr', 'help_search', 2),
('website', 68, 'en', 'help_search', 1),
('website', 68, 'fr', 'help_search', 1),
('website', 73, 'en', 'help_search', 3),
('website', 73, 'fr', 'help_search', 3),
('website', 93, 'en', 'help_search', 1),
('website', 93, 'fr', 'help_search', 1),
('wed', 1, 'fr', 'node_search', 1),
('wed', 2, 'fr', 'node_search', 1),
('wed', 4, 'fr', 'node_search', 1),
('wed', 5, 'fr', 'node_search', 1),
('wed', 6, 'fr', 'node_search', 1),
('wed', 7, 'fr', 'node_search', 1),
('wed', 8, 'fr', 'node_search', 1),
('wed', 9, 'fr', 'node_search', 1),
('wed', 10, 'fr', 'node_search', 1),
('wed', 11, 'fr', 'node_search', 1),
('wed', 12, 'fr', 'node_search', 1),
('wed', 13, 'fr', 'node_search', 1),
('wed', 14, 'fr', 'node_search', 1),
('wed', 15, 'fr', 'node_search', 1),
('wed', 16, 'fr', 'node_search', 1),
('wed', 17, 'fr', 'node_search', 1),
('wed', 18, 'fr', 'node_search', 1),
('wed', 19, 'fr', 'node_search', 1),
('wed', 20, 'fr', 'node_search', 1),
('wed', 21, 'fr', 'node_search', 1),
('wed', 22, 'fr', 'node_search', 1),
('wed', 23, 'fr', 'node_search', 1),
('wed', 24, 'fr', 'node_search', 1),
('wed', 25, 'fr', 'node_search', 1),
('wed', 26, 'fr', 'node_search', 1),
('wed', 27, 'fr', 'node_search', 1),
('wed', 28, 'fr', 'node_search', 1),
('wed', 29, 'fr', 'node_search', 1),
('wed', 30, 'fr', 'node_search', 1),
('wed', 31, 'fr', 'node_search', 1),
('wed', 32, 'fr', 'node_search', 1),
('wed', 33, 'fr', 'node_search', 1),
('wed', 34, 'fr', 'node_search', 1),
('wed', 36, 'fr', 'node_search', 1),
('wed', 37, 'fr', 'node_search', 1),
('week', 24, 'en', 'help_search', 1),
('week', 24, 'fr', 'help_search', 1),
('weekly', 24, 'en', 'help_search', 1),
('weekly', 24, 'fr', 'help_search', 1),
('weights', 20, 'en', 'help_search', 5),
('weights', 20, 'fr', 'help_search', 5),
('well', 24, 'en', 'help_search', 2),
('well', 24, 'fr', 'help_search', 2),
('well', 25, 'en', 'help_search', 0.860547),
('well', 25, 'fr', 'help_search', 0.860547),
('well', 26, 'en', 'help_search', 1),
('well', 26, 'fr', 'help_search', 1),
('well', 58, 'en', 'help_search', 1),
('well', 58, 'fr', 'help_search', 1),
('well', 71, 'en', 'help_search', 1),
('well', 71, 'fr', 'help_search', 1),
('well', 103, 'en', 'help_search', 1),
('well', 103, 'fr', 'help_search', 1),
('went', 36, 'en', 'help_search', 1),
('went', 36, 'fr', 'help_search', 1),
('were', 34, 'en', 'help_search', 2),
('were', 34, 'fr', 'help_search', 2),
('were', 37, 'en', 'help_search', 2),
('were', 37, 'fr', 'help_search', 2),
('were', 41, 'en', 'help_search', 1.84528),
('were', 41, 'fr', 'help_search', 1.84528),
('were', 47, 'en', 'help_search', 0.953396),
('were', 47, 'fr', 'help_search', 0.953396),
('west', 27, 'en', 'node_search', 0.390435),
('west', 27, 'fr', 'node_search', 0.389816),
('west', 30, 'en', 'node_search', 0.736141),
('west', 30, 'fr', 'node_search', 0.736141),
('western', 27, 'en', 'node_search', 0.53161),
('western', 27, 'fr', 'node_search', 0.530446),
('wget', 24, 'en', 'help_search', 4),
('wget', 24, 'fr', 'help_search', 4),
('what', 1, 'en', 'help_search', 19),
('what', 1, 'fr', 'help_search', 19),
('what', 3, 'en', 'help_search', 76),
('what', 3, 'fr', 'help_search', 76),
('what', 7, 'en', 'help_search', 76),
('what', 7, 'en', 'node_search', 19),
('what', 7, 'fr', 'help_search', 76),
('what', 12, 'en', 'help_search', 27.8995),
('what', 12, 'fr', 'help_search', 27.8995),
('what', 13, 'en', 'help_search', 38),
('what', 13, 'fr', 'help_search', 38),
('what', 14, 'en', 'help_search', 19),
('what', 14, 'fr', 'help_search', 19),
('what', 15, 'en', 'help_search', 57),
('what', 15, 'en', 'node_search', 4),
('what', 15, 'fr', 'help_search', 57),
('what', 16, 'en', 'help_search', 146.382),
('what', 16, 'fr', 'help_search', 146.382),
('what', 17, 'en', 'help_search', 74.418),
('what', 17, 'fr', 'help_search', 74.418),
('what', 19, 'en', 'help_search', 57),
('what', 19, 'fr', 'help_search', 57),
('what', 21, 'en', 'help_search', 19),
('what', 21, 'fr', 'help_search', 19),
('what', 22, 'en', 'help_search', 38),
('what', 22, 'fr', 'help_search', 38),
('what', 23, 'en', 'help_search', 38),
('what', 23, 'fr', 'help_search', 38),
('what', 24, 'en', 'help_search', 38),
('what', 24, 'fr', 'help_search', 38),
('what', 25, 'en', 'help_search', 76),
('what', 25, 'fr', 'help_search', 76),
('what', 26, 'en', 'help_search', 19),
('what', 26, 'fr', 'help_search', 19),
('what', 28, 'en', 'help_search', 76),
('what', 28, 'fr', 'help_search', 76),
('what', 29, 'en', 'help_search', 57),
('what', 29, 'fr', 'help_search', 57),
('what', 30, 'en', 'help_search', 19),
('what', 30, 'fr', 'help_search', 19),
('what', 31, 'en', 'help_search', 74.7594),
('what', 31, 'fr', 'help_search', 74.69),
('what', 33, 'en', 'help_search', 19),
('what', 33, 'en', 'node_search', 16.5657),
('what', 33, 'fr', 'help_search', 19),
('what', 34, 'en', 'help_search', 1),
('what', 34, 'fr', 'help_search', 1),
('what', 36, 'en', 'help_search', 19),
('what', 36, 'fr', 'help_search', 19),
('what', 39, 'en', 'help_search', 19),
('what', 39, 'fr', 'help_search', 19),
('what', 41, 'en', 'help_search', 39),
('what', 41, 'fr', 'help_search', 39),
('what', 44, 'en', 'help_search', 57),
('what', 44, 'fr', 'help_search', 57),
('what', 46, 'en', 'help_search', 1),
('what', 46, 'fr', 'help_search', 1),
('what', 47, 'en', 'help_search', 39.989),
('what', 47, 'fr', 'help_search', 39.989),
('what', 51, 'en', 'help_search', 57),
('what', 51, 'fr', 'help_search', 57),
('what', 54, 'en', 'help_search', 19),
('what', 54, 'fr', 'help_search', 19),
('what', 58, 'en', 'help_search', 1),
('what', 58, 'fr', 'help_search', 1),
('what', 67, 'en', 'help_search', 38),
('what', 67, 'fr', 'help_search', 38),
('what', 68, 'en', 'help_search', 57),
('what', 68, 'fr', 'help_search', 57),
('what', 71, 'en', 'help_search', 19),
('what', 71, 'fr', 'help_search', 19),
('what', 73, 'en', 'help_search', 19),
('what', 73, 'fr', 'help_search', 19),
('what', 74, 'en', 'help_search', 58.4225),
('what', 74, 'fr', 'help_search', 58.4225),
('what', 75, 'en', 'help_search', 1),
('what', 75, 'fr', 'help_search', 1),
('what', 86, 'en', 'help_search', 40),
('what', 86, 'fr', 'help_search', 40),
('what', 94, 'en', 'help_search', 19),
('what', 94, 'fr', 'help_search', 19),
('what', 95, 'en', 'help_search', 19),
('what', 95, 'fr', 'help_search', 19),
('what', 97, 'en', 'help_search', 0.839384),
('what', 97, 'fr', 'help_search', 0.839384),
('what', 99, 'en', 'help_search', 19.8927),
('what', 99, 'fr', 'help_search', 19.8927),
('what', 101, 'en', 'help_search', 19),
('what', 101, 'fr', 'help_search', 19),
('what', 103, 'en', 'help_search', 19),
('what', 103, 'fr', 'help_search', 19),
('when', 1, 'en', 'node_search', 1),
('when', 2, 'en', 'help_search', 1),
('when', 2, 'fr', 'help_search', 1),
('when', 3, 'en', 'help_search', 1),
('when', 3, 'fr', 'help_search', 1),
('when', 5, 'en', 'node_search', 1.70178),
('when', 7, 'en', 'help_search', 3),
('when', 7, 'en', 'node_search', 1.9689),
('when', 7, 'fr', 'help_search', 3),
('when', 12, 'en', 'help_search', 1.98902),
('when', 12, 'fr', 'help_search', 1.98902),
('when', 13, 'en', 'help_search', 2),
('when', 13, 'fr', 'help_search', 2),
('when', 16, 'en', 'help_search', 1.6112),
('when', 16, 'fr', 'help_search', 1.6112),
('when', 17, 'en', 'help_search', 5.92719),
('when', 17, 'fr', 'help_search', 5.92719),
('when', 18, 'en', 'help_search', 1),
('when', 18, 'fr', 'help_search', 1),
('when', 20, 'en', 'help_search', 1),
('when', 20, 'fr', 'help_search', 1),
('when', 21, 'en', 'help_search', 3),
('when', 21, 'fr', 'help_search', 3),
('when', 23, 'en', 'help_search', 1),
('when', 23, 'fr', 'help_search', 1),
('when', 25, 'en', 'help_search', 2.9496),
('when', 25, 'fr', 'help_search', 2.9496),
('when', 27, 'en', 'help_search', 1),
('when', 27, 'fr', 'help_search', 1),
('when', 31, 'en', 'help_search', 1.8861),
('when', 31, 'fr', 'help_search', 1.88282),
('when', 33, 'en', 'help_search', 3),
('when', 33, 'en', 'node_search', 2.43689),
('when', 33, 'fr', 'help_search', 3),
('when', 34, 'en', 'node_search', 0.957226),
('when', 36, 'en', 'help_search', 4),
('when', 36, 'fr', 'help_search', 4),
('when', 38, 'en', 'help_search', 1),
('when', 38, 'fr', 'help_search', 1),
('when', 39, 'en', 'help_search', 6),
('when', 39, 'fr', 'help_search', 6),
('when', 41, 'en', 'help_search', 2),
('when', 41, 'fr', 'help_search', 2),
('when', 47, 'en', 'help_search', 3),
('when', 47, 'fr', 'help_search', 3),
('when', 55, 'en', 'help_search', 1),
('when', 55, 'fr', 'help_search', 1),
('when', 56, 'en', 'help_search', 1),
('when', 56, 'fr', 'help_search', 1),
('when', 57, 'en', 'help_search', 1),
('when', 57, 'fr', 'help_search', 1),
('when', 58, 'en', 'help_search', 1),
('when', 58, 'fr', 'help_search', 1),
('when', 60, 'en', 'help_search', 1),
('when', 60, 'fr', 'help_search', 1),
('when', 62, 'en', 'help_search', 3),
('when', 62, 'fr', 'help_search', 3),
('when', 66, 'en', 'help_search', 1),
('when', 66, 'fr', 'help_search', 1),
('when', 71, 'en', 'help_search', 1),
('when', 71, 'fr', 'help_search', 1),
('when', 73, 'en', 'help_search', 2),
('when', 73, 'fr', 'help_search', 2),
('when', 74, 'en', 'help_search', 1),
('when', 74, 'fr', 'help_search', 1),
('when', 75, 'en', 'help_search', 2),
('when', 75, 'fr', 'help_search', 2),
('when', 85, 'en', 'help_search', 1),
('when', 85, 'fr', 'help_search', 1),
('when', 90, 'en', 'help_search', 3),
('when', 90, 'fr', 'help_search', 3),
('when', 94, 'en', 'help_search', 1),
('when', 94, 'fr', 'help_search', 1),
('when', 97, 'en', 'help_search', 2.80545),
('when', 97, 'fr', 'help_search', 2.80545),
('when', 99, 'en', 'help_search', 0.833529),
('when', 99, 'fr', 'help_search', 0.833529),
('when', 102, 'en', 'help_search', 2),
('when', 102, 'fr', 'help_search', 2),
('whenever', 27, 'en', 'help_search', 1),
('whenever', 27, 'fr', 'help_search', 1),
('where', 2, 'en', 'help_search', 2),
('where', 2, 'fr', 'help_search', 2),
('where', 4, 'en', 'help_search', 1),
('where', 4, 'fr', 'help_search', 1),
('where', 5, 'en', 'node_search', 0.945829),
('where', 16, 'en', 'help_search', 0.813674),
('where', 16, 'fr', 'help_search', 0.813674),
('where', 21, 'en', 'help_search', 19),
('where', 21, 'fr', 'help_search', 19),
('where', 24, 'en', 'help_search', 1),
('where', 24, 'fr', 'help_search', 1),
('where', 29, 'en', 'help_search', 1),
('where', 29, 'fr', 'help_search', 1),
('where', 33, 'en', 'node_search', 2.75995),
('where', 47, 'en', 'help_search', 1),
('where', 47, 'fr', 'help_search', 1),
('where', 51, 'en', 'help_search', 1),
('where', 51, 'fr', 'help_search', 1),
('where', 74, 'en', 'help_search', 1),
('where', 74, 'fr', 'help_search', 1),
('whether', 5, 'en', 'node_search', 0.949597),
('whether', 16, 'en', 'help_search', 1),
('whether', 16, 'fr', 'help_search', 1),
('whether', 49, 'en', 'help_search', 3.95793),
('whether', 49, 'fr', 'help_search', 3.95793),
('whether', 74, 'en', 'help_search', 2),
('whether', 74, 'fr', 'help_search', 2),
('which', 3, 'en', 'help_search', 1),
('which', 3, 'fr', 'help_search', 1),
('which', 5, 'en', 'node_search', 1),
('which', 6, 'en', 'help_search', 1),
('which', 6, 'fr', 'help_search', 1),
('which', 7, 'en', 'help_search', 2),
('which', 7, 'en', 'node_search', 2),
('which', 7, 'fr', 'help_search', 2),
('which', 12, 'en', 'help_search', 2),
('which', 12, 'fr', 'help_search', 2),
('which', 13, 'en', 'help_search', 1.78178),
('which', 13, 'fr', 'help_search', 1.78178),
('which', 16, 'en', 'help_search', 5.65326),
('which', 16, 'fr', 'help_search', 5.65326),
('which', 17, 'en', 'help_search', 2.64632),
('which', 17, 'fr', 'help_search', 2.64632),
('which', 19, 'en', 'help_search', 1),
('which', 19, 'fr', 'help_search', 1),
('which', 21, 'en', 'help_search', 1),
('which', 21, 'fr', 'help_search', 1),
('which', 22, 'en', 'help_search', 3),
('which', 22, 'fr', 'help_search', 3),
('which', 24, 'en', 'help_search', 1),
('which', 24, 'fr', 'help_search', 1),
('which', 25, 'en', 'help_search', 1),
('which', 25, 'fr', 'help_search', 1),
('which', 27, 'en', 'node_search', 0.511433),
('which', 27, 'fr', 'node_search', 0.510357),
('which', 29, 'en', 'help_search', 1),
('which', 29, 'fr', 'help_search', 1),
('which', 30, 'en', 'node_search', 1),
('which', 30, 'fr', 'node_search', 1),
('which', 31, 'en', 'help_search', 1.9689),
('which', 31, 'fr', 'help_search', 1.96498),
('which', 32, 'en', 'node_search', 1),
('which', 33, 'en', 'help_search', 1),
('which', 33, 'fr', 'help_search', 1),
('which', 35, 'en', 'help_search', 1),
('which', 35, 'fr', 'help_search', 1),
('which', 38, 'en', 'help_search', 1),
('which', 38, 'fr', 'help_search', 1),
('which', 42, 'en', 'help_search', 1),
('which', 42, 'fr', 'help_search', 1),
('which', 44, 'en', 'help_search', 1),
('which', 44, 'fr', 'help_search', 1),
('which', 51, 'en', 'help_search', 2),
('which', 51, 'fr', 'help_search', 2),
('which', 52, 'en', 'help_search', 1),
('which', 52, 'fr', 'help_search', 1),
('which', 53, 'en', 'help_search', 1),
('which', 53, 'fr', 'help_search', 1),
('which', 54, 'en', 'help_search', 1),
('which', 54, 'fr', 'help_search', 1),
('which', 56, 'en', 'help_search', 1),
('which', 56, 'fr', 'help_search', 1),
('which', 58, 'en', 'help_search', 2),
('which', 58, 'fr', 'help_search', 2),
('which', 59, 'en', 'help_search', 1),
('which', 59, 'fr', 'help_search', 1),
('which', 61, 'en', 'help_search', 3),
('which', 61, 'fr', 'help_search', 3),
('which', 62, 'en', 'help_search', 1),
('which', 62, 'fr', 'help_search', 1),
('which', 64, 'en', 'help_search', 1),
('which', 64, 'fr', 'help_search', 1),
('which', 66, 'en', 'help_search', 1),
('which', 66, 'fr', 'help_search', 1),
('which', 67, 'en', 'help_search', 2),
('which', 67, 'fr', 'help_search', 2),
('which', 68, 'en', 'help_search', 3),
('which', 68, 'fr', 'help_search', 3),
('which', 71, 'en', 'help_search', 2),
('which', 71, 'fr', 'help_search', 2),
('which', 72, 'en', 'help_search', 1),
('which', 72, 'fr', 'help_search', 1),
('which', 73, 'en', 'help_search', 1),
('which', 73, 'fr', 'help_search', 1),
('which', 74, 'en', 'help_search', 3.85439),
('which', 74, 'fr', 'help_search', 3.85439),
('which', 77, 'en', 'help_search', 1),
('which', 77, 'fr', 'help_search', 1),
('which', 78, 'en', 'help_search', 1),
('which', 78, 'fr', 'help_search', 1),
('which', 86, 'en', 'help_search', 3),
('which', 86, 'fr', 'help_search', 3),
('which', 93, 'en', 'help_search', 2),
('which', 93, 'fr', 'help_search', 2),
('which', 94, 'en', 'help_search', 3),
('which', 94, 'fr', 'help_search', 3),
('which', 97, 'en', 'help_search', 4),
('which', 97, 'fr', 'help_search', 4),
('which', 99, 'en', 'help_search', 1),
('which', 99, 'fr', 'help_search', 1),
('which', 101, 'en', 'help_search', 1),
('which', 101, 'fr', 'help_search', 1),
('which', 102, 'en', 'help_search', 1),
('which', 102, 'fr', 'help_search', 1),
('while', 14, 'en', 'help_search', 1),
('while', 14, 'fr', 'help_search', 1),
('while', 16, 'en', 'help_search', 2.22095),
('while', 16, 'fr', 'help_search', 2.22095),
('while', 32, 'en', 'help_search', 1),
('while', 32, 'fr', 'help_search', 1),
('while', 54, 'en', 'help_search', 1),
('while', 54, 'fr', 'help_search', 1),
('while', 73, 'en', 'help_search', 1),
('while', 73, 'fr', 'help_search', 1),
('white', 27, 'en', 'node_search', 0.399972),
('white', 27, 'fr', 'node_search', 0.399321),
('white', 30, 'en', 'node_search', 0.771698),
('white', 30, 'fr', 'node_search', 0.771698),
('white', 41, 'en', 'help_search', 4),
('white', 41, 'fr', 'help_search', 4),
('whitehorse', 27, 'en', 'node_search', 1.17568),
('whitehorse', 27, 'fr', 'node_search', 1.1738),
('whitehorse', 30, 'en', 'node_search', 2.22445),
('whitehorse', 30, 'fr', 'node_search', 2.22445),
('who', 1, 'en', 'help_search', 19),
('who', 1, 'en', 'node_search', 2),
('who', 1, 'fr', 'help_search', 19),
('who', 5, 'en', 'node_search', 2),
('who', 7, 'en', 'node_search', 19.9347),
('who', 13, 'en', 'help_search', 1),
('who', 13, 'fr', 'help_search', 1),
('who', 20, 'en', 'node_search', 21),
('who', 25, 'en', 'help_search', 1),
('who', 25, 'fr', 'help_search', 1),
('who', 26, 'en', 'help_search', 19),
('who', 26, 'fr', 'help_search', 19),
('who', 27, 'en', 'node_search', 1.44344),
('who', 27, 'fr', 'node_search', 1.44263),
('who', 30, 'en', 'node_search', 0.976851),
('who', 30, 'fr', 'node_search', 0.976851),
('who', 32, 'en', 'node_search', 1),
('who', 33, 'en', 'node_search', 0.749958),
('who', 34, 'en', 'node_search', 3),
('who', 39, 'en', 'help_search', 1),
('who', 39, 'fr', 'help_search', 1),
('who', 44, 'en', 'help_search', 3),
('who', 44, 'fr', 'help_search', 3),
('who', 49, 'en', 'help_search', 19),
('who', 49, 'fr', 'help_search', 19),
('who', 50, 'en', 'help_search', 19),
('who', 50, 'fr', 'help_search', 19),
('who', 52, 'en', 'help_search', 19),
('who', 52, 'fr', 'help_search', 19),
('who', 53, 'en', 'help_search', 19),
('who', 53, 'fr', 'help_search', 19),
('who', 64, 'en', 'help_search', 19),
('who', 64, 'fr', 'help_search', 19),
('who', 65, 'en', 'help_search', 19),
('who', 65, 'fr', 'help_search', 19),
('who', 66, 'en', 'help_search', 19),
('who', 66, 'fr', 'help_search', 19),
('who', 69, 'en', 'help_search', 19),
('who', 69, 'fr', 'help_search', 19),
('who', 70, 'en', 'help_search', 19),
('who', 70, 'fr', 'help_search', 19),
('who', 72, 'en', 'help_search', 19),
('who', 72, 'fr', 'help_search', 19),
('who', 74, 'en', 'help_search', 0.879565),
('who', 74, 'fr', 'help_search', 0.879565),
('who', 77, 'en', 'help_search', 20),
('who', 77, 'fr', 'help_search', 19.9973),
('who', 97, 'en', 'help_search', 19),
('who', 97, 'fr', 'help_search', 19),
('who', 98, 'en', 'help_search', 19),
('who', 98, 'fr', 'help_search', 19),
('whole', 34, 'en', 'node_search', 1),
('whole', 90, 'en', 'help_search', 1),
('whole', 90, 'fr', 'help_search', 1),
('whose', 3, 'en', 'help_search', 1),
('whose', 3, 'fr', 'help_search', 1),
('whose', 34, 'en', 'node_search', 1),
('whose', 68, 'en', 'help_search', 1),
('whose', 68, 'fr', 'help_search', 1),
('whose', 75, 'en', 'help_search', 1),
('whose', 75, 'fr', 'help_search', 1),
('whose', 94, 'en', 'help_search', 1),
('whose', 94, 'fr', 'help_search', 1),
('why', 7, 'en', 'node_search', 18.1873),
('why', 37, 'en', 'help_search', 1),
('why', 37, 'fr', 'help_search', 1),
('widelyused', 12, 'en', 'help_search', 1),
('widelyused', 12, 'fr', 'help_search', 1),
('widget', 16, 'en', 'help_search', 17.5931),
('widget', 16, 'fr', 'help_search', 17.5931),
('widget', 19, 'en', 'help_search', 4),
('widget', 19, 'fr', 'help_search', 4),
('widget', 55, 'en', 'help_search', 7),
('widget', 55, 'fr', 'help_search', 7),
('widgets', 55, 'en', 'help_search', 5),
('widgets', 55, 'fr', 'help_search', 5),
('width', 7, 'en', 'help_search', 30),
('width', 7, 'fr', 'help_search', 30),
('width', 19, 'en', 'help_search', 1),
('width', 19, 'fr', 'help_search', 1),
('width', 59, 'en', 'help_search', 4),
('width', 59, 'fr', 'help_search', 4),
('width', 99, 'en', 'help_search', 0.942091),
('width', 99, 'fr', 'help_search', 0.942091),
('width', 102, 'en', 'help_search', 1),
('width', 102, 'fr', 'help_search', 1),
('widths', 7, 'en', 'help_search', 2),
('widths', 7, 'fr', 'help_search', 2),
('will', 1, 'en', 'help_search', 1),
('will', 1, 'fr', 'help_search', 1),
('will', 2, 'en', 'help_search', 1),
('will', 2, 'fr', 'help_search', 1),
('will', 4, 'en', 'help_search', 2),
('will', 4, 'fr', 'help_search', 2),
('will', 5, 'en', 'help_search', 1),
('will', 5, 'en', 'node_search', 4.41586),
('will', 5, 'fr', 'help_search', 1),
('will', 7, 'en', 'help_search', 1),
('will', 7, 'en', 'node_search', 0.808176),
('will', 7, 'fr', 'help_search', 1),
('will', 9, 'en', 'help_search', 2),
('will', 9, 'fr', 'help_search', 2),
('will', 12, 'en', 'help_search', 2.68852),
('will', 12, 'fr', 'help_search', 2.68852),
('will', 13, 'en', 'help_search', 1.72016),
('will', 13, 'fr', 'help_search', 1.72016),
('will', 15, 'en', 'node_search', 1),
('will', 16, 'en', 'help_search', 0.585658),
('will', 16, 'fr', 'help_search', 0.584241),
('will', 17, 'en', 'help_search', 1.67852),
('will', 17, 'fr', 'help_search', 1.67852),
('will', 20, 'en', 'node_search', 2),
('will', 21, 'en', 'help_search', 2.96109),
('will', 21, 'fr', 'help_search', 2.95723),
('will', 22, 'en', 'help_search', 1),
('will', 22, 'fr', 'help_search', 1),
('will', 23, 'en', 'help_search', 1),
('will', 23, 'fr', 'help_search', 1),
('will', 24, 'en', 'help_search', 2),
('will', 24, 'fr', 'help_search', 2),
('will', 25, 'en', 'help_search', 1.86679),
('will', 25, 'fr', 'help_search', 1.86679),
('will', 26, 'en', 'help_search', 2),
('will', 26, 'en', 'node_search', 1),
('will', 26, 'fr', 'help_search', 2),
('will', 26, 'fr', 'node_search', 1),
('will', 27, 'en', 'node_search', 0.329489),
('will', 27, 'fr', 'node_search', 0.329052),
('will', 30, 'en', 'node_search', 0.542319),
('will', 30, 'fr', 'node_search', 0.542319),
('will', 31, 'en', 'help_search', 5.57006),
('will', 31, 'fr', 'help_search', 5.56087),
('will', 32, 'en', 'help_search', 2),
('will', 32, 'en', 'node_search', 2.79143),
('will', 32, 'fr', 'help_search', 2),
('will', 33, 'en', 'help_search', 3),
('will', 33, 'en', 'node_search', 6.81742),
('will', 33, 'fr', 'help_search', 3),
('will', 34, 'en', 'node_search', 2),
('will', 35, 'en', 'help_search', 1),
('will', 35, 'fr', 'help_search', 1),
('will', 36, 'en', 'help_search', 1),
('will', 36, 'fr', 'help_search', 1),
('will', 39, 'en', 'help_search', 5),
('will', 39, 'fr', 'help_search', 5),
('will', 41, 'en', 'help_search', 1),
('will', 41, 'fr', 'help_search', 1),
('will', 44, 'en', 'help_search', 1),
('will', 44, 'fr', 'help_search', 1),
('will', 48, 'en', 'help_search', 1),
('will', 48, 'fr', 'help_search', 1),
('will', 49, 'en', 'help_search', 1.98087),
('will', 49, 'fr', 'help_search', 1.98087),
('will', 50, 'en', 'help_search', 3),
('will', 50, 'fr', 'help_search', 3),
('will', 52, 'en', 'help_search', 1),
('will', 52, 'fr', 'help_search', 1),
('will', 53, 'en', 'help_search', 2),
('will', 53, 'fr', 'help_search', 2),
('will', 54, 'en', 'help_search', 2),
('will', 54, 'fr', 'help_search', 2),
('will', 56, 'en', 'help_search', 2),
('will', 56, 'fr', 'help_search', 2),
('will', 57, 'en', 'help_search', 1),
('will', 57, 'fr', 'help_search', 1),
('will', 60, 'en', 'help_search', 1),
('will', 60, 'fr', 'help_search', 1),
('will', 61, 'en', 'help_search', 1),
('will', 61, 'fr', 'help_search', 1),
('will', 62, 'en', 'help_search', 3),
('will', 62, 'fr', 'help_search', 3),
('will', 64, 'en', 'help_search', 4),
('will', 64, 'fr', 'help_search', 4),
('will', 66, 'en', 'help_search', 2),
('will', 66, 'fr', 'help_search', 2),
('will', 68, 'en', 'help_search', 1),
('will', 68, 'fr', 'help_search', 1),
('will', 69, 'en', 'help_search', 2),
('will', 69, 'fr', 'help_search', 2),
('will', 70, 'en', 'help_search', 1),
('will', 70, 'fr', 'help_search', 1),
('will', 71, 'en', 'help_search', 1),
('will', 71, 'fr', 'help_search', 1),
('will', 72, 'en', 'help_search', 6),
('will', 72, 'fr', 'help_search', 6),
('will', 73, 'en', 'help_search', 0.989021),
('will', 73, 'fr', 'help_search', 0.989021),
('will', 74, 'en', 'help_search', 1),
('will', 74, 'fr', 'help_search', 1),
('will', 76, 'en', 'help_search', 3),
('will', 76, 'fr', 'help_search', 3),
('will', 77, 'en', 'help_search', 4.98224),
('will', 77, 'fr', 'help_search', 4.97402),
('will', 78, 'en', 'help_search', 2),
('will', 78, 'fr', 'help_search', 2),
('will', 86, 'en', 'help_search', 2),
('will', 86, 'fr', 'help_search', 2),
('will', 90, 'en', 'help_search', 2),
('will', 90, 'fr', 'help_search', 2),
('will', 92, 'en', 'help_search', 1),
('will', 92, 'fr', 'help_search', 1),
('will', 93, 'en', 'help_search', 1),
('will', 93, 'fr', 'help_search', 1),
('will', 94, 'en', 'help_search', 1),
('will', 94, 'fr', 'help_search', 1),
('will', 95, 'en', 'help_search', 1),
('will', 95, 'fr', 'help_search', 1),
('will', 97, 'en', 'help_search', 2.92743),
('will', 97, 'fr', 'help_search', 2.92743),
('will', 99, 'en', 'help_search', 7.53562),
('will', 99, 'fr', 'help_search', 7.53562),
('will', 100, 'en', 'help_search', 1),
('will', 100, 'fr', 'help_search', 1),
('will', 103, 'en', 'help_search', 2),
('will', 103, 'fr', 'help_search', 2),
('wish', 31, 'en', 'help_search', 0.816452),
('wish', 31, 'fr', 'help_search', 0.813674),
('wish', 55, 'en', 'help_search', 1),
('wish', 55, 'fr', 'help_search', 1),
('wish', 57, 'en', 'help_search', 1),
('wish', 57, 'fr', 'help_search', 1),
('with', 1, 'en', 'help_search', 1),
('with', 1, 'fr', 'help_search', 1),
('with', 5, 'en', 'node_search', 17.5529),
('with', 6, 'en', 'node_search', 1),
('with', 7, 'en', 'help_search', 12.363),
('with', 7, 'en', 'node_search', 2.91323),
('with', 7, 'fr', 'help_search', 12.363),
('with', 13, 'en', 'help_search', 1),
('with', 13, 'fr', 'help_search', 1),
('with', 16, 'en', 'help_search', 8.78501),
('with', 16, 'fr', 'help_search', 8.7836),
('with', 17, 'en', 'help_search', 0.757065),
('with', 17, 'fr', 'help_search', 0.757065),
('with', 18, 'en', 'help_search', 1),
('with', 18, 'fr', 'help_search', 1),
('with', 19, 'en', 'help_search', 2),
('with', 19, 'fr', 'help_search', 2),
('with', 20, 'en', 'help_search', 3),
('with', 20, 'en', 'node_search', 1.87313),
('with', 20, 'fr', 'help_search', 3),
('with', 21, 'en', 'help_search', 26.9729),
('with', 21, 'fr', 'help_search', 26.9689),
('with', 22, 'en', 'help_search', 2),
('with', 22, 'fr', 'help_search', 2),
('with', 23, 'en', 'help_search', 1),
('with', 23, 'fr', 'help_search', 1),
('with', 25, 'en', 'help_search', 1.88882),
('with', 25, 'fr', 'help_search', 1.88882),
('with', 26, 'en', 'help_search', 1),
('with', 26, 'fr', 'help_search', 1),
('with', 28, 'en', 'help_search', 1),
('with', 28, 'fr', 'help_search', 1),
('with', 29, 'en', 'help_search', 1),
('with', 29, 'fr', 'help_search', 1),
('with', 30, 'en', 'help_search', 45),
('with', 30, 'fr', 'help_search', 45),
('with', 31, 'en', 'help_search', 3.83051),
('with', 31, 'fr', 'help_search', 3.82351),
('with', 32, 'en', 'node_search', 1.97685),
('with', 33, 'en', 'help_search', 1),
('with', 33, 'en', 'node_search', 18.9996),
('with', 33, 'fr', 'help_search', 1),
('with', 34, 'en', 'node_search', 4),
('with', 37, 'en', 'help_search', 2),
('with', 37, 'fr', 'help_search', 2),
('with', 38, 'en', 'help_search', 1),
('with', 38, 'fr', 'help_search', 1),
('with', 39, 'en', 'help_search', 1),
('with', 39, 'fr', 'help_search', 1),
('with', 43, 'en', 'help_search', 1),
('with', 43, 'fr', 'help_search', 1),
('with', 44, 'en', 'help_search', 1),
('with', 44, 'fr', 'help_search', 1),
('with', 47, 'en', 'help_search', 2),
('with', 47, 'fr', 'help_search', 2),
('with', 49, 'en', 'help_search', 2.97286),
('with', 49, 'fr', 'help_search', 2.97286),
('with', 51, 'en', 'help_search', 1),
('with', 51, 'fr', 'help_search', 1),
('with', 52, 'en', 'help_search', 1),
('with', 52, 'fr', 'help_search', 1),
('with', 53, 'en', 'help_search', 1),
('with', 53, 'fr', 'help_search', 1),
('with', 54, 'en', 'help_search', 3),
('with', 54, 'fr', 'help_search', 3),
('with', 56, 'en', 'help_search', 1),
('with', 56, 'fr', 'help_search', 1),
('with', 58, 'en', 'help_search', 1),
('with', 58, 'fr', 'help_search', 1),
('with', 64, 'en', 'help_search', 1),
('with', 64, 'fr', 'help_search', 1),
('with', 65, 'en', 'help_search', 2),
('with', 65, 'fr', 'help_search', 2),
('with', 66, 'en', 'help_search', 2),
('with', 66, 'fr', 'help_search', 2),
('with', 68, 'en', 'help_search', 1),
('with', 68, 'fr', 'help_search', 1),
('with', 69, 'en', 'help_search', 1),
('with', 69, 'fr', 'help_search', 1),
('with', 70, 'en', 'help_search', 3),
('with', 70, 'fr', 'help_search', 3),
('with', 71, 'en', 'help_search', 1),
('with', 71, 'fr', 'help_search', 1),
('with', 72, 'en', 'help_search', 1),
('with', 72, 'fr', 'help_search', 1),
('with', 73, 'en', 'help_search', 1.9381),
('with', 73, 'fr', 'help_search', 1.9381),
('with', 74, 'en', 'help_search', 10.3981),
('with', 74, 'fr', 'help_search', 10.3981),
('with', 75, 'en', 'help_search', 10.6148),
('with', 75, 'fr', 'help_search', 10.572),
('with', 77, 'en', 'help_search', 3),
('with', 77, 'fr', 'help_search', 3),
('with', 90, 'en', 'help_search', 1),
('with', 90, 'fr', 'help_search', 1),
('with', 92, 'en', 'help_search', 1),
('with', 92, 'fr', 'help_search', 1),
('with', 94, 'en', 'help_search', 1),
('with', 94, 'fr', 'help_search', 1),
('with', 97, 'en', 'help_search', 3),
('with', 97, 'fr', 'help_search', 3),
('with', 98, 'en', 'help_search', 1),
('with', 98, 'fr', 'help_search', 1),
('with', 99, 'en', 'help_search', 4.64564),
('with', 99, 'fr', 'help_search', 4.64564),
('with', 100, 'en', 'help_search', 1),
('with', 100, 'fr', 'help_search', 1),
('with', 101, 'en', 'help_search', 2),
('with', 101, 'fr', 'help_search', 2),
('with', 103, 'en', 'help_search', 1),
('with', 103, 'fr', 'help_search', 1),
('within', 1, 'en', 'node_search', 2),
('within', 2, 'en', 'help_search', 1),
('within', 2, 'fr', 'help_search', 1),
('within', 12, 'en', 'help_search', 0.896076),
('within', 12, 'fr', 'help_search', 0.896076),
('within', 13, 'en', 'help_search', 0.997306),
('within', 13, 'fr', 'help_search', 0.997306),
('within', 16, 'en', 'help_search', 2),
('within', 16, 'fr', 'help_search', 2),
('within', 17, 'en', 'help_search', 1),
('within', 17, 'fr', 'help_search', 1),
('within', 20, 'en', 'node_search', 0.972861),
('within', 21, 'en', 'help_search', 1),
('within', 21, 'fr', 'help_search', 1),
('within', 27, 'en', 'node_search', 0.333475),
('within', 27, 'fr', 'node_search', 0.333027),
('within', 30, 'en', 'node_search', 0.550958),
('within', 30, 'fr', 'node_search', 0.550958),
('within', 32, 'en', 'node_search', 3),
('within', 33, 'en', 'node_search', 0.718502),
('within', 99, 'en', 'help_search', 0.842342),
('within', 99, 'fr', 'help_search', 0.842342),
('without', 47, 'en', 'help_search', 1),
('without', 47, 'fr', 'help_search', 1),
('without', 54, 'en', 'help_search', 2),
('without', 54, 'fr', 'help_search', 2),
('without', 62, 'en', 'help_search', 1),
('without', 62, 'fr', 'help_search', 1),
('without', 94, 'en', 'help_search', 1),
('without', 94, 'fr', 'help_search', 1),
('women', 27, 'en', 'node_search', 2.18388),
('women', 27, 'fr', 'node_search', 2.18066),
('women', 30, 'en', 'node_search', 3.89509),
('women', 30, 'fr', 'node_search', 3.89509),
('word', 31, 'en', 'help_search', 0.96498),
('word', 31, 'fr', 'help_search', 0.961087),
('word', 33, 'en', 'help_search', 4),
('word', 33, 'fr', 'help_search', 4),
('word', 37, 'en', 'help_search', 1),
('word', 37, 'fr', 'help_search', 1),
('word', 38, 'en', 'help_search', 1),
('word', 38, 'fr', 'help_search', 1),
('word', 65, 'en', 'help_search', 1),
('word', 65, 'fr', 'help_search', 1),
('words', 31, 'en', 'help_search', 0.945829),
('words', 31, 'fr', 'help_search', 0.942091),
('words', 33, 'en', 'help_search', 2),
('words', 33, 'fr', 'help_search', 2),
('work', 51, 'en', 'help_search', 1),
('work', 51, 'fr', 'help_search', 1),
('work', 65, 'en', 'help_search', 0.976851),
('work', 65, 'fr', 'help_search', 0.972861),
('work', 77, 'en', 'help_search', 1),
('work', 77, 'fr', 'help_search', 1),
('worker', 27, 'en', 'node_search', 0.752225),
('worker', 27, 'fr', 'node_search', 0.751078),
('worker', 30, 'en', 'node_search', 1.37532),
('worker', 30, 'fr', 'node_search', 1.37532),
('workers', 27, 'en', 'node_search', 0.374963),
('workers', 27, 'fr', 'node_search', 0.374394),
('workers', 30, 'en', 'node_search', 0.683725),
('workers', 30, 'fr', 'node_search', 0.683725),
('workflow', 17, 'en', 'help_search', 7.45733),
('workflow', 17, 'fr', 'help_search', 7.45733),
('workflow', 51, 'en', 'help_search', 1),
('workflow', 51, 'fr', 'help_search', 1),
('workflow', 97, 'en', 'help_search', 53.3459),
('workflow', 97, 'fr', 'help_search', 53.3459),
('workflow', 98, 'en', 'help_search', 48),
('workflow', 98, 'fr', 'help_search', 48),
('workflow', 101, 'en', 'help_search', 25),
('workflow', 101, 'fr', 'help_search', 25),
('workflows', 97, 'en', 'help_search', 44),
('workflows', 97, 'fr', 'help_search', 44),
('workflows', 98, 'en', 'help_search', 2),
('workflows', 98, 'fr', 'help_search', 2),
('workflows', 101, 'en', 'help_search', 50),
('workflows', 101, 'fr', 'help_search', 50),
('working', 7, 'en', 'help_search', 10.4041),
('working', 7, 'fr', 'help_search', 10.4041),
('working', 17, 'en', 'help_search', 1),
('working', 17, 'fr', 'help_search', 1),
('working', 21, 'en', 'help_search', 26),
('working', 21, 'fr', 'help_search', 26),
('working', 30, 'en', 'help_search', 45),
('working', 30, 'fr', 'help_search', 45),
('working', 101, 'en', 'help_search', 1),
('working', 101, 'fr', 'help_search', 1),
('works', 27, 'en', 'node_search', 1.83406),
('works', 27, 'fr', 'node_search', 1.83133),
('works', 30, 'en', 'node_search', 3.29154),
('works', 30, 'fr', 'node_search', 3.29154),
('would', 1, 'en', 'node_search', 1),
('would', 7, 'en', 'help_search', 1),
('would', 7, 'en', 'node_search', 1),
('would', 7, 'fr', 'help_search', 1),
('would', 15, 'en', 'help_search', 1),
('would', 15, 'fr', 'help_search', 1),
('would', 26, 'en', 'help_search', 1),
('would', 26, 'fr', 'help_search', 1),
('would', 31, 'en', 'help_search', 0.957226),
('would', 31, 'fr', 'help_search', 0.953396),
('would', 36, 'en', 'help_search', 1),
('would', 36, 'fr', 'help_search', 1),
('would', 38, 'en', 'help_search', 2),
('would', 38, 'fr', 'help_search', 2),
('would', 41, 'en', 'help_search', 0.972861),
('would', 41, 'fr', 'help_search', 0.972861),
('would', 49, 'en', 'help_search', 1),
('would', 49, 'fr', 'help_search', 1),
('would', 54, 'en', 'help_search', 3),
('would', 54, 'fr', 'help_search', 3),
('would', 65, 'en', 'help_search', 1),
('would', 65, 'fr', 'help_search', 1),
('would', 66, 'en', 'help_search', 1),
('would', 66, 'fr', 'help_search', 1),
('would', 68, 'en', 'help_search', 1),
('would', 68, 'fr', 'help_search', 1),
('would', 69, 'en', 'help_search', 1),
('would', 69, 'fr', 'help_search', 1),
('would', 77, 'en', 'help_search', 1),
('would', 77, 'fr', 'help_search', 1),
('would', 90, 'en', 'help_search', 1),
('would', 90, 'fr', 'help_search', 1),
('wraps', 29, 'en', 'help_search', 1),
('wraps', 29, 'fr', 'help_search', 1),
('write', 17, 'en', 'help_search', 0.707906),
('write', 17, 'fr', 'help_search', 0.707906),
('write', 103, 'en', 'help_search', 1),
('write', 103, 'fr', 'help_search', 1),
('writing', 21, 'en', 'help_search', 1),
('writing', 21, 'fr', 'help_search', 1),
('written', 7, 'en', 'help_search', 1),
('written', 7, 'fr', 'help_search', 1),
('written', 19, 'en', 'node_search', 1),
('written', 30, 'en', 'help_search', 1),
('written', 30, 'fr', 'help_search', 1),
('wwwexamplecom', 68, 'en', 'help_search', 4),
('wwwexamplecom', 68, 'fr', 'help_search', 4),
('wysiwyg', 12, 'en', 'help_search', 4),
('wysiwyg', 12, 'fr', 'help_search', 4),
('xml', 28, 'en', 'help_search', 1),
('xml', 28, 'fr', 'help_search', 1),
('yaml', 7, 'en', 'help_search', 0.968904),
('yaml', 7, 'fr', 'help_search', 0.968904),
('yaml', 8, 'en', 'help_search', 1),
('yaml', 8, 'fr', 'help_search', 1),
('yaml', 11, 'en', 'help_search', 1),
('yaml', 11, 'fr', 'help_search', 1),
('yaml', 17, 'en', 'help_search', 3.56669),
('yaml', 17, 'fr', 'help_search', 3.56669),
('yaml', 21, 'en', 'help_search', 1),
('yaml', 21, 'fr', 'help_search', 1),
('yamlformat', 11, 'en', 'help_search', 1),
('yamlformat', 11, 'fr', 'help_search', 1),
('year', 20, 'en', 'node_search', 0.942091),
('year', 27, 'en', 'node_search', 0.332581),
('year', 27, 'fr', 'node_search', 0.332135),
('year', 30, 'en', 'node_search', 2.07775),
('year', 30, 'fr', 'node_search', 2.07775),
('year', 32, 'en', 'node_search', 3),
('year', 33, 'en', 'node_search', 0.716357),
('year', 34, 'en', 'node_search', 2),
('yemen', 27, 'en', 'node_search', 0.529288),
('yemen', 27, 'fr', 'node_search', 0.528135),
('yes', 27, 'en', 'node_search', 0.660752),
('yes', 27, 'fr', 'node_search', 0.659873),
('yes', 30, 'en', 'node_search', 1.08836),
('yes', 30, 'fr', 'node_search', 1.08836),
('yet', 15, 'en', 'help_search', 1),
('yet', 15, 'fr', 'help_search', 1),
('yet', 52, 'en', 'help_search', 1),
('yet', 52, 'fr', 'help_search', 1),
('yml', 17, 'en', 'help_search', 0.993146),
('yml', 17, 'fr', 'help_search', 0.993146),
('you', 1, 'en', 'help_search', 2),
('you', 1, 'fr', 'help_search', 2),
('you', 2, 'en', 'help_search', 6),
('you', 2, 'fr', 'help_search', 6),
('you', 3, 'en', 'help_search', 4),
('you', 3, 'fr', 'help_search', 4),
('you', 4, 'en', 'help_search', 3),
('you', 4, 'fr', 'help_search', 3),
('you', 5, 'en', 'help_search', 1),
('you', 5, 'en', 'node_search', 6.98456),
('you', 5, 'fr', 'help_search', 1),
('you', 6, 'en', 'help_search', 2),
('you', 6, 'en', 'node_search', 2),
('you', 6, 'fr', 'help_search', 2),
('you', 7, 'en', 'help_search', 0.972861),
('you', 7, 'en', 'node_search', 1),
('you', 7, 'fr', 'help_search', 0.972861),
('you', 9, 'en', 'help_search', 2),
('you', 9, 'en', 'node_search', 1),
('you', 9, 'fr', 'help_search', 2),
('you', 10, 'en', 'help_search', 1),
('you', 10, 'fr', 'help_search', 1),
('you', 11, 'en', 'help_search', 2),
('you', 11, 'fr', 'help_search', 2),
('you', 12, 'en', 'help_search', 12.7711),
('you', 12, 'fr', 'help_search', 12.7711),
('you', 13, 'en', 'help_search', 4.18461),
('you', 13, 'fr', 'help_search', 4.18461),
('you', 15, 'en', 'help_search', 3),
('you', 15, 'en', 'node_search', 7),
('you', 15, 'fr', 'help_search', 3),
('you', 16, 'en', 'help_search', 6.57783),
('you', 16, 'fr', 'help_search', 6.57642),
('you', 18, 'en', 'help_search', 1),
('you', 18, 'fr', 'help_search', 1),
('you', 19, 'en', 'help_search', 1),
('you', 19, 'en', 'node_search', 2),
('you', 19, 'fr', 'help_search', 1),
('you', 20, 'en', 'help_search', 1),
('you', 20, 'en', 'node_search', 46.3119),
('you', 20, 'fr', 'help_search', 1),
('you', 21, 'en', 'help_search', 1.98902),
('you', 21, 'fr', 'help_search', 1.98493),
('you', 22, 'en', 'help_search', 3),
('you', 22, 'fr', 'help_search', 3),
('you', 23, 'en', 'help_search', 1),
('you', 23, 'fr', 'help_search', 1),
('you', 24, 'en', 'help_search', 10.9946),
('you', 24, 'fr', 'help_search', 10.9946),
('you', 25, 'en', 'help_search', 1.74636),
('you', 25, 'fr', 'help_search', 1.74636),
('you', 26, 'en', 'help_search', 5),
('you', 26, 'fr', 'help_search', 5),
('you', 27, 'en', 'help_search', 1),
('you', 27, 'en', 'node_search', 2.2926),
('you', 27, 'fr', 'help_search', 1),
('you', 27, 'fr', 'node_search', 2.29027),
('you', 29, 'en', 'help_search', 1.97685),
('you', 29, 'fr', 'help_search', 1.97685),
('you', 30, 'en', 'help_search', 5),
('you', 30, 'en', 'node_search', 2.54206),
('you', 30, 'fr', 'help_search', 5),
('you', 30, 'fr', 'node_search', 2.54206),
('you', 31, 'en', 'help_search', 6.3893),
('you', 31, 'fr', 'help_search', 6.37732),
('you', 32, 'en', 'help_search', 3),
('you', 32, 'en', 'node_search', 8.59914),
('you', 32, 'fr', 'help_search', 3),
('you', 33, 'en', 'help_search', 2.83423),
('you', 33, 'en', 'node_search', 25.2832),
('you', 33, 'fr', 'help_search', 2.83423),
('you', 34, 'en', 'help_search', 5),
('you', 34, 'en', 'node_search', 9),
('you', 34, 'fr', 'help_search', 5),
('you', 35, 'en', 'help_search', 5),
('you', 35, 'fr', 'help_search', 5),
('you', 36, 'en', 'help_search', 1),
('you', 36, 'fr', 'help_search', 1),
('you', 37, 'en', 'help_search', 8),
('you', 37, 'fr', 'help_search', 8),
('you', 38, 'en', 'help_search', 6),
('you', 38, 'en', 'node_search', 45),
('you', 38, 'fr', 'help_search', 6),
('you', 40, 'en', 'help_search', 1),
('you', 40, 'fr', 'help_search', 1),
('you', 41, 'en', 'help_search', 6.74314),
('you', 41, 'fr', 'help_search', 6.74314),
('you', 42, 'en', 'help_search', 7),
('you', 42, 'fr', 'help_search', 7),
('you', 44, 'en', 'help_search', 2),
('you', 44, 'fr', 'help_search', 2),
('you', 45, 'en', 'help_search', 1),
('you', 45, 'fr', 'help_search', 1),
('you', 46, 'en', 'help_search', 3),
('you', 46, 'fr', 'help_search', 3),
('you', 47, 'en', 'help_search', 7.96229),
('you', 47, 'fr', 'help_search', 7.96229),
('you', 48, 'en', 'help_search', 3),
('you', 48, 'fr', 'help_search', 3),
('you', 49, 'en', 'help_search', 6.91674),
('you', 49, 'fr', 'help_search', 6.91674),
('you', 50, 'en', 'help_search', 6),
('you', 50, 'fr', 'help_search', 6),
('you', 51, 'en', 'help_search', 3.8894),
('you', 51, 'fr', 'help_search', 3.8894),
('you', 52, 'en', 'help_search', 3),
('you', 52, 'fr', 'help_search', 3),
('you', 53, 'en', 'help_search', 2),
('you', 53, 'fr', 'help_search', 2),
('you', 54, 'en', 'help_search', 4.91448),
('you', 54, 'fr', 'help_search', 4.91448),
('you', 55, 'en', 'help_search', 4),
('you', 55, 'fr', 'help_search', 4),
('you', 56, 'en', 'help_search', 11),
('you', 56, 'fr', 'help_search', 11),
('you', 57, 'en', 'help_search', 6),
('you', 57, 'fr', 'help_search', 6),
('you', 58, 'en', 'help_search', 8),
('you', 58, 'fr', 'help_search', 8),
('you', 60, 'en', 'help_search', 2),
('you', 60, 'fr', 'help_search', 2),
('you', 61, 'en', 'help_search', 1),
('you', 61, 'fr', 'help_search', 1),
('you', 62, 'en', 'help_search', 3),
('you', 62, 'fr', 'help_search', 3),
('you', 63, 'en', 'help_search', 1),
('you', 63, 'fr', 'help_search', 1),
('you', 64, 'en', 'help_search', 5),
('you', 64, 'fr', 'help_search', 5),
('you', 65, 'en', 'help_search', 1),
('you', 65, 'fr', 'help_search', 1),
('you', 66, 'en', 'help_search', 3),
('you', 66, 'fr', 'help_search', 3),
('you', 67, 'en', 'help_search', 3),
('you', 67, 'fr', 'help_search', 3),
('you', 68, 'en', 'help_search', 5),
('you', 68, 'fr', 'help_search', 5),
('you', 69, 'en', 'help_search', 3),
('you', 69, 'fr', 'help_search', 3),
('you', 70, 'en', 'help_search', 2),
('you', 70, 'fr', 'help_search', 2),
('you', 71, 'en', 'help_search', 2),
('you', 71, 'fr', 'help_search', 2),
('you', 72, 'en', 'help_search', 10),
('you', 72, 'fr', 'help_search', 10),
('you', 73, 'en', 'help_search', 6.9394),
('you', 73, 'fr', 'help_search', 6.9394),
('you', 74, 'en', 'help_search', 8.4838),
('you', 74, 'fr', 'help_search', 8.4838),
('you', 75, 'en', 'help_search', 6.99731),
('you', 75, 'fr', 'help_search', 6.99315),
('you', 76, 'en', 'help_search', 5),
('you', 76, 'fr', 'help_search', 5),
('you', 77, 'en', 'help_search', 4),
('you', 77, 'fr', 'help_search', 4),
('you', 85, 'en', 'help_search', 2),
('you', 85, 'fr', 'help_search', 2),
('you', 86, 'en', 'help_search', 4),
('you', 86, 'fr', 'help_search', 4),
('you', 87, 'en', 'help_search', 1),
('you', 87, 'fr', 'help_search', 1),
('you', 88, 'en', 'help_search', 2),
('you', 88, 'fr', 'help_search', 2),
('you', 89, 'en', 'help_search', 1),
('you', 89, 'fr', 'help_search', 1),
('you', 90, 'en', 'help_search', 8),
('you', 90, 'fr', 'help_search', 8),
('you', 91, 'en', 'help_search', 3),
('you', 91, 'fr', 'help_search', 3),
('you', 92, 'en', 'help_search', 2),
('you', 92, 'fr', 'help_search', 2),
('you', 93, 'en', 'help_search', 1),
('you', 93, 'fr', 'help_search', 1),
('you', 94, 'en', 'help_search', 1),
('you', 94, 'fr', 'help_search', 1),
('you', 95, 'en', 'help_search', 4),
('you', 95, 'fr', 'help_search', 4),
('you', 96, 'en', 'help_search', 1),
('you', 96, 'fr', 'help_search', 1),
('you', 97, 'en', 'help_search', 12.0109),
('you', 97, 'fr', 'help_search', 12.0109),
('you', 98, 'en', 'help_search', 2),
('you', 98, 'fr', 'help_search', 2),
('you', 99, 'en', 'help_search', 13.2694),
('you', 99, 'fr', 'help_search', 13.2694),
('you', 100, 'en', 'help_search', 5),
('you', 100, 'fr', 'help_search', 5),
('you', 101, 'en', 'help_search', 4),
('you', 101, 'fr', 'help_search', 4),
('you', 102, 'en', 'help_search', 4),
('you', 102, 'fr', 'help_search', 4),
('you', 103, 'en', 'help_search', 5),
('you', 103, 'fr', 'help_search', 5),
('young', 27, 'en', 'node_search', 0.341283),
('young', 27, 'fr', 'node_search', 0.340813),
('young', 30, 'en', 'node_search', 0.577261),
('young', 30, 'fr', 'node_search', 0.577261),
('your', 2, 'en', 'help_search', 1),
('your', 2, 'fr', 'help_search', 1),
('your', 3, 'en', 'help_search', 2),
('your', 3, 'fr', 'help_search', 2),
('your', 5, 'en', 'help_search', 3),
('your', 5, 'en', 'node_search', 20.0312),
('your', 5, 'fr', 'help_search', 3),
('your', 6, 'en', 'help_search', 3),
('your', 6, 'fr', 'help_search', 3),
('your', 7, 'en', 'help_search', 1),
('your', 7, 'fr', 'help_search', 1),
('your', 8, 'en', 'help_search', 27),
('your', 8, 'fr', 'help_search', 27),
('your', 9, 'en', 'help_search', 30),
('your', 9, 'fr', 'help_search', 30),
('your', 10, 'en', 'help_search', 6),
('your', 10, 'fr', 'help_search', 6),
('your', 11, 'en', 'help_search', 5),
('your', 11, 'fr', 'help_search', 5),
('your', 12, 'en', 'help_search', 2),
('your', 12, 'fr', 'help_search', 2),
('your', 15, 'en', 'help_search', 39),
('your', 15, 'en', 'node_search', 32),
('your', 15, 'fr', 'help_search', 39),
('your', 16, 'en', 'help_search', 8.54658),
('your', 16, 'fr', 'help_search', 8.53152),
('your', 17, 'en', 'help_search', 1),
('your', 17, 'fr', 'help_search', 1),
('your', 18, 'en', 'help_search', 32),
('your', 18, 'fr', 'help_search', 32),
('your', 19, 'en', 'help_search', 2),
('your', 19, 'fr', 'help_search', 2),
('your', 20, 'en', 'node_search', 4.70426),
('your', 21, 'en', 'help_search', 1),
('your', 21, 'fr', 'help_search', 1),
('your', 22, 'en', 'help_search', 3),
('your', 22, 'fr', 'help_search', 3),
('your', 23, 'en', 'help_search', 29),
('your', 23, 'fr', 'help_search', 29),
('your', 24, 'en', 'help_search', 9),
('your', 24, 'fr', 'help_search', 9),
('your', 25, 'en', 'help_search', 1.98902),
('your', 25, 'fr', 'help_search', 1.98902),
('your', 26, 'en', 'help_search', 3),
('your', 26, 'en', 'node_search', 27),
('your', 26, 'fr', 'help_search', 3),
('your', 27, 'en', 'help_search', 2),
('your', 27, 'en', 'node_search', 0.780332),
('your', 27, 'fr', 'help_search', 2),
('your', 27, 'fr', 'node_search', 0.779069),
('your', 28, 'en', 'help_search', 1),
('your', 28, 'fr', 'help_search', 1),
('your', 29, 'en', 'help_search', 42.1676),
('your', 29, 'en', 'node_search', 27),
('your', 29, 'fr', 'help_search', 42.1676),
('your', 30, 'en', 'help_search', 22);
INSERT INTO `search_index` (`word`, `sid`, `langcode`, `type`, `score`) VALUES
('your', 30, 'en', 'node_search', 1.54789),
('your', 30, 'fr', 'help_search', 22),
('your', 30, 'fr', 'node_search', 1.54789),
('your', 31, 'en', 'help_search', 1.80822),
('your', 31, 'fr', 'help_search', 1.80132),
('your', 32, 'en', 'help_search', 1),
('your', 32, 'en', 'node_search', 31.2369),
('your', 32, 'fr', 'help_search', 1),
('your', 33, 'en', 'help_search', 2),
('your', 33, 'en', 'node_search', 133.896),
('your', 33, 'fr', 'help_search', 2),
('your', 34, 'en', 'help_search', 4),
('your', 34, 'en', 'node_search', 2),
('your', 34, 'fr', 'help_search', 4),
('your', 35, 'en', 'help_search', 32),
('your', 35, 'fr', 'help_search', 32),
('your', 36, 'en', 'help_search', 4),
('your', 36, 'fr', 'help_search', 4),
('your', 37, 'en', 'help_search', 2),
('your', 37, 'fr', 'help_search', 2),
('your', 38, 'en', 'help_search', 1),
('your', 38, 'en', 'node_search', 14),
('your', 38, 'fr', 'help_search', 1),
('your', 39, 'en', 'help_search', 5),
('your', 39, 'fr', 'help_search', 5),
('your', 41, 'en', 'help_search', 5.96178),
('your', 41, 'fr', 'help_search', 5.96178),
('your', 42, 'en', 'help_search', 3),
('your', 42, 'fr', 'help_search', 3),
('your', 44, 'en', 'help_search', 2),
('your', 44, 'fr', 'help_search', 2),
('your', 45, 'en', 'help_search', 1),
('your', 45, 'fr', 'help_search', 1),
('your', 47, 'en', 'help_search', 4.99731),
('your', 47, 'fr', 'help_search', 4.99731),
('your', 51, 'en', 'help_search', 2),
('your', 51, 'fr', 'help_search', 2),
('your', 54, 'en', 'help_search', 4.95373),
('your', 54, 'fr', 'help_search', 4.95373),
('your', 55, 'en', 'help_search', 2),
('your', 55, 'fr', 'help_search', 2),
('your', 56, 'en', 'help_search', 0.997306),
('your', 56, 'fr', 'help_search', 0.997306),
('your', 57, 'en', 'help_search', 2),
('your', 57, 'fr', 'help_search', 2),
('your', 58, 'en', 'help_search', 1),
('your', 58, 'fr', 'help_search', 1),
('your', 59, 'en', 'help_search', 1),
('your', 59, 'fr', 'help_search', 1),
('your', 61, 'en', 'help_search', 1),
('your', 61, 'fr', 'help_search', 1),
('your', 62, 'en', 'help_search', 1),
('your', 62, 'fr', 'help_search', 1),
('your', 63, 'en', 'help_search', 1),
('your', 63, 'fr', 'help_search', 1),
('your', 64, 'en', 'help_search', 1),
('your', 64, 'fr', 'help_search', 1),
('your', 66, 'en', 'help_search', 2),
('your', 66, 'fr', 'help_search', 2),
('your', 67, 'en', 'help_search', 1),
('your', 67, 'fr', 'help_search', 1),
('your', 68, 'en', 'help_search', 4),
('your', 68, 'fr', 'help_search', 4),
('your', 69, 'en', 'help_search', 1),
('your', 69, 'fr', 'help_search', 1),
('your', 71, 'en', 'help_search', 5.99731),
('your', 71, 'fr', 'help_search', 5.99731),
('your', 72, 'en', 'help_search', 2),
('your', 72, 'fr', 'help_search', 2),
('your', 73, 'en', 'help_search', 0.997306),
('your', 73, 'fr', 'help_search', 0.997306),
('your', 74, 'en', 'help_search', 1),
('your', 74, 'fr', 'help_search', 1),
('your', 75, 'en', 'help_search', 4.98493),
('your', 75, 'fr', 'help_search', 4.98087),
('your', 76, 'en', 'help_search', 2),
('your', 76, 'fr', 'help_search', 2),
('your', 78, 'en', 'help_search', 3),
('your', 78, 'fr', 'help_search', 3),
('your', 85, 'en', 'help_search', 4),
('your', 85, 'fr', 'help_search', 4),
('your', 86, 'en', 'help_search', 3),
('your', 86, 'fr', 'help_search', 3),
('your', 87, 'en', 'help_search', 1),
('your', 87, 'fr', 'help_search', 1),
('your', 88, 'en', 'help_search', 3),
('your', 88, 'fr', 'help_search', 3),
('your', 90, 'en', 'help_search', 3.99731),
('your', 90, 'fr', 'help_search', 3.99731),
('your', 91, 'en', 'help_search', 1),
('your', 91, 'fr', 'help_search', 1),
('your', 92, 'en', 'help_search', 1),
('your', 92, 'fr', 'help_search', 1),
('your', 93, 'en', 'help_search', 1),
('your', 93, 'fr', 'help_search', 1),
('your', 94, 'en', 'help_search', 1),
('your', 94, 'fr', 'help_search', 1),
('your', 97, 'en', 'help_search', 6.29735),
('your', 97, 'fr', 'help_search', 6.29735),
('your', 99, 'en', 'help_search', 7.3548),
('your', 99, 'fr', 'help_search', 7.3548),
('your', 100, 'en', 'help_search', 6),
('your', 100, 'fr', 'help_search', 6),
('your', 102, 'en', 'help_search', 3),
('your', 102, 'fr', 'help_search', 3),
('your', 103, 'en', 'help_search', 3),
('your', 103, 'fr', 'help_search', 3),
('yukon', 5, 'en', 'node_search', 18.5895),
('yukon', 5, 'fr', 'node_search', 17.0007),
('yukon', 7, 'en', 'node_search', 5.42505),
('yukon', 7, 'fr', 'node_search', 3.5439),
('yukon', 13, 'en', 'node_search', 1),
('yukon', 15, 'en', 'node_search', 1),
('yukon', 17, 'en', 'node_search', 1),
('yukon', 17, 'fr', 'node_search', 1),
('yukon', 19, 'en', 'node_search', 5),
('yukon', 19, 'fr', 'node_search', 4),
('yukon', 27, 'en', 'node_search', 9.76659),
('yukon', 27, 'fr', 'node_search', 9.75227),
('yukon', 30, 'en', 'node_search', 17.3233),
('yukon', 30, 'fr', 'node_search', 17.3233),
('yukon', 33, 'en', 'node_search', 0.72066),
('yukon', 33, 'fr', 'node_search', 0.672252),
('yukon', 34, 'en', 'node_search', 1),
('yukon', 34, 'fr', 'node_search', 1),
('yukonlobbyistregistryca', 5, 'en', 'node_search', 7.45733),
('yukonlobbyistregistryca', 5, 'fr', 'node_search', 6.66877),
('yukonlobbyistregistryca', 20, 'en', 'node_search', 1),
('yukonlobbyistregistryca', 20, 'fr', 'node_search', 1),
('yukonlobbyistregistryca', 32, 'en', 'node_search', 1.8408),
('yukonlobbyistregistryca', 32, 'fr', 'node_search', 1.71527),
('yukonlobbyistregistryca', 33, 'en', 'node_search', 1),
('yukonlobbyistregistryca', 33, 'fr', 'node_search', 1),
('yvonne', 27, 'en', 'node_search', 0.408633),
('yvonne', 27, 'fr', 'node_search', 0.407953),
('yvonne', 30, 'en', 'node_search', 0.805455),
('yvonne', 30, 'fr', 'node_search', 0.805455),
('zambia', 27, 'en', 'node_search', 0.528135),
('zambia', 27, 'fr', 'node_search', 0.526987),
('zealand', 27, 'en', 'node_search', 0.697623),
('zealand', 27, 'fr', 'node_search', 0.697623),
('zimbabwe', 27, 'en', 'node_search', 0.526987),
('zimbabwe', 27, 'fr', 'node_search', 0.525844),
('zone', 34, 'en', 'help_search', 2),
('zone', 34, 'fr', 'help_search', 2);

-- --------------------------------------------------------

--
-- Table structure for table `search_total`
--

CREATE TABLE `search_total` (
  `word` varchar(50) NOT NULL DEFAULT '' COMMENT 'Primary Key: Unique word in the search index.',
  `count` float DEFAULT NULL COMMENT 'The count of the word in the index using Zipf''s law to equalize the probability distribution.'
) ENGINE=InnoDB DEFAULT CHARSET=utf8mb4 COLLATE=utf8mb4_general_ci COMMENT='Stores search totals for words.';


INSERT INTO `search_total` (`word`, `count`) VALUES
('queries', 0.00668332),
('query', 0.176091),
('question', 0.104343),
('questionnaire', 0.0377886),
('questions', 0.102268),
('qui', 0.00540553),
('quick', 0.00386042),
('quickly', 0.069093),
('quiz', 0.0347621),
('radio', 0.0571744),
('radke', 0.184826),
('raison', 0.0238815),
('ran', 0.176091),
('randen', 0.181684),
('range', 0.111642),
('ranging', 0.176091),
('ranj', 0.0180877),
('ranking', 0.0413927),
('rapidement', 0.30103),
('rapport', 0.0899416),
('rapports', 0.020853),
('rather', 0.176091),
('ratio', 0.176091),
('reach', 0.0795004),
('reached', 0.30103),
('reaches', 0.0808654),
('read', 0.0735357),
('readers', 0.09691),
('ready', 0.176091),
('realisees', 0.30103),
('really', 0.176091),
('rearrange', 0.0413927),
('reasons', 0.09691),
('rebuild', 0.0511525),
('recalculated', 0.176091),
('recalculation', 0.176091),
('receive', 0.09691),
('received', 0.0725622),
('recent', 0.0413927),
('recently', 0.176091),
('recevoir', 0.30103),
('recevra', 0.30103),
('recevrez', 0.190478),
('recherche', 0.00706497),
('rechercher', 0.011281),
('recipe', 0.0669468),
('recipes', 0.0669468),
('recipient', 0.176091),
('recipients', 0.0413927),
('recommandons', 0.30103),
('recommend', 0.30103),
('recommended', 0.0529717),
('recreation', 0.12657),
('recu', 0.203025),
('recue', 0.30103),
('recueillis', 0.208593),
('recueillons', 0.195444),
('recues', 0.18095),
('red', 0.176091),
('redirected', 0.176091),
('redistribuer', 0.30103),
('redistribute', 0.30103),
('reduce', 0.09691),
('reelles', 0.178078),
('refer', 0.176091),
('reference', 0.00191571),
('referenced', 0.0669468),
('references', 0.21028),
('referring', 0.30103),
('refers', 0.09691),
('refine', 0.09691),
('refuse', 0.0154302),
('region', 0.00407791),
('regional', 0.0377657),
('regions', 0.0193052),
('register', 0.00398395),
('registered', 0.0420487),
('registering', 0.124939),
('registraire', 0.30103),
('registrar', 0.30103),
('registration', 0.0035519),
('registre', 0.00271048),
('registry', 0.00252285),
('regler', 0.30103),
('regular', 0.0686959),
('regularlength', 0.232587),
('regulierement', 0.30103),
('reindex', 0.0539075),
('reindexed', 0.176091),
('reinitialisation', 0.30103),
('reinitialiser', 0.0239948),
('related', 0.00276323),
('relation', 0.30103),
('relations', 0.12812),
('relationship', 0.10383),
('relationships', 0.0567132),
('relativement', 0.30103),
('released', 0.176091),
('releases', 0.09691),
('relevant', 0.176091),
('remain', 0.101322),
('remember', 0.30103),
('remettre', 0.177783),
('remote', 0.176091),
('remove', 0.00970381),
('removing', 0.176091),
('remplissez', 0.180387),
('rencontre', 0.178078),
('rencontrer', 0.178078),
('rencontres', 0.30103),
('rend', 0.30103),
('render', 0.190808),
('rendered', 0.176091),
('rendering', 0.176091),
('renders', 0.176091),
('rendre', 0.198533),
('rendues', 0.0287429),
('renseignements', 0.00347103),
('reorder', 0.195474),
('reordering', 0.00796893),
('repeat', 0.0309051),
('replacement', 0.0511525),
('replacements', 0.176091),
('reply', 0.0195228),
('repond', 0.30103),
('repondre', 0.0286601),
('report', 0.00849213),
('reported', 0.09691),
('reporting', 0.00599326),
('reports', 0.00448758),
('represented', 0.30103),
('reproduce', 0.176091),
('reproduced', 0.198364),
('reproductions', 0.176091),
('reproduire', 0.176091),
('republic', 0.0977479),
('request', 0.0669468),
('requested', 0.0991498),
('requesting', 0.30103),
('requests', 0.124939),
('require', 0.0698907),
('required', 0.0124086),
('requirements', 0.00877392),
('requires', 0.0189478),
('requiring', 0.182512),
('research', 0.079635),
('reseaux', 0.30103),
('reserve', 0.30103),
('reserves', 0.30103),
('reset', 0.0191983),
('resides', 0.176091),
('resized', 0.176091),
('resolution', 0.00434539),
('resource', 0.176091),
('resources', 0.000364594),
('respect', 0.30103),
('respective', 0.201804),
('respectively', 0.176091),
('respond', 0.0430856),
('responding', 0.176091),
('responds', 0.30103),
('responsable', 0.0791812),
('response', 0.0347621),
('responses', 0.0045005),
('responsibilities', 0.30103),
('responsible', 0.00859212),
('responsive', 0.00507042),
('rest', 0.0164387),
('restful', 0.00934003),
('restrict', 0.102909),
('restrictions', 0.176091),
('restrictive', 0.176091),
('restricts', 0.106028),
('result', 0.0587239),
('resultats', 0.0211893),
('results', 0.0243445),
('retards', 0.30103),
('retrieved', 0.176091),
('return', 0.0108918),
('returned', 0.0153362),
('returns', 0.176091),
('reunion', 0.157137),
('reunions', 0.30103),
('reuse', 0.176091),
('reusing', 0.176091),
('reverse', 0.09691),
('review', 0.0115939),
('reviews', 0.177089),
('revision', 0.0308019),
('revisions', 0.0437683),
('rica', 0.176091),
('richard', 0.0324172),
('rico', 0.247657),
('right', 0.0235194),
('righttoleft', 0.0264159),
('risk', 0.0589028),
('riverdale', 0.0827829),
('role', 0.00223919),
('roles', 0.00495482),
('romania', 0.249184),
('routine', 0.30103),
('row', 0.0193052),
('rows', 0.176091),
('royle', 0.0704912),
('rss', 0.176091),
('run', 0.00659978),
('running', 0.00270882),
('runs', 0.0512353),
('runtime', 0.176091),
('russia', 0.249692),
('rwanda', 0.2502),
('safe', 0.19721),
('safety', 0.0558517),
('sahara', 0.288614),
('salarie', 0.00325058),
('salaries', 0.00692022),
('salvador', 0.180111),
('samantha', 0.176907),
('same', 0.0133356),
('samis', 0.182),
('samoa', 0.115566),
('san', 0.250706),
('sandwich', 0.261201),
('sandy', 0.0271267),
('sans', 0.176091),
('sao', 0.251717),
('sar', 0.118138),
('sat', 0.0115819),
('satisfied', 0.204649),
('saudi', 0.25323),
('sauf', 0.30103),
('save', 0.000817147),
('saved', 0.0359653),
('saves', 0.176091),
('savez', 0.30103),
('saving', 0.176091),
('savoir', 0.0865147),
('say', 0.176091),
('saying', 0.09691),
('says', 0.176091),
('scaffolding', 0.176091),
('scaling', 0.176091),
('scan', 0.09691),
('scenes', 0.220225),
('schedule', 0.0414469),
('schultz', 0.180101),
('science', 0.126148),
('scott', 0.0849802),
('screen', 0.017155),
('screens', 0.0669468),
('scripts', 0.193148),
('scroll', 0.0791812),
('search', 0.000495001),
('searchable', 0.176091),
('searches', 0.102361),
('searching', 0.0150377),
('second', 0.09691),
('secretary', 0.104849),
('section', 0.00446921),
('sections', 0.00746761),
('secure', 0.00756637),
('secured', 0.30103),
('securite', 0.18937),
('security', 0.00158528),
('see', 0.00123478),
('seeks', 0.177087),
('sees', 0.215283),
('sein', 0.30103),
('select', 0.00255791),
('selected', 0.00962989),
('selecting', 0.09691),
('selection', 0.00796893),
('selectionnes', 0.30103),
('selectionnez', 0.30103),
('selector', 0.0511525),
('selects', 0.132948),
('selfemployed', 0.30103),
('selon', 0.30103),
('send', 0.0826183),
('sending', 0.129203),
('sends', 0.176091),
('senegal', 0.254235),
('senior', 0.176091),
('sensibiliser', 0.185192),
('sensible', 0.30103),
('sensitive', 0.30103),
('sent', 0.0470903),
('seofriendly', 0.176091),
('separate', 0.0669468),
('separately', 0.09691),
('separates', 0.176091),
('sequence', 0.176091),
('sera', 0.247853),
('serait', 0.30103),
('serbia', 0.254736),
('serialization', 0.00860531),
('serialized', 0.176091),
('series', 0.176091),
('seront', 0.176091),
('serve', 0.097569),
('server', 0.0541777),
('servers', 0.176091),
('serveur', 0.237286),
('service', 0.00778751),
('services', 0.00237268),
('serving', 0.176091),
('servir', 0.0377886),
('ses', 0.100094),
('session', 0.0201341),
('set', 0.00338415),
('sets', 0.0413927),
('setting', 0.00271953),
('settings', 0.000596208),
('settingsphp', 0.0353175),
('seul', 0.176091),
('seule', 0.30103),
('seules', 0.178078),
('several', 0.0211338),
('severity', 0.0511525),
('seychelles', 0.255237),
('share', 0.202944),
('shared', 0.09691),
('sherri', 0.188474),
('shield', 0.176091),
('shift', 0.176091),
('short', 0.0669468),
('shortcut', 0.00393499),
('shortcuts', 0.00441476),
('should', 0.00470345),
('show', 0.00701342),
('showing', 0.114385),
('shown', 0.00903567),
('shows', 0.0540636),
('side', 0.0347621),
('sierra', 0.120466),
('signifie', 0.12679),
('silver', 0.0271408),
('similar', 0.0416239),
('simple', 0.0193237),
('singapore', 0.256736),
('single', 0.00309108),
('singleitem', 0.209721),
('singleline', 0.14157),
('singlevalued', 0.117665),
('sint', 0.257235),
('site', 0.000285803),
('sites', 0.0159882),
('sitewide', 0.0299632),
('situations', 0.176091),
('six', 0.30103),
('size', 0.0594513),
('sized', 0.0977479),
('sizes', 0.09691),
('sizing', 0.178301),
('slogan', 0.09691),
('slovakia', 0.25823),
('slovenia', 0.258727),
('small', 0.126219),
('smaller', 0.0347621),
('social', 0.0164455),
('sociaux', 0.0805449),
('societe', 0.0736545),
('software', 0.00718597),
('soient', 0.30103),
('soit', 0.102235),
('solliciter', 0.30103),
('solomon', 0.259223),
('solr', 0.0177288),
('somalia', 0.259718),
('some', 0.00650084),
('someone', 0.13284),
('something', 0.09691),
('sometimes', 0.09691),
('sommaire', 0.09691),
('sommes', 0.30103),
('son', 0.0681564),
('sondages', 0.30103),
('sont', 0.0104575),
('soon', 0.124939),
('sort', 0.0347621),
('sorting', 0.09691),
('sorts', 0.19721),
('souhaitez', 0.30103),
('soumettre', 0.0752879),
('source', 0.018031),
('sources', 0.09691),
('south', 0.030968),
('southern', 0.189045),
('spaces', 0.176091),
('spain', 0.262186),
('spam', 0.100667),
('spamreduction', 0.181313),
('special', 0.09691),
('specific', 0.0103429),
('specifically', 0.124939),
('specification', 0.0193052),
('specify', 0.09691),
('specifying', 0.0994923),
('speed', 0.176091),
('spends', 0.30103),
('sphinx', 0.0193052),
('sports', 0.1265),
('square', 0.176091),
('sri', 0.262678),
('stable', 0.0669468),
('stacey', 0.147328),
('staff', 0.124939),
('staging', 0.176091),
('standard', 0.178905),
('standards', 0.00996434),
('star', 0.176091),
('start', 0.0214382),
('started', 0.183111),
('starting', 0.09691),
('starts', 0.09691),
('state', 0.00754049),
('statement', 0.0157943),
('states', 0.00321657),
('status', 0.00437281),
('statut', 0.228741),
('stemmer', 0.0197127),
('stemming', 0.176286),
('step', 0.0380042),
('stepbystep', 0.184006),
('stephen', 0.0995977),
('steps', 0.00015973),
('still', 0.176091),
('storage', 0.09691),
('store', 0.0413927),
('stored', 0.0289174),
('stores', 0.0179902),
('strategic', 0.176091),
('streamed', 0.189045),
('street', 0.290454),
('streicker', 0.01794),
('string', 0.0347621),
('strings', 0.0362824),
('structure', 0.00119014),
('structures', 0.176091),
('style', 0.00196959),
('styles', 0.0152619),
('styling', 0.176091),
('subdirectory', 0.176091),
('subject', 0.0177288),
('submission', 0.127821),
('submit', 0.0465163),
('submitting', 0.0183315),
('subsequentes', 0.30103),
('subset', 0.176091),
('substituted', 0.176091),
('subterm', 0.176091),
('subtype', 0.00153852),
('subtypes', 0.0126736),
('subvention', 0.241739),
('subventions', 0.18095),
('successfully', 0.30103),
('such', 0.00490439),
('sudan', 0.152451),
('sufficient', 0.103677),
('suffit', 0.30103),
('suggested', 0.176091),
('suit', 0.30103),
('suivante', 0.30103),
('suivantes', 0.30103),
('suivants', 0.134301),
('suivez', 0.101955),
('suivi', 0.30103),
('sujet', 0.110665),
('sujets', 0.30103),
('summarizes', 0.176091),
('summary', 0.0223271),
('supplied', 0.176091),
('support', 0.02902),
('supports', 0.131957),
('suppression', 0.30103),
('suppressions', 0.30103),
('supprimer', 0.0264512),
('sur', 0.00211189),
('sure', 0.0138949),
('suriname', 0.268534),
('surveillance', 0.30103),
('surveiller', 0.30103),
('surveys', 0.30103),
('susceptible', 0.30103),
('sustainability', 0.176091),
('svalbard', 0.269018),
('sweden', 0.270225),
('switch', 0.0681593),
('switcher', 0.0263289),
('switzerland', 0.270708),
('sync', 0.0453874),
('synchronization', 0.00547977),
('synchronize', 0.0413927),
('synchronized', 0.191394),
('synchronizing', 0.224567),
('syndicats', 0.30103),
('syria', 0.271189),
('syslog', 0.176091),
('system', 0.00460323),
('systeme', 0.30103),
('systemes', 0.30103),
('systems', 0.137464),
('tab', 0.0282512),
('table', 0.012694),
('tables', 0.09691),
('tablestyle', 0.176091),
('tabs', 0.176091),
('tag', 0.105311),
('tagging', 0.176091),
('tags', 0.0186838),
('taille', 0.30103),
('taiwan', 0.27167),
('tajikistan', 0.272151),
('take', 0.0263289),
('taken', 0.176091),
('takes', 0.0469452),
('takhinikopper', 0.153335),
('tant', 0.0157943),
('tanzania', 0.27263),
('tard', 0.30103),
('target', 0.0511525),
('task', 0.0304192),
('tasks', 0.00226379),
('taste', 0.176091),
('taxation', 0.126639),
('taxonomy', 0.00136339),
('team', 0.0193052),
('technically', 0.176091),
('techniques', 0.0983491),
('technologies', 0.176091),
('technology', 0.0415284),
('ted', 0.136435),
('telecharge', 0.30103),
('telechargement', 0.30103),
('telecharger', 0.0377886),
('telecharges', 0.30103),
('telecommunications', 0.126709),
('telecopieur', 0.30103),
('telephone', 0.0410167),
('telephoniques', 0.30103),
('temoin', 0.244342),
('temoins', 0.0290344),
('template', 0.176091),
('temporarily', 0.176091),
('temporary', 0.09691),
('temps', 0.114044),
('tentative', 0.0343864),
('tenter', 0.30103),
('tenu', 0.0347621),
('tenus', 0.188306),
('term', 0.0154251),
('terminer', 0.0989888),
('terms', 0.0103375),
('territoire', 0.168229),
('territories', 0.119414),
('territory', 0.0914896),
('test', 0.0681663),
('text', 0.000516718),
('thailand', 0.27311),
('than', 0.0170782),
('thanks', 0.0157943),
('that', 0.000831947),
('the', 0.0000911148),
('theft', 0.30103),
('their', 0.00847662),
('them', 0.0105767),
('theme', 0.0014267),
('themes', 0.00294629),
('theming', 0.0210168),
('themselves', 0.176091),
('then', 0.0173936),
('there', 0.00422783),
('thereby', 0.213622),
('therefore', 0.30103),
('these', 0.00646964),
('they', 0.0087928),
('thirdparty', 0.09691),
('this', 0.00232199),
('thompson', 0.180418),
('those', 0.30103),
('threading', 0.0511525),
('threads', 0.176091),
('threaten', 0.30103),
('three', 0.09691),
('threshold', 0.0224562),
('throttle', 0.0511525),
('through', 0.021705),
('tiffany', 0.182315),
('time', 0.00974115),
('timelines', 0.09691),
('timeout', 0.176091),
('times', 0.0869083),
('timestamp', 0.198364),
('timorleste', 0.273588),
('tips', 0.0377886),
('title', 0.00282957),
('titre', 0.0797099),
('titulaire', 0.0170515),
('titulaires', 0.0172884),
('tobago', 0.275973),
('together', 0.176091),
('toggle', 0.176091),
('togo', 0.274067),
('tokelau', 0.274544),
('tomatoes', 0.0669468),
('tome', 0.252222),
('tonga', 0.275021),
('took', 0.216088),
('tool', 0.22833),
('toolbar', 0.00518157),
('tooltip', 0.190808),
('top', 0.0418577),
('topic', 0.00560587),
('topics', 0.00141214),
('topleft', 0.176091),
('toplevel', 0.176091),
('topright', 0.176091),
('total', 0.176091),
('totalite', 0.30103),
('totally', 0.176091),
('tourism', 0.0246074),
('tous', 0.0998919),
('tout', 0.30103),
('toutefois', 0.176091),
('toutes', 0.30103),
('town', 0.158701),
('track', 0.124939),
('tracy', 0.163616),
('tracyanne', 0.0465992),
('trade', 0.127726),
('traditional', 0.09691),
('traffic', 0.30103),
('trafic', 0.30103),
('training', 0.127924),
('transferred', 0.176091),
('transform', 0.176091),
('transition', 0.0186285),
('transitions', 0.0161434),
('translatable', 0.0163904),
('translate', 0.0107239),
('translated', 0.00490733),
('translating', 0.00415596),
('translation', 0.001852),
('translations', 0.00539503),
('transmission', 0.09691),
('transparence', 0.30103),
('transparency', 0.30103),
('transparent', 0.30103),
('transparentes', 0.30103),
('transportation', 0.126847),
('transported', 0.176091),
('trapping', 0.128953),
('travaillant', 0.0157943),
('travailleur', 0.30103),
('tray', 0.0669468),
('tredger', 0.158525),
('triggers', 0.176091),
('trinidad', 0.275498),
('tristan', 0.276449),
('trois', 0.30103),
('trouble', 0.188736),
('troubleshooting', 0.00469512),
('trouver', 0.30103),
('trouverez', 0.30103),
('trouvez', 0.30103),
('true', 0.193148),
('trusted', 0.0511525),
('try', 0.176091),
('trying', 0.09691),
('tunisia', 0.277398),
('turkiye', 0.277871),
('turkmenistan', 0.278344),
('turks', 0.278817),
('turn', 0.0529717),
('turning', 0.09691),
('turns', 0.176091),
('tuvalu', 0.27976),
('twice', 0.176091),
('twig', 0.176091),
('twigfilebased', 0.176091),
('two', 0.0167963),
('twocolumn', 0.180713),
('type', 0.000546192),
('types', 0.000942252),
('typically', 0.0299632),
('typing', 0.176091),
('uganda', 0.280702),
('ukraine', 0.281171),
('unable', 0.0669468),
('unambiguous', 0.30103),
('unapproved', 0.0511525),
('unauthorized', 0.30103),
('uncacheable', 0.187865),
('uncheck', 0.0266869),
('unchecked', 0.176091),
('under', 0.00593294),
('undergoing', 0.176091),
('underlying', 0.09691),
('understand', 0.0591436),
('understandable', 0.176091),
('undertaken', 0.148659),
('undertakes', 0.30103),
('une', 0.00151423),
('unformatted', 0.0240142),
('uniform', 0.176091),
('uninstall', 0.00568738),
('uninstalled', 0.0193052),
('uninstalling', 0.00296448),
('unions', 0.09691),
('unique', 0.0524803),
('unite', 0.30103),
('united', 0.115885),
('university', 0.127392),
('unless', 0.30103),
('unlimited', 0.09691),
('unpacked', 0.176091),
('unpublish', 0.0413927),
('unpublished', 0.0413927),
('unpublishing', 0.206911),
('until', 0.0213849),
('untrusted', 0.104589),
('unused', 0.00827253),
('unwanted', 0.176091),
('upcoming', 0.176091),
('update', 0.00398841),
('updated', 0.0288903),
('updates', 0.00578274),
('updating', 0.00400437),
('upgrade', 0.176091),
('upgrading', 0.00354528),
('upload', 0.0511525),
('uploaded', 0.09691),
('upper', 0.09691),
('url', 0.00138321),
('urls', 0.0032861),
('uruguay', 0.283979),
('use', 0.00199579),
('used', 0.00628422),
('useful', 0.176091),
('user', 0.000352138),
('userdefined', 0.176091),
('userinterface', 0.176091),
('username', 0.0511525),
('users', 0.00197444),
('uses', 0.00959757),
('using', 0.00128212),
('usually', 0.176091),
('utilisant', 0.30103),
('utilisateur', 0.0286072),
('utilisation', 0.124939),
('utilisations', 0.011281),
('utilise', 0.232278),
('utilisee', 0.30103),
('utilisees', 0.18095),
('utiliser', 0.209943),
('utilises', 0.30103),
('utilisez', 0.30103),
('uuid', 0.0398195),
('uzbekistan', 0.284445),
('valerie', 0.0704438),
('valid', 0.09691),
('value', 0.0131361),
('values', 0.00760932),
('van', 0.101279),
('vanbibber', 0.150879),
('vanuatu', 0.28491),
('variables', 0.00860017),
('variations', 0.176091),
('various', 0.068482),
('vary', 0.0669468),
('vatican', 0.285375),
('vegetables', 0.176091),
('venezuela', 0.286303),
('verde', 0.176091),
('verification', 0.0579919),
('verifie', 0.30103),
('verified', 0.09691),
('verifier', 0.124939),
('verifiez', 0.18123),
('verify', 0.00867102),
('verrez', 0.194945),
('vers', 0.30103),
('versatile', 0.176091),
('version', 0.0222764),
('versions', 0.046783),
('vertical', 0.176091),
('vertu', 0.124939),
('very', 0.0738969),
('veuillez', 0.30103),
('via', 0.09691),
('videos', 0.176091),
('vietnam', 0.286766),
('view', 0.000960943),
('viewed', 0.0821439),
('viewer', 0.176091),
('viewing', 0.00673338),
('viewport', 0.09691),
('viewports', 0.176091),
('views', 0.00214447),
('vigueur', 0.30103),
('ville', 0.168087),
('vincent', 0.267564),
('virgin', 0.121399),
('virus', 0.176091),
('visant', 0.0397053),
('vise', 0.30103),
('vises', 0.30103),
('visibility', 0.0211893),
('visible', 0.0144797),
('visit', 0.0186282),
('visited', 0.132293),
('visitees', 0.30103),
('visites', 0.30103),
('visiting', 0.176091),
('visitor', 0.176091),
('visitors', 0.00385166),
('visits', 0.176091),
('visual', 0.0263289),
('visually', 0.0511525),
('vocabularies', 0.0351295),
('vocabulary', 0.00526424),
('voici', 0.176091),
('voir', 0.197139),
('vol', 0.30103),
('volunteer', 0.0890987),
('volunteerbased', 0.09691),
('vos', 0.0489108),
('votre', 0.00283469),
('voulez', 0.30103),
('vous', 0.00230324),
('vue', 0.09691),
('vues', 0.0263289),
('vuntut', 0.0846252),
('w3c', 0.0205433),
('wade', 0.139707),
('wait', 0.0299632),
('waiting', 0.191394),
('walk', 0.101487),
('walked', 0.185791),
('walking', 0.185197),
('wallis', 0.287229),
('want', 0.00241986),
('warning', 0.00352473),
('warnings', 0.176091),
('was', 0.0244402),
('watson', 0.156806),
('way', 0.0208745),
('ways', 0.0669468),
('web', 0.00185086),
('webform', 0.0669468),
('website', 0.0172736),
('wed', 0.0118992),
('week', 0.176091),
('weekly', 0.176091),
('weights', 0.0413927),
('well', 0.0305513),
('went', 0.176091),
('were', 0.0308197),
('west', 0.159551),
('western', 0.288153),
('wget', 0.0511525),
('what', 0.000130294),
('when', 0.00280978),
('whenever', 0.176091),
('where', 0.0072586),
('whether', 0.0282743),
('which', 0.00272581),
('while', 0.033574),
('white', 0.0400826),
('whitehorse', 0.059599),
('who', 0.000677758),
('whole', 0.124939),
('whose', 0.0457575),
('why', 0.0209974),
('widelyused', 0.176091),
('widget', 0.00752876),
('widgets', 0.0413927),
('width', 0.00583862),
('widths', 0.09691),
('will', 0.00171641),
('wish', 0.0710037),
('with', 0.00102647),
('within', 0.0177787),
('without', 0.0413927),
('women', 0.0343366),
('word', 0.0264475),
('words', 0.0681262),
('work', 0.0674709),
('worker', 0.0916936),
('workers', 0.168029),
('workflow', 0.00160787),
('workflows', 0.00225608),
('working', 0.00259578),
('works', 0.0404344),
('would', 0.0113233),
('wraps', 0.176091),
('write', 0.111517),
('writing', 0.176091),
('written', 0.0791812),
('wwwexamplecom', 0.0511525),
('wysiwyg', 0.0511525),
('xml', 0.176091),
('yaml', 0.0279005),
('yamlformat', 0.176091),
('year', 0.0362768),
('yemen', 0.289075),
('yes', 0.109218),
('yet', 0.09691),
('yml', 0.177089),
('you', 0.000493824),
('young', 0.188782),
('your', 0.000370844),
('yukon', 0.00375632),
('yukonlobbyistregistryca', 0.0195819),
('yvonne', 0.149818),
('zambia', 0.289535),
('zealand', 0.234699),
('zimbabwe', 0.289995),
('zone', 0.09691);

-- --------------------------------------------------------

--
-- Table structure for table `semaphore`
--

CREATE TABLE `semaphore` (
  `name` varchar(255) CHARACTER SET ascii COLLATE ascii_general_ci NOT NULL DEFAULT '' COMMENT 'Primary Key: Unique name.',
  `value` varchar(255) CHARACTER SET ascii COLLATE ascii_general_ci NOT NULL DEFAULT '' COMMENT 'A value for the semaphore.',
  `expire` double NOT NULL COMMENT 'A Unix timestamp with microseconds indicating when the semaphore should expire.'
) ENGINE=InnoDB DEFAULT CHARSET=utf8mb4 COLLATE=utf8mb4_general_ci COMMENT='Table for holding semaphores, locks, flags, etc. that…';

-- --------------------------------------------------------

--
-- Table structure for table `sequences`
--

CREATE TABLE `sequences` (
  `value` int UNSIGNED NOT NULL COMMENT 'The value of the sequence.'
) ENGINE=InnoDB DEFAULT CHARSET=utf8mb4 COLLATE=utf8mb4_general_ci COMMENT='Stores IDs.';

-- --------------------------------------------------------

--
-- Table structure for table `sessions`
--

CREATE TABLE `sessions` (
  `uid` int UNSIGNED NOT NULL COMMENT 'The "users".uid corresponding to a session, or 0 for anonymous user.',
  `sid` varchar(128) CHARACTER SET ascii COLLATE ascii_general_ci NOT NULL COMMENT 'A session ID (hashed). The value is generated by Drupal''s session handlers.',
  `hostname` varchar(128) CHARACTER SET ascii COLLATE ascii_general_ci NOT NULL DEFAULT '' COMMENT 'The IP address that last used this session ID (sid).',
  `timestamp` bigint NOT NULL DEFAULT '0' COMMENT 'The Unix timestamp when this session last requested a page. Old records are purged by PHP automatically.',
  `session` longblob COMMENT 'The serialized contents of the user''s session, an array of name/value pairs that persists across page requests by this session ID. Drupal loads the user''s session from here   at the start of each request and saves it at the end.'
) ENGINE=InnoDB DEFAULT CHARSET=utf8mb4 COLLATE=utf8mb4_general_ci COMMENT='Drupal''s session handlers read and write into the sessions…';

--
-- Dumping data for table `sessions`
--

INSERT INTO `sessions` (`uid`, `sid`, `hostname`, `timestamp`, `session`) VALUES
(1, 'bvWC_otbY3ZAMq7h83KSsJoitnnpBw6gu16Aeq-NaBk', '116.72.200.52', 1773833579, 0x5f7366325f617474726962757465737c613a333a7b733a333a22756964223b733a313a2231223b733a31323a22706173735f72657365745f31223b733a37343a22616c4d6f65447643625f65524c7a4170462d75686c6b53616c4e78504b506369505f614d526662444a6c4e6d2d316b54586f676d416e49413177706b4458674c73352d7a724b6f4d6a51223b733a32333a226c6f63616c655f7472616e736c6174655f66696c746572223b613a343a7b733a363a22737472696e67223b733a31353a225375626d697420666565646261636b223b733a383a226c616e67636f6465223b733a323a226672223b733a31313a227472616e736c6174696f6e223b733a333a22616c6c223b733a31303a22637573746f6d697a6564223b733a333a22616c6c223b7d7d5f7366325f6d6574617c613a343a7b733a313a2275223b693a313737333833333438393b733a313a2263223b693a313737333630323530353b733a313a226c223b693a323030303030303b733a313a2273223b733a34333a22534b54614235584e51676f366a7a6e56754b636f6538697448436c384f6e5a623451506364594344646e73223b7d),
(394, 'dqXtOM6yJvrDchY4WTbELyaJyQ3cfaAo0MfQihY0rAA', '116.72.200.52', 1773834730, 0x5f7366325f617474726962757465737c613a313a7b733a333a22756964223b733a333a22333934223b7d5f7366325f6d6574617c613a343a7b733a313a2275223b693a313737333833343731373b733a313a2263223b693a313737333833343030393b733a313a226c223b693a323030303030303b733a313a2273223b733a34333a22706d6d35726b6e496875436e5a56444c534473744c3865515a70362d6a6543666841627266685f53396c73223b7d),
(393, 'fqBtagZ_d2eEyYWPSo6a407UV989iEQuyzGa0Ps0N-Q', '106.219.85.101', 1773787427, 0x5f7366325f617474726962757465737c613a313a7b733a333a22756964223b733a333a22333933223b7d5f7366325f6d6574617c613a343a7b733a313a2275223b693a313737333738373237303b733a313a2263223b693a313737333738363136303b733a313a226c223b693a323030303030303b733a313a2273223b733a34333a22337a4364357a666c584e366a78775767314c45446876546c305f4a6e665f716d43544b745f32594a6d516b223b7d),
(1, 'hdEPSAbAKzG4a59-ZngPdMtkj9k5elBSD5KrbvOS9bM', '157.36.8.64', 1773752451, 0x5f7366325f617474726962757465737c613a313a7b733a333a22756964223b733a313a2231223b7d5f7366325f6d6574617c613a343a7b733a313a2275223b693a313737333735323435303b733a313a2263223b693a313737333734373532383b733a313a226c223b693a323030303030303b733a313a2273223b733a34333a225f783742316677527939396d516e542d514c2d4472484c6a66397a582d3434706d71677770642d42373549223b7d),
(393, 'r__W7ZjTgaVkNnoxjdocYQAtomYKu7xuBBIfbzPBULc', '106.219.85.101', 1773784203, 0x5f7366325f617474726962757465737c613a313a7b733a333a22756964223b733a333a22333933223b7d5f7366325f6d6574617c613a343a7b733a313a2275223b693a313737333738343230333b733a313a2263223b693a313737333738333431383b733a313a226c223b693a323030303030303b733a313a2273223b733a34333a22685f4363616c6a2d554542566b33676f6974516b6435416e513350594f596d764a4f704739687732694434223b7d5f73796d666f6e795f666c61736865737c613a303a7b7d);

-- --------------------------------------------------------

--
-- Table structure for table `shortcut`
--

CREATE TABLE `shortcut` (
  `id` int UNSIGNED NOT NULL,
  `shortcut_set` varchar(32) CHARACTER SET ascii COLLATE ascii_general_ci NOT NULL COMMENT 'The ID of the target entity.',
  `uuid` varchar(128) CHARACTER SET ascii COLLATE ascii_general_ci NOT NULL,
  `langcode` varchar(12) CHARACTER SET ascii COLLATE ascii_general_ci NOT NULL
) ENGINE=InnoDB DEFAULT CHARSET=utf8mb4 COLLATE=utf8mb4_general_ci COMMENT='The base table for shortcut entities.';

--
-- Dumping data for table `shortcut`
--

INSERT INTO `shortcut` (`id`, `shortcut_set`, `uuid`, `langcode`) VALUES
(1, 'default', 'd9fca2f4-f4b0-40e4-9125-b9990afee087', 'en'),
(2, 'default', 'e89befe3-1234-4af4-a6a9-7546ada62807', 'en');

-- --------------------------------------------------------

--
-- Table structure for table `shortcut_field_data`
--

CREATE TABLE `shortcut_field_data` (
  `id` int UNSIGNED NOT NULL,
  `shortcut_set` varchar(32) CHARACTER SET ascii COLLATE ascii_general_ci NOT NULL COMMENT 'The ID of the target entity.',
  `langcode` varchar(12) CHARACTER SET ascii COLLATE ascii_general_ci NOT NULL,
  `title` varchar(255) DEFAULT NULL,
  `weight` int DEFAULT NULL,
  `link__uri` varchar(2048) DEFAULT NULL COMMENT 'The URI of the link.',
  `link__title` varchar(255) DEFAULT NULL COMMENT 'The link text.',
  `link__options` longblob COMMENT 'Serialized array of options for the link.',
  `default_langcode` tinyint NOT NULL
) ENGINE=InnoDB DEFAULT CHARSET=utf8mb4 COLLATE=utf8mb4_general_ci COMMENT='The data table for shortcut entities.';

--
-- Dumping data for table `shortcut_field_data`
--

INSERT INTO `shortcut_field_data` (`id`, `shortcut_set`, `langcode`, `title`, `weight`, `link__uri`, `link__title`, `link__options`, `default_langcode`) VALUES
(1, 'default', 'en', 'Add content', -20, 'internal:/node/add', NULL, 0x613a303a7b7d, 1),
(2, 'default', 'en', 'All content', -19, 'internal:/admin/content', NULL, 0x613a303a7b7d, 1);

-- --------------------------------------------------------

--
-- Table structure for table `shortcut_set_users`
--

CREATE TABLE `shortcut_set_users` (
  `uid` int UNSIGNED NOT NULL DEFAULT '0' COMMENT 'The "users".uid for this set.',
  `set_name` varchar(32) CHARACTER SET ascii COLLATE ascii_general_ci NOT NULL DEFAULT '' COMMENT 'The "shortcut_set".set_name that will be displayed for this user.'
) ENGINE=InnoDB DEFAULT CHARSET=utf8mb4 COLLATE=utf8mb4_general_ci COMMENT='Maps users to shortcut sets.';

-- --------------------------------------------------------

--
-- Table structure for table `simple_sitemap`
--

CREATE TABLE `simple_sitemap` (
  `id` int UNSIGNED NOT NULL COMMENT 'Sitemap chunk unique identifier.',
  `type` varchar(32) NOT NULL DEFAULT '' COMMENT 'Type of sitemap this chunk belongs to.',
  `delta` int UNSIGNED NOT NULL COMMENT 'Delta of the chunk within the type scope.',
  `sitemap_string` longtext NOT NULL COMMENT 'XML sitemap chunk string.',
  `sitemap_created` int UNSIGNED NOT NULL DEFAULT '0' COMMENT 'Timestamp of sitemap chunk generation.',
  `status` tinyint UNSIGNED NOT NULL DEFAULT '0' COMMENT 'Flag indicating the publishing status of the chunk.',
  `link_count` int UNSIGNED NOT NULL DEFAULT '0' COMMENT 'The number of links in the sitemap.'
) ENGINE=InnoDB DEFAULT CHARSET=utf8mb4 COLLATE=utf8mb4_general_ci COMMENT='Holds XML sitemaps as strings for quick retrieval.';

--
-- Dumping data for table `simple_sitemap`
--

INSERT INTO `simple_sitemap` (`id`, `type`, `delta`, `sitemap_string`, `sitemap_created`, `status`, `link_count`) VALUES
(11, 'default', 1, '<?xml version=\"1.0\" encoding=\"UTF-8\"?>\n<?xml-stylesheet type=\"text/xsl\" href=\"/web/sitemap_generator/default/sitemap.xsl\"?>\n<!--Generated by the Simple XML Sitemap Drupal module: https://drupal.org/project/simple_sitemap.-->\n<urlset xmlns=\"http://www.sitemaps.org/schemas/sitemap/0.9\" xmlns:xhtml=\"http://www.w3.org/1999/xhtml\" xmlns:image=\"http://www.google.com/schemas/sitemap-image/1.1\">\n <url>\n  <loc>https://lobby11.shareacopy.com/web/en</loc>\n  <xhtml:link rel=\"alternate\" hreflang=\"en\" href=\"https://lobby11.shareacopy.com/web/en\"/>\n  <xhtml:link rel=\"alternate\" hreflang=\"fr\" href=\"https://lobby11.shareacopy.com/web/fr\"/>\n  <changefreq>daily</changefreq>\n  <priority>1.0</priority>\n </url>\n <url>\n  <loc>https://lobby11.shareacopy.com/web/fr</loc>\n  <xhtml:link rel=\"alternate\" hreflang=\"en\" href=\"https://lobby11.shareacopy.com/web/en\"/>\n  <xhtml:link rel=\"alternate\" hreflang=\"fr\" href=\"https://lobby11.shareacopy.com/web/fr\"/>\n  <changefreq>daily</changefreq>\n  <priority>1.0</priority>\n </url>\n</urlset>\n', 1773829590, 1, 2);

-- --------------------------------------------------------

--
-- Table structure for table `simple_sitemap_entity_overrides`
--

CREATE TABLE `simple_sitemap_entity_overrides` (
  `id` int UNSIGNED NOT NULL COMMENT 'Override unique identifier.',
  `type` varchar(50) NOT NULL COMMENT 'Type of sitemap this override belongs to.',
  `entity_type` varchar(32) NOT NULL COMMENT 'Entity type of the overriding entity.',
  `entity_id` varchar(32) NOT NULL COMMENT 'ID of the overriding entity.',
  `inclusion_settings` blob COMMENT 'Setting for the overriding entity.'
) ENGINE=InnoDB DEFAULT CHARSET=utf8mb4 COLLATE=utf8mb4_general_ci COMMENT='Holds sitemap settings overridden by entities.';

-- --------------------------------------------------------

--
-- Table structure for table `taxonomy_index`
--

CREATE TABLE `taxonomy_index` (
  `nid` int UNSIGNED NOT NULL DEFAULT '0' COMMENT 'The "node".nid this record tracks.',
  `tid` int UNSIGNED NOT NULL DEFAULT '0' COMMENT 'The term ID.',
  `status` int NOT NULL DEFAULT '1' COMMENT 'Boolean indicating whether the node is published (visible to non-administrators).',
  `sticky` tinyint DEFAULT '0' COMMENT 'Boolean indicating whether the node is sticky.',
  `created` int NOT NULL DEFAULT '0' COMMENT 'The Unix timestamp when the node was created.'
) ENGINE=InnoDB DEFAULT CHARSET=utf8mb4 COLLATE=utf8mb4_general_ci COMMENT='Maintains denormalized information about node/term…';

-- --------------------------------------------------------

--
-- Table structure for table `taxonomy_term_data`
--

CREATE TABLE `taxonomy_term_data` (
  `tid` int UNSIGNED NOT NULL,
  `revision_id` int UNSIGNED DEFAULT NULL,
  `vid` varchar(32) CHARACTER SET ascii COLLATE ascii_general_ci NOT NULL COMMENT 'The ID of the target entity.',
  `uuid` varchar(128) CHARACTER SET ascii COLLATE ascii_general_ci NOT NULL,
  `langcode` varchar(12) CHARACTER SET ascii COLLATE ascii_general_ci NOT NULL
) ENGINE=InnoDB DEFAULT CHARSET=utf8mb4 COLLATE=utf8mb4_general_ci COMMENT='The base table for taxonomy_term entities.';

--
-- Dumping data for table `taxonomy_term_data`
--

INSERT INTO `taxonomy_term_data` (`tid`, `revision_id`, `vid`, `uuid`, `langcode`) VALUES
(1, 1, 'lobby_s_topics', '77190eba-95fa-4d08-b3b2-63f5b6c4adb7', 'en'),
(2, 2, 'lobby_s_topics', 'd7f04aa0-183d-4aed-b82a-17b01982a878', 'en'),
(3, 3, 'lobby_s_topics', 'bdd362dd-19f5-4b0c-b87c-c1c911097407', 'en'),
(4, 4, 'lobby_s_topics', '721e97af-fbb8-439c-aada-48d4e4492557', 'en'),
(5, 5, 'lobby_s_topics', 'ee3f8ea9-0546-4525-9b17-b724807faad6', 'en'),
(6, 6, 'lobby_s_topics', 'a23db6b5-2100-40e8-b3a0-af5275b8343c', 'en'),
(7, 7, 'lobby_s_topics', 'fd0497f9-86d1-4f63-a392-3872d6085fdb', 'en'),
(8, 8, 'lobby_s_topics', 'c1e3cd12-176c-49fa-8d4b-2ae634284bc8', 'en'),
(9, 9, 'lobby_s_topics', '39433944-2dd9-4f0b-bbdf-e102c4bb5be9', 'en'),
(10, 10, 'lobby_s_topics', '68633b64-862b-4c82-89d5-3e4d5727e19b', 'en'),
(11, 11, 'lobby_s_topics', 'a0d04e90-56b8-41e0-b88f-1bf593285f5b', 'en'),
(12, 12, 'lobby_s_topics', 'c3dc6bcb-80a1-4605-a463-ae18238fd69f', 'en'),
(13, 13, 'lobby_s_topics', '230fdc5b-7f23-4bb5-be1f-5462f0c2ef1a', 'en'),
(14, 14, 'lobby_s_topics', '8dd0b313-10e5-4fb6-aab9-6752a651ac0b', 'en'),
(15, 15, 'lobby_s_topics', '408f44ce-1f0f-4200-8587-aaf85a603fcc', 'en'),
(16, 16, 'lobby_s_topics', 'da5d1ba8-c24b-4902-b35a-405094dd0045', 'en'),
(17, 17, 'lobby_s_topics', '0d09716b-5c8d-4437-8f9b-09aa6280afe9', 'en'),
(18, 18, 'lobby_s_topics', '4d1b08f0-a2a3-4be1-be8c-cc79032b799d', 'en'),
(19, 19, 'lobby_s_topics', 'a1374371-739f-4043-9f0a-df7670c802a2', 'en'),
(20, 20, 'lobby_s_topics', 'dbe1c5ba-fdb3-4586-ab0f-5eb2147e38b2', 'en'),
(21, 21, 'lobby_s_topics', 'f7d5983b-c6ef-4008-aa74-b291c1d91079', 'en'),
(22, 22, 'lobby_s_topics', '01b9f3c8-65b4-4740-a1f1-c153605c7a8f', 'en'),
(23, 23, 'lobby_s_topics', 'a45cd6de-61fc-4133-ac1d-31b10efb501a', 'en'),
(24, 24, 'lobby_s_topics', 'c8182409-4ad5-4804-ab2e-6824eeae837d', 'en'),
(25, 25, 'lobby_s_topics', 'bce5de2f-1018-459b-81ca-15b2a934eda7', 'en'),
(26, 26, 'lobby_s_topics', 'b94eb27c-8048-434d-8ecf-f29cd28eca7e', 'en'),
(27, 27, 'lobby_s_topics', '6cf0cba1-0488-4c48-b1f8-6568c2c85f8c', 'en'),
(28, 28, 'lobby_s_topics', 'ef8ddfcd-f182-4f9e-b35f-e9a84d559a9e', 'en'),
(29, 29, 'lobby_s_topics', '89b4385d-dba4-4aa3-a526-b3dbfbf841f2', 'en'),
(30, 30, 'lobby_s_topics', '35e7f631-3e80-43b2-b8fd-216a7c7d0d89', 'en'),
(31, 31, 'lobby_s_topics', '9da30972-1580-41a8-a4fc-37230d55fdea', 'en'),
(32, 32, 'lobby_s_topics', '59dd42d5-1cad-49b3-a9c2-035e0575077b', 'en'),
(33, 33, 'lobby_s_topics', 'e263cab7-a3a0-4068-83d4-8499cd426dbf', 'en'),
(34, 34, 'lobby_s_topics', 'e08ef9c1-edbb-4868-a267-6a66963a7ab4', 'en'),
(35, 35, 'lobby_s_topics', '3c99863a-3651-497a-94a0-2abb88d52587', 'en'),
(36, 36, 'lobby_s_topics', 'f104b1a0-4713-4454-bd9a-499baee610e4', 'en'),
(37, 37, 'lobby_s_topics', 'b03ad781-3c53-4b57-b6ba-6357c45d4091', 'en'),
(38, 38, 'lobby_s_topics', 'ec553745-9281-490b-8810-0feef9d010f6', 'en'),
(39, 39, 'lobby_s_topics', '5a52c0a7-9304-48fa-bbda-4462a16e0e16', 'en'),
(40, 40, 'lobby_s_topics', '76c7d8c8-9bbc-4cd4-a252-8415c1981b84', 'en'),
(41, 41, 'lobby_s_topics', '9e69600c-aa4c-4eb0-b639-82e00d915d1a', 'en'),
(42, 42, 'lobby_s_topics', '65eb9034-2619-4498-ba90-e26385cfb64e', 'en'),
(43, 43, 'lobby_s_topics', 'eeea828c-c26e-41af-a5e2-78e140d2fb5d', 'en'),
(44, 44, 'lobby_s_topics', '5d0bb7b0-7d0d-43d2-ac5b-7a07e3374793', 'en'),
(45, 45, 'lobby_s_topics', '9ad3476e-fe8a-4a2d-abe0-da08f2920776', 'en'),
(46, 46, 'lobbyist_s_portfolios', 'd30dfa37-bc49-4334-80f7-1c84f13e3dcf', 'en'),
(47, 47, 'lobbyist_s_portfolios', '6affa588-0cd4-4ab0-a65c-402eb0dac265', 'en'),
(48, 48, 'lobbyist_s_portfolios', '96bb0680-03aa-4be7-8d1f-83aee73fe6ba', 'en'),
(49, 49, 'lobbyist_s_portfolios', '7679c788-6b5a-4d01-a9b0-5008df6db9b6', 'en'),
(50, 50, 'lobbyist_s_portfolios', 'abdda437-200b-4589-8952-28e0dcd1e165', 'en'),
(51, 51, 'lobbyist_s_portfolios', '39efbcec-9d2f-4e1c-9ec3-75e1ea07c2c2', 'en'),
(52, 52, 'lobbyist_s_portfolios', 'c70a3efb-41e5-43d0-ab68-c36818eb5013', 'en'),
(53, 53, 'lobbyist_s_portfolios', 'e199e81b-3136-45c3-91a2-33b69af9e220', 'en'),
(54, 54, 'lobbyist_s_portfolios', '77d4a678-f0aa-49b3-938f-feabf293fea6', 'en'),
(55, 55, 'lobbyist_s_portfolios', '90a53405-86f3-4f5c-8265-85c2cf8c1e43', 'en'),
(56, 56, 'lobbyist_s_portfolios', '971797e1-e8e0-4df0-be2c-39654c665b07', 'en'),
(57, 57, 'lobbyist_s_portfolios', 'cfa8ae17-8e23-4e4e-a523-5e2b64a6c31b', 'en'),
(58, 58, 'lobbyist_s_portfolios', '60b759d4-a12e-4258-a320-a3af9e6f129f', 'en'),
(59, 59, 'lobbyist_s_portfolios', '7dfc1332-dde7-42c7-a813-d4ee54caf3e2', 'en'),
(60, 60, 'lobbyist_s_portfolios', '621a38db-83f1-47f0-a2a1-44c8aa898d28', 'en'),
(61, 61, 'lobbyist_s_portfolios', 'a85840a4-f654-48d8-804a-5181d6df7adc', 'en'),
(62, 62, 'lobbyist_s_portfolios', '7347f65c-00fa-4339-bacf-3b8f7a222913', 'en'),
(63, 63, 'lobbyist_s_portfolios', 'b15b6f80-9c18-49e1-87d7-4eb6b518623d', 'en'),
(64, 64, 'lobbyist_s_portfolios', '96761891-051b-4ef4-8657-6eeda12c1122', 'en'),
(65, 65, 'lobbyist_s_portfolios', 'a95106ac-8c52-4fd0-9c85-323adce89ba2', 'en'),
(66, 66, 'lobbyist_s_portfolios', 'a5dacca5-3372-46e1-a287-32545da664a0', 'en'),
(67, 67, 'lobbyist_s_portfolios', '7da9877b-0fc8-46dc-bb8d-25835693d8f6', 'en'),
(68, 68, 'lobbyist_s_portfolios', '366482d9-c6f5-4e33-a091-f36696174dda', 'en'),
(69, 69, 'lobbyist_s_portfolios', 'fa93b101-8213-492d-84ac-37c84977f421', 'en'),
(70, 70, 'lobbyist_s_portfolios', '82cb51c8-815b-46da-b1af-e766667bd4c6', 'en'),
(71, 71, 'lobbyist_s_portfolios', '3b2e44d1-c594-45d1-a0a4-9514b095d25c', 'en'),
(72, 72, 'lobbyist_s_portfolios', '1175c609-bb76-48b9-bc4e-be0c3588c30d', 'en'),
(73, 73, 'lobbyist_s_portfolios', '084e2f31-a9ed-424d-b2f2-7a0d01bc769e', 'en'),
(74, 74, 'lobbyist_s_portfolios', 'd5c39e06-b09a-47e6-8a14-9073f89516aa', 'en'),
(75, 75, 'lobbyist_s_portfolios', '583b0c24-f8aa-437e-818f-f2988f19cdea', 'en'),
(76, 76, 'lobbyist_s_portfolios', 'd4e46825-b768-4e4a-8cdc-590caa1da9be', 'en'),
(77, 77, 'lobbyist_s_portfolios', '170ee7b3-1f64-496e-816e-6c1acb33e58a', 'en'),
(78, 78, 'lobbyist_s_portfolios', '04a2088a-ea93-44ad-bf11-dd6a54defe1b', 'en'),
(79, 79, 'lobbyist_s_portfolios', '7eeb5a43-e2f0-4ee0-aa95-5a51993213f6', 'en'),
(80, 80, 'lobbyist_s_portfolios', 'e83c9f9a-f6ba-449e-b599-3e601a087b7a', 'en'),
(81, 81, 'lobbyist_s_portfolios', '57c15cb2-5298-4874-bb4f-9c87960ff641', 'en'),
(82, 82, 'lobbyist_s_portfolios', '89ff4fc1-c472-44b5-94c9-580561ebf135', 'en'),
(83, 83, 'lobbyist_s_portfolios', '94156883-d208-4163-ac2b-86c853e892a4', 'en'),
(84, 84, 'lobbyist_s_portfolios', '82be3e47-2445-4173-9b68-3513f75070c0', 'en'),
(85, 85, 'lobbyist_s_portfolios', 'fdca3e4e-2f75-4c1f-ab82-fe69c9ea34e3', 'en'),
(86, 86, 'lobbyist_s_portfolios', '577e8331-d847-4f9e-9dcf-8ecca62f2e4d', 'en'),
(87, 87, 'lobbyist_s_portfolios', '12aa3dd9-9fa1-4575-9032-8e7f292621ea', 'en'),
(88, 88, 'lobbyist_s_portfolios', 'e5e3b5a8-79f2-4975-a65b-6bef108c1ec9', 'en'),
(89, 89, 'lobbyist_s_portfolios', '84267c82-2dc6-4bbb-8558-72491ece31bd', 'en'),
(90, 90, 'lobbyist_s_portfolios', 'e974e238-ebad-4e6c-8885-2f1966580c16', 'en'),
(91, 91, 'lobbyist_s_portfolios', '5f2d9640-c483-4601-b852-3f4c29e2b31a', 'en'),
(92, 92, 'lobbyist_s_portfolios', '01eadb2d-f29e-41d3-ba57-cdf8cec9aba4', 'en'),
(93, 93, 'lobbyist_s_portfolios', 'ad316b3d-fb1b-43a5-9a05-2717a80d545d', 'en'),
(94, 94, 'lobbyist_s_portfolios', '2efc883a-2010-4188-9e89-ce41d82e7fba', 'en'),
(95, 95, 'lobbyist_s_portfolios', '7939572b-2b3a-4970-b8e3-f3ed943ce984', 'en'),
(96, 96, 'lobbyist_s_portfolios', 'bd06048b-76c3-4931-8f91-814a19e3ac1d', 'en'),
(97, 97, 'lobbyist_s_portfolios', '8230eec4-8100-4942-b073-f6fada9de036', 'en'),
(98, 98, 'lobbyist_s_portfolios', 'd447ed66-dad0-4b9a-bd66-70e5ebc6f39c', 'en'),
(99, 99, 'lobbyist_s_portfolios', '4f351609-eb41-489b-98a6-07dcff928547', 'en'),
(100, 100, 'lobbyist_s_portfolios', '2215e246-9214-445d-9e8d-41dc08fc6697', 'en'),
(101, 101, 'lobbyist_s_portfolios', '82d7fe30-c842-485e-86fb-ed06eba91ee8', 'en'),
(102, 102, 'lobbyist_s_portfolios', '73651693-a3b8-490d-9b37-aba7609188d8', 'en'),
(103, 103, 'lobbyist_s_portfolios', 'aeee1e9c-81a1-4839-9ddf-c04edd6359e7', 'en'),
(104, 104, 'lobbyist_s_portfolios', '91eb8bff-f78a-43dc-ad8e-ae86ce018a8b', 'en'),
(105, 105, 'lobbyist_s_portfolios', 'cf575135-7acb-4ec3-b5a3-d13bc87fce54', 'en'),
(106, 106, 'lobbyist_s_portfolios', 'abd90be2-9478-47ed-b463-9de6113ed0d0', 'en'),
(107, 107, 'lobbyist_s_portfolios', '2850142d-293d-4ebf-84bc-5aacad55807e', 'en'),
(108, 108, 'lobbyist_s_portfolios', '8da8c090-7df8-405f-9cd9-4ba62df4d4e8', 'en'),
(109, 109, 'lobbyist_s_portfolios', '91f0700c-e708-4c4f-9160-0950b1c9945b', 'en'),
(110, 110, 'lobbyist_s_portfolios', 'cca64b27-5169-4344-9f50-5bbe23eb4396', 'en'),
(111, 111, 'lobbyist_s_portfolios', '0ff445a4-3f68-47b7-82bf-e44335b92f31', 'en'),
(112, 112, 'lobbyist_s_portfolios', '329736cc-bd5f-43c3-a948-d3e60f04c5e3', 'en'),
(113, 113, 'lobbyist_s_portfolios', '32ae3fb2-98e0-43fb-954a-3e3bd6b90e38', 'en'),
(114, 114, 'lobbyist_s_portfolios', '66a55340-f9e3-4516-98fe-361865a670a2', 'en'),
(115, 115, 'lobbyist_s_portfolios', 'b29b700d-1199-4648-b46e-51ccd1e4c60e', 'en'),
(116, 116, 'lobbyist_s_portfolios', '402cabbe-91b9-4573-a117-f41af652c742', 'en'),
(117, 117, 'lobbyist_s_portfolios', '0c52fb74-e6ea-4cd7-97d6-09afec1e2f82', 'en'),
(118, 118, 'lobbyist_s_portfolios', '8395434a-c29e-4d8b-b524-ff2f18763832', 'en'),
(119, 119, 'lobbyist_s_portfolios', '120f4c28-76a8-4ee7-a0f0-5e2a789f54f5', 'en'),
(120, 120, 'lobbyist_s_portfolios', '4d783aab-e878-4839-b3d2-a9e93b4973c5', 'en'),
(121, 121, 'lobbyist_s_portfolios', 'c28867e3-2072-4b36-a194-06d7a05703e4', 'en'),
(122, 122, 'lobbyist_s_portfolios', '8bc9ef88-696f-42c9-95ef-de3d55e4a973', 'en'),
(123, 123, 'lobbyist_s_portfolios', '9782b94e-f690-47f8-a23b-a905c78a982b', 'en'),
(124, 124, 'lobbyist_s_portfolios', '4ce84872-e89b-4a6f-b0fe-eccc3c410643', 'en'),
(125, 125, 'lobbyist_s_portfolios', 'e085a9d1-39da-4f16-bf88-a126e45ef566', 'en'),
(126, 126, 'lobbyist_s_portfolios', 'fc0cb5ad-c150-4ed7-9f69-9a078d9c5f8d', 'en'),
(127, 127, 'lobbyist_s_portfolios', '119fd8bb-d2c2-4033-a604-f183d6e427eb', 'en'),
(128, 128, 'lobbyist_s_portfolios', 'e81e1c04-074e-4ad0-8cb3-f4fa8034132b', 'en'),
(129, 129, 'lobbyist_s_portfolios', '25ae3c43-9730-40b5-9615-3449c2b010bd', 'en'),
(130, 130, 'lobbyist_s_portfolios', '13aabc26-62a0-4a27-aba8-f534b8350af4', 'en'),
(131, 131, 'lobbyist_s_portfolios', '391850c9-4992-4690-b05d-f3569e12de29', 'en'),
(132, 132, 'lobbyist_s_portfolios', '195490c7-b64d-4579-a5cf-596a041e72e7', 'en'),
(133, 133, 'lobbyist_s_portfolios', '3cdcdc29-4a05-4ab3-afe6-b3f177f50929', 'en'),
(134, 134, 'lobbyist_s_portfolios', 'ecc84282-d2c1-4989-8eac-f25114e709b7', 'en'),
(135, 135, 'lobbyist_s_portfolios', '31961b17-bffd-4e85-a3e9-15baa9f797bc', 'en'),
(136, 136, 'lobbyist_s_portfolios', 'db443a84-9689-4f03-8969-6932468757fc', 'en'),
(137, 137, 'lobbyist_s_portfolios', '14a9ce7c-855c-43ee-86fc-252bd3080bde', 'en'),
(138, 138, 'lobbyist_s_portfolios', '402d926e-884c-48c2-933f-e5f1bde0de0a', 'en'),
(139, 139, 'lobbyist_s_portfolios', '41231c63-24a8-46e5-98a2-e00e348479ca', 'en'),
(140, 140, 'lobbyist_s_portfolios', '74b3d6dc-8e05-4cfe-a9d4-a169d70764d1', 'en'),
(141, 141, 'lobbyist_s_portfolios', 'd7179dcd-a262-4c3b-9629-1446761d2a26', 'en'),
(142, 142, 'lobbyist_s_portfolios', '0bf886d2-8fba-4d70-816e-29a8331bd79e', 'en'),
(143, 143, 'lobbyist_s_portfolios', '5da1de27-a6ba-401e-944e-106a38b736b1', 'en'),
(144, 144, 'lobbyist_s_portfolios', '0d33c555-bd44-4bf2-852d-fa8ed893368b', 'en'),
(145, 145, 'lobbyist_s_portfolios', '44d79888-3f8d-48a9-9bb8-1aa2b7a69484', 'en'),
(146, 146, 'lobbyist_s_portfolios', 'f6a275a4-b140-4516-bbad-68afd54edd88', 'en'),
(147, 147, 'lobbyist_s_portfolios', 'fc6ffff5-64b7-452b-bcae-f18e7add2eae', 'en'),
(148, 148, 'lobbyist_s_portfolios', '588df368-9ce5-416d-89c4-9b1489809b3c', 'en'),
(149, 149, 'lobbyist_s_portfolios', '8ebe43f1-b78b-459d-9c12-6d7b880034a8', 'en'),
(150, 150, 'lobbyist_s_portfolios', '411513e4-361a-4e94-844c-97eadfd58b51', 'en'),
(151, 151, 'lobbyist_s_portfolios', 'cb669657-54a2-4b07-9128-e41d2103ca98', 'en'),
(152, 152, 'lobbyist_s_portfolios', '5c25baa2-b340-4f75-a9dd-dff258515465', 'en'),
(153, 153, 'lobbyist_s_portfolios', '02627ba1-ccb5-4508-8466-e5ee6e71b4be', 'en'),
(154, 154, 'lobbyist_s_portfolios', '534064f5-4f7e-42a6-83fd-17bafe41355e', 'en'),
(155, 155, 'lobbyist_s_portfolios', '9d5b5f35-bfaf-4e4d-899c-01741a858d12', 'en'),
(156, 156, 'lobbyist_s_portfolios', '1fa8aa01-561b-4949-b846-a75f5455ed68', 'en'),
(157, 157, 'lobbyist_s_portfolios', 'fe0d4bc5-b10d-4118-9119-46db72be7194', 'en'),
(158, 158, 'lobbyist_s_portfolios', 'ef373b71-9e66-4906-a044-03ebca41d0cf', 'en'),
(159, 159, 'lobbyist_s_portfolios', '7f933db9-6135-42fd-91c8-252ce5ac33b0', 'en'),
(160, 160, 'lobbyist_s_portfolios', '84826a35-3dc9-4831-9a3b-3c4a348bbaee', 'en'),
(161, 161, 'lobbyist_s_portfolios', 'a4d7cdd2-6133-4229-ba21-5d854941f20b', 'en'),
(162, 162, 'lobbyist_s_portfolios', '6806f6f3-a82e-4ab4-baf0-ce72f9c089c6', 'en'),
(163, 163, 'lobbyist_s_portfolios', '7c2ca45d-9abd-40f7-8555-8624acbd27bd', 'en'),
(164, 164, 'lobbyist_s_portfolios', 'b8cd0a9a-6064-4fb5-9e26-6a6e308b6d1a', 'en'),
(165, 165, 'lobbyist_s_portfolios', '96af9ad5-ab98-43ec-a1ae-41cefbc8a743', 'en'),
(166, 166, 'lobbyist_s_portfolios', '47d666b2-9df3-4350-9589-a17db8ab27e5', 'en'),
(167, 167, 'lobbyist_s_portfolios', '2988b711-78ea-4766-86c2-38f235a63e38', 'en'),
(168, 168, 'lobbyist_s_portfolios', 'f16d8b5d-ade2-4282-a68f-97796e6f2cc5', 'en'),
(169, 169, 'lobbyist_s_portfolios', '56912fb0-76e3-4260-85a0-6a5d8478161e', 'en'),
(170, 170, 'lobbyist_s_portfolios', '55db1582-367d-48a4-b160-f1d654ec7c3a', 'en'),
(171, 171, 'lobbyist_s_portfolios', '3f0bc093-b5c9-456f-b86e-b2058dd500ba', 'en'),
(172, 172, 'lobbyist_s_portfolios', 'df7b4f10-3adc-4923-898c-814c9ed28e22', 'en'),
(173, 173, 'lobbyist_s_portfolios', '2093eb58-89cb-421d-adf6-fd8590b5b959', 'en'),
(174, 174, 'lobbyist_s_portfolios', 'd3c3a945-9627-4a16-ad7f-10956e414888', 'en'),
(175, 175, 'lobbyist_s_portfolios', '98d2d13e-8756-4877-8fbc-66123d9de548', 'en'),
(176, 176, 'lobbyist_s_portfolios', 'f7024039-2be7-475c-909c-1e543933cf04', 'en'),
(177, 177, 'lobbyist_s_portfolios', 'e2dd8b70-cdbc-4415-8a84-d3bc1cb04c90', 'en'),
(178, 178, 'lobbyist_s_portfolios', '34982227-f7bb-4611-82e9-9d5b68de2b54', 'en'),
(179, 179, 'lobbyist_s_portfolios', '414efe26-6353-4e45-bd28-2010823a5cc7', 'en'),
(180, 180, 'lobbyist_s_portfolios', 'd29be0cf-229b-4126-924b-0238b0d8cc3d', 'en'),
(181, 181, 'lobbyist_s_portfolios', '8b74618d-e03e-4dbb-982f-97af29a20b20', 'en'),
(182, 182, 'lobbyist_s_portfolios', '7d7ab46c-6f12-4c27-a7b4-e1888b3e43c5', 'en');

-- --------------------------------------------------------

--
-- Table structure for table `taxonomy_term_field_data`
--

CREATE TABLE `taxonomy_term_field_data` (
  `tid` int UNSIGNED NOT NULL,
  `revision_id` int UNSIGNED NOT NULL,
  `vid` varchar(32) CHARACTER SET ascii COLLATE ascii_general_ci NOT NULL COMMENT 'The ID of the target entity.',
  `langcode` varchar(12) CHARACTER SET ascii COLLATE ascii_general_ci NOT NULL,
  `status` tinyint NOT NULL,
  `name` varchar(255) NOT NULL,
  `description__value` longtext,
  `description__format` varchar(255) CHARACTER SET ascii COLLATE ascii_general_ci DEFAULT NULL,
  `weight` int NOT NULL,
  `changed` int DEFAULT NULL,
  `default_langcode` tinyint NOT NULL,
  `revision_translation_affected` tinyint DEFAULT NULL,
  `content_translation_source` varchar(12) CHARACTER SET ascii COLLATE ascii_general_ci DEFAULT NULL,
  `content_translation_outdated` tinyint DEFAULT NULL,
  `content_translation_uid` int UNSIGNED DEFAULT NULL COMMENT 'The ID of the target entity.',
  `content_translation_created` int DEFAULT NULL
) ENGINE=InnoDB DEFAULT CHARSET=utf8mb4 COLLATE=utf8mb4_general_ci COMMENT='The data table for taxonomy_term entities.';

--
-- Dumping data for table `taxonomy_term_field_data`
--

INSERT INTO `taxonomy_term_field_data` (`tid`, `revision_id`, `vid`, `langcode`, `status`, `name`, `description__value`, `description__format`, `weight`, `changed`, `default_langcode`, `revision_translation_affected`, `content_translation_source`, `content_translation_outdated`, `content_translation_uid`, `content_translation_created`) VALUES
(1, 1, 'lobby_s_topics', 'en', 1, 'Aboriginal Relations', NULL, NULL, 0, 1769982433, 1, 1, 'und', 0, NULL, NULL),
(1, 1, 'lobby_s_topics', 'fr', 1, 'Relations avec les Autochtones', NULL, NULL, 0, 1770722809, 0, 1, 'en', 0, 1, 1770722809),
(2, 2, 'lobby_s_topics', 'en', 1, 'Agriculture', NULL, NULL, 0, 1769982463, 1, 1, 'und', 0, NULL, NULL),
(2, 2, 'lobby_s_topics', 'fr', 1, 'Agriculture', NULL, NULL, 0, 1770722839, 0, 1, 'en', 0, 1, 1770722839),
(3, 3, 'lobby_s_topics', 'en', 1, 'Arts and culture', NULL, NULL, 0, 1769982471, 1, 1, 'und', 0, NULL, NULL),
(3, 3, 'lobby_s_topics', 'fr', 1, 'Arts et culture', NULL, NULL, 0, 1770722875, 0, 1, 'en', 0, 1, 1770722875),
(4, 4, 'lobby_s_topics', 'en', 1, 'Budget', NULL, NULL, 0, 1769982477, 1, 1, 'und', 0, NULL, NULL),
(4, 4, 'lobby_s_topics', 'fr', 1, 'Budget', NULL, NULL, 0, 1770722924, 0, 1, 'en', 0, 1, 1770722924),
(5, 5, 'lobby_s_topics', 'en', 1, 'College / University', NULL, NULL, 0, 1769982486, 1, 1, 'und', 0, NULL, NULL),
(5, 5, 'lobby_s_topics', 'fr', 1, 'Collège/Université', NULL, NULL, 0, 1770722959, 0, 1, 'en', 0, 1, 1770722959),
(6, 6, 'lobby_s_topics', 'en', 1, 'Conservation', NULL, NULL, 0, 1769982502, 1, 1, 'und', 0, NULL, NULL),
(6, 6, 'lobby_s_topics', 'fr', 1, 'Conservation', NULL, NULL, 0, 1770722989, 0, 1, 'en', 0, 1, 1770722989),
(7, 7, 'lobby_s_topics', 'en', 1, 'Constitutional issues', NULL, NULL, 0, 1769982509, 1, 1, 'und', 0, NULL, NULL),
(7, 7, 'lobby_s_topics', 'fr', 1, 'Enjeux constitutionnels', NULL, NULL, 0, 1770723030, 0, 1, 'en', 0, 1, 1770723030),
(8, 8, 'lobby_s_topics', 'en', 1, 'Economic development and trade', NULL, NULL, 0, 1769982518, 1, 1, 'und', 0, NULL, NULL),
(8, 8, 'lobby_s_topics', 'fr', 1, 'Développement économique et commerce', NULL, NULL, 0, 1770723065, 0, 1, 'en', 0, 1, 1770723065),
(9, 9, 'lobby_s_topics', 'en', 1, 'Education', NULL, NULL, 0, 1769982523, 1, 1, 'und', 0, NULL, NULL),
(9, 9, 'lobby_s_topics', 'fr', 1, 'Éducation', NULL, NULL, 0, 1770723107, 0, 1, 'en', 0, 1, 1770723107),
(10, 10, 'lobby_s_topics', 'en', 1, 'Employment and training', NULL, NULL, 0, 1769982532, 1, 1, 'und', 0, NULL, NULL),
(11, 11, 'lobby_s_topics', 'en', 1, 'Energy', NULL, NULL, 0, 1769982538, 1, 1, 'und', 0, NULL, NULL),
(11, 11, 'lobby_s_topics', 'fr', 1, 'Énergie', NULL, NULL, 0, 1770723198, 0, 1, 'en', 0, 1, 1770723198),
(12, 12, 'lobby_s_topics', 'en', 1, 'Environment', NULL, NULL, 0, 1769982547, 1, 1, 'und', 0, NULL, NULL),
(12, 12, 'lobby_s_topics', 'fr', 1, 'Environment', NULL, NULL, 0, 1770723249, 0, 1, 'en', 0, 1, 1770723235),
(13, 13, 'lobby_s_topics', 'en', 1, 'Financial institutions', NULL, NULL, 0, 1769982559, 1, 1, 'und', 0, NULL, NULL),
(13, 13, 'lobby_s_topics', 'fr', 1, 'Institutions financières', NULL, NULL, 0, 1770723288, 0, 1, 'en', 0, 1, 1770723288),
(14, 14, 'lobby_s_topics', 'en', 1, 'Fisheries', NULL, NULL, 0, 1769982573, 1, 1, 'und', 0, NULL, NULL),
(14, 14, 'lobby_s_topics', 'fr', 1, 'Pêches', NULL, NULL, 0, 1770723326, 0, 1, 'en', 0, 1, 1770723326),
(15, 15, 'lobby_s_topics', 'en', 1, 'Forestry', NULL, NULL, 0, 1769982580, 1, 1, 'und', 0, NULL, NULL),
(15, 15, 'lobby_s_topics', 'fr', 1, 'Foresterie', NULL, NULL, 0, 1770723369, 0, 1, 'en', 0, 1, 1770723369),
(16, 16, 'lobby_s_topics', 'en', 1, 'Gaming and lotteries', NULL, NULL, 0, 1769982586, 1, 1, 'und', 0, NULL, NULL),
(16, 16, 'lobby_s_topics', 'fr', 1, 'Jeux et loteries', NULL, NULL, 0, 1770723404, 0, 1, 'en', 0, 1, 1770723404),
(17, 17, 'lobby_s_topics', 'en', 1, 'Government procurement', NULL, NULL, 0, 1769982593, 1, 1, 'und', 0, NULL, NULL),
(17, 17, 'lobby_s_topics', 'fr', 1, 'Processus d’approvisionnement du gouvernement', NULL, NULL, 0, 1770723433, 0, 1, 'en', 0, 1, 1770723433),
(18, 18, 'lobby_s_topics', 'en', 1, 'Health', NULL, NULL, 0, 1769982600, 1, 1, 'und', 0, NULL, NULL),
(18, 18, 'lobby_s_topics', 'fr', 1, 'Santé', NULL, NULL, 0, 1770723465, 0, 1, 'en', 0, 1, 1770723465),
(19, 19, 'lobby_s_topics', 'en', 1, 'Highways', NULL, NULL, 0, 1769982605, 1, 1, 'und', 0, NULL, NULL),
(20, 20, 'lobby_s_topics', 'en', 1, 'Hospitals', NULL, NULL, 0, 1769982611, 1, 1, 'und', 0, NULL, NULL),
(21, 21, 'lobby_s_topics', 'en', 1, 'Housing', NULL, NULL, 0, 1769982617, 1, 1, 'und', 0, NULL, NULL),
(22, 22, 'lobby_s_topics', 'en', 1, 'Hunting or trapping', NULL, NULL, 0, 1769982624, 1, 1, 'und', 0, NULL, NULL),
(22, 22, 'lobby_s_topics', 'fr', 1, 'Chasse ou piégeage', NULL, NULL, 0, 1770723601, 0, 1, 'en', 0, 1, 1770723601),
(23, 23, 'lobby_s_topics', 'en', 1, 'Industry', NULL, NULL, 0, 1769982631, 1, 1, 'und', 0, NULL, NULL),
(23, 23, 'lobby_s_topics', 'fr', 1, 'Industrie', NULL, NULL, 0, 1770723632, 0, 1, 'en', 0, 1, 1770723632),
(24, 24, 'lobby_s_topics', 'en', 1, 'Information technology', NULL, NULL, 0, 1769982639, 1, 1, 'und', 0, NULL, NULL),
(24, 24, 'lobby_s_topics', 'fr', 1, 'Technologies de l’information', NULL, NULL, 0, 1770723662, 0, 1, 'en', 0, 1, 1770723662),
(25, 25, 'lobby_s_topics', 'en', 1, 'Infrastructure', NULL, NULL, 0, 1769982653, 1, 1, 'und', 0, NULL, NULL),
(25, 25, 'lobby_s_topics', 'fr', 1, 'Infrastructure', NULL, NULL, 0, 1770723686, 0, 1, 'en', 0, 1, 1770723686),
(26, 26, 'lobby_s_topics', 'en', 1, 'Insurance', NULL, NULL, 0, 1769982658, 1, 1, 'und', 0, NULL, NULL),
(26, 26, 'lobby_s_topics', 'fr', 1, 'Assurance', NULL, NULL, 0, 1770723772, 0, 1, 'en', 0, 1, 1770723772),
(27, 27, 'lobby_s_topics', 'en', 1, 'Justice and enforcement', NULL, NULL, 0, 1769982665, 1, 1, 'und', 0, NULL, NULL),
(27, 27, 'lobby_s_topics', 'fr', 1, 'Justice et application de la loi', NULL, NULL, 0, 1770723826, 0, 1, 'en', 0, 1, 1770723826),
(28, 28, 'lobby_s_topics', 'en', 1, 'Labour', NULL, NULL, 0, 1769982673, 1, 1, 'und', 0, NULL, NULL),
(28, 28, 'lobby_s_topics', 'fr', 1, 'Main-d’œuvre', NULL, NULL, 0, 1770723862, 0, 1, 'en', 0, 1, 1770723862),
(29, 29, 'lobby_s_topics', 'en', 1, 'Liquor control', NULL, NULL, 0, 1769982679, 1, 1, 'und', 0, NULL, NULL),
(29, 29, 'lobby_s_topics', 'fr', 1, 'Réglementation des alcools', NULL, NULL, 0, 1770723895, 0, 1, 'en', 0, 1, 1770723895),
(30, 30, 'lobby_s_topics', 'en', 1, 'Manufacturing', NULL, NULL, 0, 1769982684, 1, 1, 'und', 0, NULL, NULL),
(30, 30, 'lobby_s_topics', 'fr', 1, 'Secteur manufacturier', NULL, NULL, 0, 1770723931, 0, 1, 'en', 0, 1, 1770723931),
(31, 31, 'lobby_s_topics', 'en', 1, 'Mining', NULL, NULL, 0, 1769982690, 1, 1, 'und', 0, NULL, NULL),
(31, 31, 'lobby_s_topics', 'fr', 1, 'Mines', NULL, NULL, 0, 1770723967, 0, 1, 'en', 0, 1, 1770723967),
(32, 32, 'lobby_s_topics', 'en', 1, 'Municipalities', NULL, NULL, 0, 1769982698, 1, 1, 'und', 0, NULL, NULL),
(32, 32, 'lobby_s_topics', 'fr', 1, 'Municipalités', NULL, NULL, 0, 1770723996, 0, 1, 'en', 0, 1, 1770723996),
(33, 33, 'lobby_s_topics', 'en', 1, 'Pension and benefits', NULL, NULL, 0, 1769982710, 1, 1, 'und', 0, NULL, NULL),
(33, 33, 'lobby_s_topics', 'fr', 1, 'Retraite et avantages sociaux', NULL, NULL, 0, 1770724034, 0, 1, 'en', 0, 1, 1770724034),
(34, 34, 'lobby_s_topics', 'en', 1, 'Privatization and outsourcing', NULL, NULL, 0, 1769982718, 1, 1, 'und', 0, NULL, NULL),
(34, 34, 'lobby_s_topics', 'fr', 1, 'Privatisation et externalisation', NULL, NULL, 0, 1770724073, 0, 1, 'en', 0, 1, 1770724073),
(35, 35, 'lobby_s_topics', 'en', 1, 'Regional development', NULL, NULL, 0, 1769982724, 1, 1, 'und', 0, NULL, NULL),
(35, 35, 'lobby_s_topics', 'fr', 1, 'Développement régional', NULL, NULL, 0, 1770724111, 0, 1, 'en', 0, 1, 1770724111),
(36, 36, 'lobby_s_topics', 'en', 1, 'Research and development', NULL, NULL, 0, 1769982729, 1, 1, 'und', 0, NULL, NULL),
(36, 36, 'lobby_s_topics', 'fr', 1, 'Recherche et développement', NULL, NULL, 0, 1770724147, 0, 1, 'en', 0, 1, 1770724147),
(37, 37, 'lobby_s_topics', 'en', 1, 'Science and technology', NULL, NULL, 0, 1769982735, 1, 1, 'und', 0, NULL, NULL),
(37, 37, 'lobby_s_topics', 'fr', 1, 'Sciences et technologie', NULL, NULL, 0, 1770724179, 0, 1, 'en', 0, 1, 1770724179),
(38, 38, 'lobby_s_topics', 'en', 1, 'Small business', NULL, NULL, 0, 1769982748, 1, 1, 'und', 0, NULL, NULL),
(38, 38, 'lobby_s_topics', 'fr', 1, 'Petites entreprises', NULL, NULL, 0, 1770724211, 0, 1, 'en', 0, 1, 1770724211),
(39, 39, 'lobby_s_topics', 'en', 1, 'Social assistance', NULL, NULL, 0, 1769982754, 1, 1, 'und', 0, NULL, NULL),
(39, 39, 'lobby_s_topics', 'fr', 1, 'Aide sociale', NULL, NULL, 0, 1770724241, 0, 1, 'en', 0, 1, 1770724241),
(40, 40, 'lobby_s_topics', 'en', 1, 'Sports and recreation', NULL, NULL, 0, 1769982761, 1, 1, 'und', 0, NULL, NULL),
(40, 40, 'lobby_s_topics', 'fr', 1, 'Sports et loisirs', NULL, NULL, 0, 1770724283, 0, 1, 'en', 0, 1, 1770724283),
(41, 41, 'lobby_s_topics', 'en', 1, 'Taxation', NULL, NULL, 0, 1769982765, 1, 1, 'und', 0, NULL, NULL),
(41, 41, 'lobby_s_topics', 'fr', 1, 'Fiscalité', NULL, NULL, 0, 1770724318, 0, 1, 'en', 0, 1, 1770724318),
(42, 42, 'lobby_s_topics', 'en', 1, 'Telecommunications', NULL, NULL, 0, 1769982772, 1, 1, 'und', 0, NULL, NULL),
(42, 42, 'lobby_s_topics', 'fr', 1, 'Télécommunications', NULL, NULL, 0, 1770724351, 0, 1, 'en', 0, 1, 1770724351),
(43, 43, 'lobby_s_topics', 'en', 1, 'Tourism', NULL, NULL, 0, 1769982777, 1, 1, 'und', 0, NULL, NULL),
(43, 43, 'lobby_s_topics', 'fr', 1, 'Tourism', NULL, NULL, 0, 1770724377, 0, 1, 'en', 0, 1, 1770724377),
(44, 44, 'lobby_s_topics', 'en', 1, 'Transportation', NULL, NULL, 0, 1769982785, 1, 1, 'und', 0, NULL, NULL),
(44, 44, 'lobby_s_topics', 'fr', 1, 'Transport', NULL, NULL, 0, 1770724408, 0, 1, 'en', 0, 1, 1770724408),
(45, 45, 'lobby_s_topics', 'en', 1, 'Other', NULL, NULL, 0, 1769982790, 1, 1, 'und', 0, NULL, NULL),
(45, 45, 'lobby_s_topics', 'fr', 1, 'Autre', NULL, NULL, 0, 1770724439, 0, 1, 'en', 0, 1, 1770724439),
(46, 46, 'lobbyist_s_portfolios', 'en', 1, 'President or Deputy Head of a Government Department or Crown Corporation', NULL, NULL, 0, 1769983158, 1, 1, 'und', 0, NULL, NULL),
(46, 46, 'lobbyist_s_portfolios', 'fr', 1, 'Président ou administrateur général d’un ministère du gouvernement ou d’une société d’État', NULL, NULL, 0, 1770730687, 0, 1, 'en', 0, 1, 1770730687),
(47, 47, 'lobbyist_s_portfolios', 'en', 1, 'Secretary of Yukon Lottery Commission (Manon Moreau)', NULL, NULL, 0, 1769983194, 1, 1, 'und', 0, NULL, NULL),
(47, 47, 'lobbyist_s_portfolios', 'fr', 1, 'Secrétaire de la Commission des loteries du Yukon (Manon Moreau)', NULL, NULL, 0, 1770730749, 0, 1, 'en', 0, 1, 1770730749),
(48, 48, 'lobbyist_s_portfolios', 'en', 1, 'Secretary of Yukon Lottery Commission (Dennis Berry)', NULL, NULL, 0, 1769983204, 1, 1, 'und', 0, NULL, NULL),
(49, 49, 'lobbyist_s_portfolios', 'en', 1, 'Public Service Commissioner (Pamela Muir)', NULL, NULL, 0, 1769983215, 1, 1, 'und', 0, NULL, NULL),
(49, 49, 'lobbyist_s_portfolios', 'fr', 1, 'Commissaire de la fonction publique (Pamela Muir)', NULL, NULL, 0, 1770730827, 0, 1, 'en', 0, 1, 1770730827),
(50, 50, 'lobbyist_s_portfolios', 'en', 1, 'Public Service Commissioner (Sherri Young)', NULL, NULL, 0, 1769983225, 1, 1, 'und', 0, NULL, NULL),
(51, 51, 'lobbyist_s_portfolios', 'en', 1, 'President of Yukon Liquor Corporation (Dennis Berry)', NULL, NULL, 0, 1769983234, 1, 1, 'und', 0, NULL, NULL),
(52, 52, 'lobbyist_s_portfolios', 'en', 1, 'President of Yukon Liquor Corporation (Manon Moreau)', NULL, NULL, 0, 1769983243, 1, 1, 'und', 0, NULL, NULL),
(52, 52, 'lobbyist_s_portfolios', 'fr', 1, 'Président de la Société des alcools du Yukon (Manon Moreau)', NULL, NULL, 0, 1770730877, 0, 1, 'en', 0, 1, 1770730877),
(53, 53, 'lobbyist_s_portfolios', 'en', 1, 'Deputy Minister of Women\'s Directorate (Valerie Royle)', NULL, NULL, 0, 1769983254, 1, 1, 'und', 0, NULL, NULL),
(53, 53, 'lobbyist_s_portfolios', 'fr', 1, 'Sous-ministre de la Direction de la condition féminine (Valerie Royle)', NULL, NULL, 0, 1770730915, 0, 1, 'en', 0, 1, 1770730915),
(54, 54, 'lobbyist_s_portfolios', 'en', 1, 'Deputy Minister of Women Gender Equity Directorate (Mary Cameron)', NULL, NULL, 0, 1769983264, 1, 1, 'und', 0, NULL, NULL),
(55, 55, 'lobbyist_s_portfolios', 'en', 1, 'President of Yukon Housing Corporation (Justin Ferbey)', NULL, NULL, 0, 1769983276, 1, 1, 'und', 0, NULL, NULL),
(56, 56, 'lobbyist_s_portfolios', 'en', 1, 'President of Yukon Housing Corporation (Pamela Hime)', NULL, NULL, 0, 1769983286, 1, 1, 'und', 0, NULL, NULL),
(57, 57, 'lobbyist_s_portfolios', 'en', 1, 'Deputy Minister of Tourism and Culture (Sierra Van der Meer)', NULL, NULL, 0, 1769983294, 1, 1, 'und', 0, NULL, NULL),
(58, 58, 'lobbyist_s_portfolios', 'en', 1, 'Deputy Minister of Tourism and Culture (Justin Ferbey)', NULL, NULL, 0, 1769983318, 1, 1, 'und', 0, NULL, NULL),
(59, 59, 'lobbyist_s_portfolios', 'en', 1, 'Deputy Minister of Tourism and Culture (Valerie Royle)', NULL, NULL, 0, 1769983326, 1, 1, 'und', 0, NULL, NULL),
(59, 59, 'lobbyist_s_portfolios', 'fr', 1, 'Sous ministre du Tourisme et de la Culture (Valerie Royle)', NULL, NULL, 0, 1770730986, 0, 1, 'en', 0, 1, 1770730986),
(60, 60, 'lobbyist_s_portfolios', 'en', 1, 'President of Yukon Energy Corporation (Andrew Hall)', NULL, NULL, 0, 1769983337, 1, 1, 'und', 0, NULL, NULL),
(61, 61, 'lobbyist_s_portfolios', 'en', 1, 'Deputy Minister of Justice (Mark Radke)', NULL, NULL, 0, 1769983346, 1, 1, 'und', 0, NULL, NULL),
(62, 62, 'lobbyist_s_portfolios', 'en', 1, 'Deputy Minister of Justice (Jeff Ford)', NULL, NULL, 0, 1769983356, 1, 1, 'und', 0, NULL, NULL),
(63, 63, 'lobbyist_s_portfolios', 'en', 1, 'Deputy Minister of Justice (John Phelps)', NULL, NULL, 0, 1769983367, 1, 1, 'und', 0, NULL, NULL),
(63, 63, 'lobbyist_s_portfolios', 'fr', 1, 'Sous-ministre de la Justice (John Phelps)', NULL, NULL, 0, 1770731044, 0, 1, 'en', 0, 1, 1770731044),
(64, 64, 'lobbyist_s_portfolios', 'en', 1, 'President of Yukon Development Corporation (Justin Ferby)', NULL, NULL, 0, 1769983380, 1, 1, 'und', 0, NULL, NULL),
(65, 65, 'lobbyist_s_portfolios', 'en', 1, 'Deputy Minister of Health and Social Services (Tiffany Boyd)', NULL, NULL, 0, 1769983388, 1, 1, 'und', 0, NULL, NULL),
(66, 66, 'lobbyist_s_portfolios', 'en', 1, 'Deputy Minister of Health and Social Services (Stephen Samis)', NULL, NULL, 0, 1769983398, 1, 1, 'und', 0, NULL, NULL),
(66, 66, 'lobbyist_s_portfolios', 'fr', 1, 'Sous-ministre de la Santé et des Affaires sociales (Stephen Samis)', NULL, NULL, 0, 1770731105, 0, 1, 'en', 0, 1, 1770731105),
(67, 67, 'lobbyist_s_portfolios', 'en', 1, 'Deputy Minister of Health and Social Services (Michael Hale)', NULL, NULL, 0, 1769983406, 1, 1, 'und', 0, NULL, NULL),
(68, 68, 'lobbyist_s_portfolios', 'en', 1, 'Deputy Minister of Health and Social Services (Ed van Randen)', NULL, NULL, 0, 1769983416, 1, 1, 'und', 0, NULL, NULL),
(69, 69, 'lobbyist_s_portfolios', 'en', 1, 'Deputy Minister of Highways and Public Works (Catherine Harwood)', NULL, NULL, 0, 1769983430, 1, 1, 'und', 0, NULL, NULL),
(70, 70, 'lobbyist_s_portfolios', 'en', 1, 'Deputy Minister of Highways and Public Works (Paul McConnell)', NULL, NULL, 0, 1769983442, 1, 1, 'und', 0, NULL, NULL),
(70, 70, 'lobbyist_s_portfolios', 'fr', 1, 'Sous ministre de la Voirie et des Travaux (Paul McConnell)', NULL, NULL, 0, 1770731175, 0, 1, 'en', 0, 1, 1770731175),
(71, 71, 'lobbyist_s_portfolios', 'en', 1, 'Deputy Minister of French Language Services Directorate (Manon Moreau)', NULL, NULL, 0, 1769983450, 1, 1, 'und', 0, NULL, NULL),
(72, 72, 'lobbyist_s_portfolios', 'en', 1, 'Deputy Minister of French Language Services Directorate (Valerie Royle)', NULL, NULL, 0, 1769983461, 1, 1, 'und', 0, NULL, NULL),
(72, 72, 'lobbyist_s_portfolios', 'fr', 1, 'Sous-ministre de la Direction des services en français (Valerie Royle)', NULL, NULL, 0, 1770731217, 0, 1, 'en', 0, 1, 1770731217),
(73, 73, 'lobbyist_s_portfolios', 'en', 1, 'Deputy Minister of Finance (Jessica Schultz)', NULL, NULL, 0, 1769983469, 1, 1, 'und', 0, NULL, NULL),
(74, 74, 'lobbyist_s_portfolios', 'en', 1, 'Deputy Minister of Finance (Scott Thompson)', NULL, NULL, 0, 1769983478, 1, 1, 'und', 0, NULL, NULL),
(74, 74, 'lobbyist_s_portfolios', 'fr', 1, 'Sous-ministre des Finances (Scott Thompson)', NULL, NULL, 0, 1770731282, 0, 1, 'en', 0, 1, 1770731282),
(75, 75, 'lobbyist_s_portfolios', 'en', 1, 'Deputy Minister of Executive Council Office (Justin Ferbey)', NULL, NULL, 0, 1769983486, 1, 1, 'und', 0, NULL, NULL),
(76, 76, 'lobbyist_s_portfolios', 'en', 1, 'Deputy Minister of Executive Council Office (Michael Hale)', NULL, NULL, 0, 1769983498, 1, 1, 'und', 0, NULL, NULL),
(77, 77, 'lobbyist_s_portfolios', 'en', 1, 'Deputy Minister of Environment (Manon Moreau)', NULL, NULL, 0, 1769983510, 1, 1, 'und', 0, NULL, NULL),
(78, 78, 'lobbyist_s_portfolios', 'en', 1, 'Deputy Minister of Executive Council Office (Stephen Mills)', NULL, NULL, 0, 1769983520, 1, 1, 'und', 0, NULL, NULL),
(78, 78, 'lobbyist_s_portfolios', 'fr', 1, 'Sous-ministre du Conseil exécutif (Stephen Mills)', NULL, NULL, 0, 1770731348, 0, 1, 'en', 0, 1, 1770731348),
(79, 79, 'lobbyist_s_portfolios', 'en', 1, 'Deputy Minister of Environment (John Bailey)', NULL, NULL, 0, 1769983529, 1, 1, 'und', 0, NULL, NULL),
(79, 79, 'lobbyist_s_portfolios', 'fr', 1, 'Sous-ministre de l’Environnement (John Bailey)', NULL, NULL, 0, 1770731391, 0, 1, 'en', 0, 1, 1770731391),
(80, 80, 'lobbyist_s_portfolios', 'en', 1, 'Deputy Minister of Energy, Mines and Resources (Samantha Paterson)', NULL, NULL, 0, 1769983540, 1, 1, 'und', 0, NULL, NULL),
(81, 81, 'lobbyist_s_portfolios', 'en', 1, 'Deputy Minister of Energy, Mines and Resources (Paul McConnell)', NULL, NULL, 0, 1769983555, 1, 1, 'und', 0, NULL, NULL),
(82, 82, 'lobbyist_s_portfolios', 'en', 1, 'Deputy Minister of Energy, Mines and Resources (Paul Moore)', NULL, NULL, 0, 1769983565, 1, 1, 'und', 0, NULL, NULL),
(82, 82, 'lobbyist_s_portfolios', 'fr', 1, 'Sous-ministre de l’Énergie, des Mines et des Ressources (Paul Moore)', NULL, NULL, 0, 1770731450, 0, 1, 'en', 0, 1, 1770731450),
(83, 83, 'lobbyist_s_portfolios', 'en', 1, 'Deputy Minister of Education (Mary Cameron)', NULL, NULL, 0, 1769983575, 1, 1, 'und', 0, NULL, NULL),
(84, 84, 'lobbyist_s_portfolios', 'en', 1, 'Deputy Minister of Education (Nicole Morgan)', NULL, NULL, 0, 1769983584, 1, 1, 'und', 0, NULL, NULL),
(84, 84, 'lobbyist_s_portfolios', 'fr', 1, 'Sous-ministre de l’Éducation (Nicole Morgan)', NULL, NULL, 0, 1770731512, 0, 1, 'en', 0, 1, 1770731512),
(85, 85, 'lobbyist_s_portfolios', 'en', 1, 'Deputy Minister of Economic Development (Michael Prochazka)', NULL, NULL, 0, 1769983594, 1, 1, 'und', 0, NULL, NULL),
(86, 86, 'lobbyist_s_portfolios', 'en', 1, 'Deputy Minister of Economic Development (Justin Ferby)', NULL, NULL, 0, 1769983603, 1, 1, 'und', 0, NULL, NULL),
(86, 86, 'lobbyist_s_portfolios', 'fr', 1, 'Sous-ministre du Développement économique (Justin Ferby)', NULL, NULL, 0, 1770731564, 0, 1, 'en', 0, 1, 1770731564),
(87, 87, 'lobbyist_s_portfolios', 'en', 1, 'Deputy Minister of Community Services (Matt King)', NULL, NULL, 0, 1769983610, 1, 1, 'und', 0, NULL, NULL),
(87, 87, 'lobbyist_s_portfolios', 'fr', 1, 'Sous-ministre des Services aux collectivités (Matt King)', NULL, NULL, 0, 1770731600, 0, 1, 'en', 0, 1, 1770731600),
(88, 88, 'lobbyist_s_portfolios', 'en', 1, 'Officer or Employee of a Yukon Crown Corporation', NULL, NULL, 0, 1769983617, 1, 1, 'und', 0, NULL, NULL),
(88, 88, 'lobbyist_s_portfolios', 'fr', 1, 'Dirigeant ou employé d’une société d’État du Yukon', NULL, NULL, 0, 1770729363, 0, 1, 'en', 0, 1, 1770729363),
(89, 89, 'lobbyist_s_portfolios', 'en', 1, 'Yukon Lottery Commission', NULL, NULL, 0, 1769983639, 1, 1, 'und', 0, NULL, NULL),
(89, 89, 'lobbyist_s_portfolios', 'fr', 1, 'Commission des loteries du Yukon', NULL, NULL, 0, 1770729416, 0, 1, 'en', 0, 1, 1770729416),
(90, 90, 'lobbyist_s_portfolios', 'en', 1, 'Yukon Liquor Corporation', NULL, NULL, 0, 1769983648, 1, 1, 'und', 0, NULL, NULL),
(90, 90, 'lobbyist_s_portfolios', 'fr', 1, 'Société des alcools du Yukon', NULL, NULL, 0, 1770729454, 0, 1, 'en', 0, 1, 1770729454),
(91, 91, 'lobbyist_s_portfolios', 'en', 1, 'Yukon Housing Corporation', NULL, NULL, 0, 1769983658, 1, 1, 'und', 0, NULL, NULL),
(91, 91, 'lobbyist_s_portfolios', 'fr', 1, 'Société d’habitation du Yukon', NULL, NULL, 0, 1770729491, 0, 1, 'en', 0, 1, 1770729491),
(92, 92, 'lobbyist_s_portfolios', 'en', 1, 'Yukon Development Corporation', NULL, NULL, 0, 1769983670, 1, 1, 'und', 0, NULL, NULL),
(92, 92, 'lobbyist_s_portfolios', 'fr', 1, 'Société de développement du Yukon', NULL, NULL, 0, 1770729528, 0, 1, 'en', 0, 1, 1770729528),
(93, 93, 'lobbyist_s_portfolios', 'en', 1, 'Officer or Employee of Government of Yukon', NULL, NULL, 0, 1769983688, 1, 1, 'und', 0, NULL, NULL),
(93, 93, 'lobbyist_s_portfolios', 'fr', 1, 'Dirigeant ou employé du gouvernement du Yukon', NULL, NULL, 0, 1770729568, 0, 1, 'en', 0, 1, 1770729568),
(94, 94, 'lobbyist_s_portfolios', 'en', 1, 'Women and Gender Equity Directorate', NULL, NULL, 0, 1769983705, 1, 1, 'und', 0, NULL, NULL),
(95, 95, 'lobbyist_s_portfolios', 'en', 1, 'Women\'s Directorate', NULL, NULL, 0, 1769983717, 1, 1, 'und', 0, NULL, NULL),
(95, 95, 'lobbyist_s_portfolios', 'fr', 1, 'Direction de la condition féminine', NULL, NULL, 0, 1770729656, 0, 1, 'en', 0, 1, 1770729656),
(96, 96, 'lobbyist_s_portfolios', 'en', 1, 'Tourism and Culture', NULL, NULL, 0, 1769983732, 1, 1, 'und', 0, NULL, NULL),
(96, 96, 'lobbyist_s_portfolios', 'fr', 1, 'Tourisme et Culture', NULL, NULL, 0, 1770729713, 0, 1, 'en', 0, 1, 1770729713),
(97, 97, 'lobbyist_s_portfolios', 'en', 1, 'Public Service Commission', NULL, NULL, 0, 1769983742, 1, 1, 'und', 0, NULL, NULL),
(97, 97, 'lobbyist_s_portfolios', 'fr', 1, 'Commission de la fonction publique', NULL, NULL, 0, 1770729753, 0, 1, 'en', 0, 1, 1770729753),
(98, 98, 'lobbyist_s_portfolios', 'en', 1, 'Justice', NULL, NULL, 0, 1769983761, 1, 1, 'und', 0, NULL, NULL),
(98, 98, 'lobbyist_s_portfolios', 'fr', 1, 'Justice', NULL, NULL, 0, 1770729785, 0, 1, 'en', 0, 1, 1770729785),
(99, 99, 'lobbyist_s_portfolios', 'en', 1, 'Highways and Public Works', NULL, NULL, 0, 1769983774, 1, 1, 'und', 0, NULL, NULL),
(99, 99, 'lobbyist_s_portfolios', 'fr', 1, 'Voirie et Travaux publics', NULL, NULL, 0, 1770729832, 0, 1, 'en', 0, 1, 1770729832),
(100, 100, 'lobbyist_s_portfolios', 'en', 1, 'Health and Social Services', NULL, NULL, 0, 1769983782, 1, 1, 'und', 0, NULL, NULL),
(100, 100, 'lobbyist_s_portfolios', 'fr', 1, 'Santé et Affaires sociales', NULL, NULL, 0, 1770729873, 0, 1, 'en', 0, 1, 1770729873),
(101, 101, 'lobbyist_s_portfolios', 'en', 1, 'French Language Services Directorate', NULL, NULL, 0, 1769983796, 1, 1, 'und', 0, NULL, NULL),
(101, 101, 'lobbyist_s_portfolios', 'fr', 1, 'Direction des services en français', NULL, NULL, 0, 1770729973, 0, 1, 'en', 0, 1, 1770729973),
(102, 102, 'lobbyist_s_portfolios', 'en', 1, 'Finance', NULL, NULL, 0, 1769983806, 1, 1, 'und', 0, NULL, NULL),
(102, 102, 'lobbyist_s_portfolios', 'fr', 1, 'Finance', NULL, NULL, 0, 1770730282, 0, 1, 'en', 0, 1, 1770730282),
(103, 103, 'lobbyist_s_portfolios', 'en', 1, 'Executive Council Office', NULL, NULL, 0, 1769983816, 1, 1, 'und', 0, NULL, NULL),
(103, 103, 'lobbyist_s_portfolios', 'fr', 1, 'Conseil exécutif', NULL, NULL, 0, 1770730143, 0, 1, 'en', 0, 1, 1770730071),
(104, 104, 'lobbyist_s_portfolios', 'en', 1, 'Environment', NULL, NULL, 0, 1769983828, 1, 1, 'und', 0, NULL, NULL),
(104, 104, 'lobbyist_s_portfolios', 'fr', 1, 'Environment', NULL, NULL, 0, 1770730438, 0, 1, 'en', 0, 1, 1770730438),
(105, 105, 'lobbyist_s_portfolios', 'en', 1, 'Energy, Mines and Resources', NULL, NULL, 0, 1769983838, 1, 1, 'und', 0, NULL, NULL),
(105, 105, 'lobbyist_s_portfolios', 'fr', 1, 'Énergie, Mines et Ressources', NULL, NULL, 0, 1770730472, 0, 1, 'en', 0, 1, 1770730472),
(106, 106, 'lobbyist_s_portfolios', 'en', 1, 'Education', NULL, NULL, 0, 1769983857, 1, 1, 'und', 0, NULL, NULL),
(107, 107, 'lobbyist_s_portfolios', 'en', 1, 'Economic Development', NULL, NULL, 0, 1769983867, 1, 1, 'und', 0, NULL, NULL),
(107, 107, 'lobbyist_s_portfolios', 'fr', 1, 'Développement économique', NULL, NULL, 0, 1770730541, 0, 1, 'en', 0, 1, 1770730541),
(108, 108, 'lobbyist_s_portfolios', 'en', 1, 'Community Services', NULL, NULL, 0, 1769983877, 1, 1, 'und', 0, NULL, NULL),
(108, 108, 'lobbyist_s_portfolios', 'fr', 1, 'Services aux collectivités', NULL, NULL, 0, 1770730583, 0, 1, 'en', 0, 1, 1770730583),
(109, 109, 'lobbyist_s_portfolios', 'en', 1, 'Ministers', NULL, NULL, 0, 1769983886, 1, 1, 'und', 0, NULL, NULL),
(109, 109, 'lobbyist_s_portfolios', 'fr', 1, 'Ministres', NULL, NULL, 0, 1770726865, 0, 1, 'en', 0, 1, 1770726865),
(110, 110, 'lobbyist_s_portfolios', 'en', 1, 'Premier (Ranj Pillai)', NULL, NULL, 0, 1769983897, 1, 1, 'und', 0, NULL, NULL),
(111, 111, 'lobbyist_s_portfolios', 'en', 1, 'Premier (Sandy Silver)', NULL, NULL, 0, 1769983908, 1, 1, 'und', 0, NULL, NULL),
(111, 111, 'lobbyist_s_portfolios', 'fr', 1, 'Premier ministre (Sandy Silver)', NULL, NULL, 0, 1770726918, 0, 1, 'en', 0, 1, 1770726918),
(112, 112, 'lobbyist_s_portfolios', 'en', 1, 'Minister Responsible for Yukon Lottery Commission (John Streicker)', NULL, NULL, 0, 1769983920, 1, 1, 'und', 0, NULL, NULL),
(112, 112, 'lobbyist_s_portfolios', 'fr', 1, 'Ministre responsable de la Commission des loteries du Yukon (John Streicker)', NULL, NULL, 0, 1770726967, 0, 1, 'en', 0, 1, 1770726967),
(113, 113, 'lobbyist_s_portfolios', 'en', 1, 'Minister Responsible for Yukon Lottery Commission (Ranj Pillai)', NULL, NULL, 0, 1769983928, 1, 1, 'und', 0, NULL, NULL),
(114, 114, 'lobbyist_s_portfolios', 'en', 1, 'Minister Responsible for Yukon Lottery Commission (Sandy Silver)', NULL, NULL, 0, 1769983940, 1, 1, 'und', 0, NULL, NULL),
(115, 115, 'lobbyist_s_portfolios', 'en', 1, 'Minister Responsible for Yukon Liquor Corporation (Sandy Silver)', NULL, NULL, 0, 1769983949, 1, 1, 'und', 0, NULL, NULL),
(116, 116, 'lobbyist_s_portfolios', 'en', 1, 'Minister Responsible for Yukon Liquor Corporation (John Streicker)', NULL, NULL, 0, 1769983960, 1, 1, 'und', 0, NULL, NULL),
(116, 116, 'lobbyist_s_portfolios', 'fr', 1, 'Ministre responsable de la Société des alcools du Yukon (John Streicker)', NULL, NULL, 0, 1770727066, 0, 1, 'en', 0, 1, 1770727066),
(117, 117, 'lobbyist_s_portfolios', 'en', 1, 'Minister Responsible for Yukon Liquor Corporation (Ranj Pillai)', NULL, NULL, 0, 1769983971, 1, 1, 'und', 0, NULL, NULL),
(117, 117, 'lobbyist_s_portfolios', 'fr', 1, 'Ministre responsable de la Société des alcools du Yukon (Ranj Pillai)', NULL, NULL, 0, 1770727120, 0, 1, 'en', 0, 1, 1770727120),
(118, 118, 'lobbyist_s_portfolios', 'en', 1, 'Minister responsible for Yukon Housing Corporation (Ranj Pilla)', NULL, NULL, 0, 1769983993, 1, 1, 'und', 0, NULL, NULL),
(118, 118, 'lobbyist_s_portfolios', 'fr', 1, 'Ministre responsable de la Société d’habitation du Yukon (Ranj Pilla)', NULL, NULL, 0, 1770727162, 0, 1, 'en', 0, 1, 1770727162),
(119, 119, 'lobbyist_s_portfolios', 'en', 1, 'Minister Responsible for Yukon Housing Corporation (Pauline Frost)', NULL, NULL, 0, 1769984002, 1, 1, 'und', 0, NULL, NULL),
(119, 119, 'lobbyist_s_portfolios', 'fr', 1, 'Ministre responsable de la Société d’habitation du Yukon (Pauline Frost)', NULL, NULL, 0, 1770727235, 0, 1, 'en', 0, 1, 1770727235),
(120, 120, 'lobbyist_s_portfolios', 'en', 1, 'Minister Responsible for Yukon Energy Corporation (John Streicker)', NULL, NULL, 0, 1769984013, 1, 1, 'und', 0, NULL, NULL),
(120, 120, 'lobbyist_s_portfolios', 'fr', 1, 'Ministre responsable de la Société d’énergie du Yukon (John Streicker)', NULL, NULL, 0, 1770727281, 0, 1, 'en', 0, 1, 1770727281),
(121, 121, 'lobbyist_s_portfolios', 'en', 1, 'Minister Responsible for Yukon Energy Corporation (Ranj Pillai)', NULL, NULL, 0, 1769984024, 1, 1, 'und', 0, NULL, NULL),
(121, 121, 'lobbyist_s_portfolios', 'fr', 1, 'Ministre responsable de la Société d’énergie du Yukon (Ranj Pillai)', NULL, NULL, 0, 1770727321, 0, 1, 'en', 0, 1, 1770727321),
(122, 122, 'lobbyist_s_portfolios', 'en', 1, 'Minister Responsible for Yukon Development Corporation (John Streicker)', NULL, NULL, 0, 1769984035, 1, 1, 'und', 0, NULL, NULL),
(122, 122, 'lobbyist_s_portfolios', 'fr', 1, 'Ministre responsable de la Société de développement du Yukon (John Streicker)', NULL, NULL, 0, 1770727388, 0, 1, 'en', 0, 1, 1770727388),
(123, 123, 'lobbyist_s_portfolios', 'en', 1, 'Minister Responsible for Yukon Development Corporation (Ranj Pillai)', NULL, NULL, 0, 1769984043, 1, 1, 'und', 0, NULL, NULL),
(123, 123, 'lobbyist_s_portfolios', 'fr', 1, 'Ministre responsable de la Société de développement du Yukon (Ranj Pillai)', NULL, NULL, 0, 1770727434, 0, 1, 'en', 0, 1, 1770727434),
(124, 124, 'lobbyist_s_portfolios', 'en', 1, 'Minister Responsible for Workers\' Safety and Compensation Board (Richard Mostyn)', NULL, NULL, 0, 1769984054, 1, 1, 'und', 0, NULL, NULL),
(125, 125, 'lobbyist_s_portfolios', 'en', 1, 'Minister Responsible for Worker\'s Compensation Health and Safety Board (Jeanie McLean)', NULL, NULL, 0, 1769984063, 1, 1, 'und', 0, NULL, NULL),
(125, 125, 'lobbyist_s_portfolios', 'fr', 1, 'Ministre responsable de la Commission de la santé et de la sécurité au travail du Yukon (Jeanie McLean)', NULL, NULL, 0, 1770727498, 0, 1, 'en', 0, 1, 1770727498),
(126, 126, 'lobbyist_s_portfolios', 'en', 1, 'Minister Responsible for Worker\'s Compensation Health and Safety Board (Richard Mostyn )', NULL, NULL, 0, 1769984072, 1, 1, 'und', 0, NULL, NULL),
(126, 126, 'lobbyist_s_portfolios', 'fr', 1, 'Ministre responsable de la Commission de la santé et de la sécurité au travail du Yukon (Richard Mostyn )', NULL, NULL, 0, 1770727538, 0, 1, 'en', 0, 1, 1770727538),
(127, 127, 'lobbyist_s_portfolios', 'en', 1, 'Minister Responsible for Women\'s Directorate (Jeanie McLean)', NULL, NULL, 0, 1769984081, 1, 1, 'und', 0, NULL, NULL),
(127, 127, 'lobbyist_s_portfolios', 'fr', 1, 'Ministre responsable de la Direction de la condition féminine (Jeanie McLean)', NULL, NULL, 0, 1770727576, 0, 1, 'en', 0, 1, 1770727576),
(128, 128, 'lobbyist_s_portfolios', 'en', 1, 'Minister Responsible for Women and Gender Equity Directorate (Jeanie Dendys)', NULL, NULL, 0, 1769984091, 1, 1, 'und', 0, NULL, NULL),
(129, 129, 'lobbyist_s_portfolios', 'en', 1, 'Minister of Tourism and Culture (John Streicker)', NULL, NULL, 0, 1769984099, 1, 1, 'und', 0, NULL, NULL),
(130, 130, 'lobbyist_s_portfolios', 'en', 1, 'Minister of Tourism and Culture (Jeanie McLean)', NULL, NULL, 0, 1769984116, 1, 1, 'und', 0, NULL, NULL),
(130, 130, 'lobbyist_s_portfolios', 'fr', 1, 'Ministre du Tourisme et de la Culture (Jeanie McLean)', NULL, NULL, 0, 1770727670, 0, 1, 'en', 0, 1, 1770727670),
(131, 131, 'lobbyist_s_portfolios', 'en', 1, 'Minister of Tourism and Culture (Ranj Pillai)', NULL, NULL, 0, 1769984126, 1, 1, 'und', 0, NULL, NULL),
(131, 131, 'lobbyist_s_portfolios', 'fr', 1, 'Ministre du Tourisme et de la Culture (Ranj Pillai)', NULL, NULL, 0, 1770727722, 0, 1, 'en', 0, 1, 1770727722),
(132, 132, 'lobbyist_s_portfolios', 'en', 1, 'Minister of Public Service Commission (Richard Mostyn)', NULL, NULL, 0, 1769984135, 1, 1, 'und', 0, NULL, NULL),
(132, 132, 'lobbyist_s_portfolios', 'fr', 1, 'Ministre de la Commission de la fonction publique (Richard Mostyn)', NULL, NULL, 0, 1770727765, 0, 1, 'en', 0, 1, 1770727765),
(133, 133, 'lobbyist_s_portfolios', 'en', 1, 'Minister of Public Service Commission (John Streicker)', NULL, NULL, 0, 1769984145, 1, 1, 'und', 0, NULL, NULL),
(133, 133, 'lobbyist_s_portfolios', 'fr', 1, 'Ministre de la Commission de la fonction publique (John Streicker)', NULL, NULL, 0, 1770727809, 0, 1, 'en', 0, 1, 1770727809),
(134, 134, 'lobbyist_s_portfolios', 'en', 1, 'Minister of Public Service Commission (Sandy Silver)', NULL, NULL, 0, 1769984154, 1, 1, 'und', 0, NULL, NULL),
(135, 135, 'lobbyist_s_portfolios', 'en', 1, 'Minister of Justice (Tracy McPhee)', NULL, NULL, 0, 1769984163, 1, 1, 'und', 0, NULL, NULL),
(135, 135, 'lobbyist_s_portfolios', 'fr', 1, 'Ministre de la Justice (Tracy McPhee)', NULL, NULL, 0, 1770727877, 0, 1, 'en', 0, 1, 1770727877),
(136, 136, 'lobbyist_s_portfolios', 'en', 1, 'Minister of Justice (Tracy-Anne McPhee)', NULL, NULL, 0, 1769984173, 1, 1, 'und', 0, NULL, NULL),
(136, 136, 'lobbyist_s_portfolios', 'fr', 1, 'Ministre de la Justice (Tracy-Anne McPhee)', NULL, NULL, 0, 1770727914, 0, 1, 'en', 0, 1, 1770727914),
(137, 137, 'lobbyist_s_portfolios', 'en', 1, 'Minister of Health and Social Services (Pauline Frost)', NULL, NULL, 0, 1769984184, 1, 1, 'und', 0, NULL, NULL),
(137, 137, 'lobbyist_s_portfolios', 'fr', 1, 'Ministre de la Santé et des Affaires sociales (Pauline Frost)', NULL, NULL, 0, 1770727960, 0, 1, 'en', 0, 1, 1770727960),
(138, 138, 'lobbyist_s_portfolios', 'en', 1, 'Minister of Health and Social Services (Tracy-Anne McPhee)', NULL, NULL, 0, 1769984193, 1, 1, 'und', 0, NULL, NULL),
(138, 138, 'lobbyist_s_portfolios', 'fr', 1, 'Ministre de la Santé et des Affaires sociales (Tracy McPhee)', NULL, NULL, 0, 1770728004, 0, 1, 'en', 0, 1, 1770728004),
(139, 139, 'lobbyist_s_portfolios', 'en', 1, 'Minister of Highways and Public Works (Richard Mostyn)', NULL, NULL, 0, 1769984203, 1, 1, 'und', 0, NULL, NULL),
(139, 139, 'lobbyist_s_portfolios', 'fr', 1, 'Ministre de la Voirie et des Travaux publics (Richard Mostyn)', NULL, NULL, 0, 1770728066, 0, 1, 'en', 0, 1, 1770728066),
(140, 140, 'lobbyist_s_portfolios', 'en', 1, 'Minister of Highways and Public Works (Nils Clarke)', NULL, NULL, 0, 1769984211, 1, 1, 'und', 0, NULL, NULL),
(140, 140, 'lobbyist_s_portfolios', 'fr', 1, 'Ministre de la Voirie et des Travaux publics (Nils Clarke)', NULL, NULL, 0, 1770728110, 0, 1, 'en', 0, 1, 1770728110),
(141, 141, 'lobbyist_s_portfolios', 'en', 1, 'Minister Responsible for French Language Services (John Streicker)', NULL, NULL, 0, 1769984220, 1, 1, 'und', 0, NULL, NULL),
(141, 141, 'lobbyist_s_portfolios', 'fr', 1, 'Ministre responsable de la Direction des services en français (John Streicker)', NULL, NULL, 0, 1770728146, 0, 1, 'en', 0, 1, 1770728146),
(142, 142, 'lobbyist_s_portfolios', 'en', 1, 'Minister of Finance (Sandy Silver)', NULL, NULL, 0, 1769984238, 1, 1, 'und', 0, NULL, NULL),
(142, 142, 'lobbyist_s_portfolios', 'fr', 1, 'Ministre des Finances (Sandy Silver)', NULL, NULL, 0, 1770728184, 0, 1, 'en', 0, 1, 1770728184),
(143, 143, 'lobbyist_s_portfolios', 'en', 1, 'Minister Responsible for French Language Services Directorate (John Streicker )', NULL, NULL, 0, 1769984248, 1, 1, 'und', 0, NULL, NULL),
(144, 144, 'lobbyist_s_portfolios', 'en', 1, 'Minister of Executive Council Office (Sandy Silver)', NULL, NULL, 0, 1769984256, 1, 1, 'und', 0, NULL, NULL),
(144, 144, 'lobbyist_s_portfolios', 'fr', 1, 'Ministre du Conseil exécutif (Sandy Silver)', NULL, NULL, 0, 1770728233, 0, 1, 'en', 0, 1, 1770728233),
(145, 145, 'lobbyist_s_portfolios', 'en', 1, 'Minister of Executive Council Office (Ranj Pillai)', NULL, NULL, 0, 1769984265, 1, 1, 'und', 0, NULL, NULL),
(146, 146, 'lobbyist_s_portfolios', 'en', 1, 'Member of the Legislative Assembly', NULL, NULL, 0, 1769984385, 1, 1, 'und', 0, NULL, NULL),
(146, 146, 'lobbyist_s_portfolios', 'fr', 1, 'Député à l\'Assemblée législative', NULL, NULL, 0, 1770724691, 0, 1, 'en', 0, 1, 1770724691),
(147, 147, 'lobbyist_s_portfolios', 'en', 1, 'MLA - Whitehorse Centre (Liz Hanson)', NULL, NULL, 0, 1769984394, 1, 1, 'und', 0, NULL, NULL),
(147, 147, 'lobbyist_s_portfolios', 'fr', 1, 'Député – Whitehorse Centre (Liz Hanson)', NULL, NULL, 0, 1770724771, 0, 1, 'en', 0, 1, 1770724771),
(148, 148, 'lobbyist_s_portfolios', 'en', 1, 'MLA - Whitehorse Centre (Emily Tredger)', NULL, NULL, 0, 1769984404, 1, 1, 'und', 0, NULL, NULL),
(148, 148, 'lobbyist_s_portfolios', 'fr', 1, 'Député – Whitehorse Centre (Emily Tredger)', NULL, NULL, 0, 1770724813, 0, 1, 'en', 0, 1, 1770724813),
(149, 149, 'lobbyist_s_portfolios', 'en', 1, 'MLA - Whitehorse West (Richard Mostyn)', NULL, NULL, 0, 1769984414, 1, 1, 'und', 0, NULL, NULL),
(150, 150, 'lobbyist_s_portfolios', 'en', 1, 'MLA - Watson Lake (Patti McLeod)', NULL, NULL, 0, 1769984422, 1, 1, 'und', 0, NULL, NULL),
(150, 150, 'lobbyist_s_portfolios', 'fr', 1, 'Député – Watson Lake (Patti McLeod)', NULL, NULL, 0, 1770725783, 0, 1, 'en', 0, 1, 1770725777),
(151, 151, 'lobbyist_s_portfolios', 'en', 1, 'MLA - Vuntut Gwitchin (Annie Blake)', NULL, NULL, 0, 1769984430, 1, 1, 'und', 0, NULL, NULL),
(151, 151, 'lobbyist_s_portfolios', 'fr', 1, 'Député – Vuntut Gwitchin (Annie Blake)', NULL, NULL, 0, 1770725861, 0, 1, 'en', 0, 1, 1770725861),
(152, 152, 'lobbyist_s_portfolios', 'en', 1, 'MLA - Vuntut Gwitchin (Pauline Frost)', NULL, NULL, 0, 1769984439, 1, 1, 'und', 0, NULL, NULL),
(152, 152, 'lobbyist_s_portfolios', 'fr', 1, 'Député – Vuntut Gwitchin (Pauline Frost)', NULL, NULL, 0, 1770725894, 0, 1, 'en', 0, 1, 1770725894),
(153, 153, 'lobbyist_s_portfolios', 'en', 1, 'MLA - Takhini-Kopper King (Kate White)', NULL, NULL, 0, 1769984447, 1, 1, 'und', 0, NULL, NULL),
(153, 153, 'lobbyist_s_portfolios', 'fr', 1, 'Député – Takhini-Kopper King (Kate White)', NULL, NULL, 0, 1770725934, 0, 1, 'en', 0, 1, 1770725934),
(154, 154, 'lobbyist_s_portfolios', 'en', 1, 'MLA - Riverdale South (Tracy-Anne McPhee)', NULL, NULL, 0, 1769984455, 1, 1, 'und', 0, NULL, NULL),
(154, 154, 'lobbyist_s_portfolios', 'fr', 1, 'Député – Riverdale Sud (Tracy-Anne McPhee)', NULL, NULL, 0, 1770726011, 0, 1, 'en', 0, 1, 1770725985),
(155, 155, 'lobbyist_s_portfolios', 'en', 1, 'MLA - Riverdale North (Nils Clarke)', NULL, NULL, 0, 1769984463, 1, 1, 'und', 0, NULL, NULL),
(155, 155, 'lobbyist_s_portfolios', 'fr', 1, 'Député – Riverdale Nord (Nils Clarke)', NULL, NULL, 0, 1770726051, 0, 1, 'en', 0, 1, 1770726051),
(156, 156, 'lobbyist_s_portfolios', 'en', 1, 'MLA - Porter Creek South (Ranj Pillai)', NULL, NULL, 0, 1769984472, 1, 1, 'und', 0, NULL, NULL),
(156, 156, 'lobbyist_s_portfolios', 'fr', 1, 'Député – Porter Creek Sud (Ranj Pillai)', NULL, NULL, 0, 1770726104, 0, 1, 'en', 0, 1, 1770726104),
(157, 157, 'lobbyist_s_portfolios', 'en', 1, 'MLA - Porter Creek North (Geraldine VanBibber)', NULL, NULL, 0, 1769984495, 1, 1, 'und', 0, NULL, NULL),
(157, 157, 'lobbyist_s_portfolios', 'fr', 1, 'Député – Porter Creek Nord (Geraldine VanBibber)', NULL, NULL, 0, 1770726152, 0, 1, 'en', 0, 1, 1770726152),
(158, 158, 'lobbyist_s_portfolios', 'en', 1, 'MLA - Porter Creek Centre (Paolo Gallina)', NULL, NULL, 0, 1769984507, 1, 1, 'und', 0, NULL, NULL),
(158, 158, 'lobbyist_s_portfolios', 'fr', 1, 'Député – Porter Creek Centre (Paolo Gallina)', NULL, NULL, 0, 1770726190, 0, 1, 'en', 0, 1, 1770726190),
(159, 159, 'lobbyist_s_portfolios', 'en', 1, 'MLA - Porter Creek Centre (Yvonne Clarke)', NULL, NULL, 0, 1769984539, 1, 1, 'und', 0, NULL, NULL),
(159, 159, 'lobbyist_s_portfolios', 'fr', 1, 'Député – Porter Creek Centre (Yvonne Clarke)', NULL, NULL, 0, 1770726256, 0, 1, 'en', 0, 1, 1770726256),
(160, 160, 'lobbyist_s_portfolios', 'en', 1, 'MLA - Pelly-Nitsutlin (Stacey Hassard)', NULL, NULL, 0, 1769984555, 1, 1, 'und', 0, NULL, NULL),
(160, 160, 'lobbyist_s_portfolios', 'fr', 1, 'Député – Pelly-Nisutlin (Stacey Hassard)', NULL, NULL, 0, 1770726311, 0, 1, 'en', 0, 1, 1770726311),
(161, 161, 'lobbyist_s_portfolios', 'en', 1, 'MLA - Mount Lorne-Southern Lakes (John Streicker)', NULL, NULL, 0, 1769984564, 1, 1, 'und', 0, NULL, NULL),
(161, 161, 'lobbyist_s_portfolios', 'fr', 1, 'Député – Mount Lorne-Lacs du Sud (John Streicker)', NULL, NULL, 0, 1770726358, 0, 1, 'en', 0, 1, 1770726358),
(162, 162, 'lobbyist_s_portfolios', 'en', 1, 'MLA - Mountainview (Jeanie Dendys)', NULL, NULL, 0, 1769984573, 1, 1, 'und', 0, NULL, NULL),
(163, 163, 'lobbyist_s_portfolios', 'en', 1, 'MLA - Mountainview (Jeanie McLean)', NULL, NULL, 0, 1769984580, 1, 1, 'und', 0, NULL, NULL),
(164, 164, 'lobbyist_s_portfolios', 'en', 1, 'MLA - Mayo-Tatchun (Don Hutton)', NULL, NULL, 0, 1769984589, 1, 1, 'und', 0, NULL, NULL),
(164, 164, 'lobbyist_s_portfolios', 'fr', 1, 'Député – Mayo-Tatchun (Don Hutton)', NULL, NULL, 0, 1770726477, 0, 1, 'en', 0, 1, 1770726477),
(165, 165, 'lobbyist_s_portfolios', 'en', 1, 'MLA - Mayo-Tatchun (Jeremy Harper)', NULL, NULL, 0, 1769984598, 1, 1, 'und', 0, NULL, NULL),
(165, 165, 'lobbyist_s_portfolios', 'fr', 1, 'Député – Mayo-Tatchun (Jeremy Harper)', NULL, NULL, 0, 1770726518, 0, 1, 'en', 0, 1, 1770726518),
(166, 166, 'lobbyist_s_portfolios', 'en', 1, 'MLA - Lake Laberge (Brad Cathers)', NULL, NULL, 0, 1769984608, 1, 1, 'und', 0, NULL, NULL),
(166, 166, 'lobbyist_s_portfolios', 'fr', 1, 'Député – Lac Laberge (Brad Cathers)', NULL, NULL, 0, 1770726559, 0, 1, 'en', 0, 1, 1770726559),
(167, 167, 'lobbyist_s_portfolios', 'en', 1, 'MLA - Kluane (Wade Istchenko)', NULL, NULL, 0, 1769984616, 1, 1, 'und', 0, NULL, NULL),
(167, 167, 'lobbyist_s_portfolios', 'fr', 1, 'Député – Kluane (Wade Istchenko)', NULL, NULL, 0, 1770726601, 0, 1, 'en', 0, 1, 1770726601),
(168, 168, 'lobbyist_s_portfolios', 'en', 1, 'MLA - Klondike (Sandy Silver)', NULL, NULL, 0, 1769984625, 1, 1, 'und', 0, NULL, NULL),
(168, 168, 'lobbyist_s_portfolios', 'fr', 1, 'Député – Klondike (Sandy Silver)', NULL, NULL, 0, 1770726647, 0, 1, 'en', 0, 1, 1770726647),
(169, 169, 'lobbyist_s_portfolios', 'en', 1, 'MLA - Copperbelt South (Scott Kent)', NULL, NULL, 0, 1769984632, 1, 1, 'und', 0, NULL, NULL),
(169, 169, 'lobbyist_s_portfolios', 'fr', 1, 'Député – Copperbelt Sud (Scott Kent)', NULL, NULL, 0, 1770726688, 0, 1, 'en', 0, 1, 1770726688),
(170, 170, 'lobbyist_s_portfolios', 'en', 1, 'MLA - Copperbelt North (Ted Adel)', NULL, NULL, 0, 1769984642, 1, 1, 'und', 0, NULL, NULL),
(170, 170, 'lobbyist_s_portfolios', 'fr', 1, 'Député – Copperbelt Nord (Ted Adel)', NULL, NULL, 0, 1770726734, 0, 1, 'en', 0, 1, 1770726734),
(171, 171, 'lobbyist_s_portfolios', 'en', 1, 'MLA - Copperbelt North (Currie Dixon)', NULL, NULL, 0, 1769984649, 1, 1, 'und', 0, NULL, NULL),
(171, 171, 'lobbyist_s_portfolios', 'fr', 1, 'Député – Copperbelt Nord (Currie Dixon)', NULL, NULL, 0, 1770726768, 0, 1, 'en', 0, 1, 1770726768),
(172, 172, 'lobbyist_s_portfolios', 'en', 1, 'Cabinet or Caucus', NULL, NULL, 0, 1769984663, 1, 1, 'und', 0, NULL, NULL),
(172, 172, 'lobbyist_s_portfolios', 'fr', 1, 'Cabinet or Caucus', NULL, NULL, 0, 1770724632, 0, 1, 'en', 0, 1, 1770724632),
(173, 173, 'lobbyist_s_portfolios', 'en', 1, 'Cabinet or Caucus Employees', NULL, NULL, 0, 1769984672, 1, 1, 'und', 0, NULL, NULL),
(173, 173, 'lobbyist_s_portfolios', 'fr', 1, 'Cabinet or Caucus Employees', NULL, NULL, 0, 1770724649, 0, 1, 'en', 0, 1, 1770724649),
(174, 174, 'lobbyist_s_portfolios', 'en', 1, 'Minister of Environment (Pauline Frost)', NULL, NULL, 36, 1770728636, 1, 1, 'und', 0, 1, 1770728636),
(174, 174, 'lobbyist_s_portfolios', 'fr', 1, 'Ministre de l’Environnement (Pauline Frost)', NULL, NULL, 36, 1770728971, 0, 1, 'en', 0, 1, 1770728971),
(175, 175, 'lobbyist_s_portfolios', 'en', 1, 'Minister of Environment (Nils Clarke)', NULL, NULL, 37, 1770728680, 1, 1, 'und', 0, 1, 1770728680),
(175, 175, 'lobbyist_s_portfolios', 'fr', 1, 'Ministre de l’Environnement (Nils Clarke)', NULL, NULL, 37, 1770729015, 0, 1, 'en', 0, 1, 1770729015),
(176, 176, 'lobbyist_s_portfolios', 'en', 1, 'Minister of Energy, Mines and Resources (Ranj Pillai)', NULL, NULL, 38, 1770728714, 1, 1, 'und', 0, 1, 1770728714),
(176, 176, 'lobbyist_s_portfolios', 'fr', 1, 'Ministre de l’Énergie, des Mines et des Ressources (Ranj Pillai)', NULL, NULL, 38, 1770729049, 0, 1, 'en', 0, 1, 1770729049),
(177, 177, 'lobbyist_s_portfolios', 'en', 1, 'Minister of Energy, Mines and Resources (John Streicker)', NULL, NULL, 39, 1770728755, 1, 1, 'und', 0, 1, 1770728755),
(177, 177, 'lobbyist_s_portfolios', 'fr', 1, 'Ministre de l’Énergie, des Mines et des Ressources (John Streicker)', NULL, NULL, 39, 1770729093, 0, 1, 'en', 0, 1, 1770729093),
(178, 178, 'lobbyist_s_portfolios', 'en', 1, 'Minister of Education (Tracy-Anne McPhee)', NULL, NULL, 40, 1770728783, 1, 1, 'und', 0, 1, 1770728783),
(178, 178, 'lobbyist_s_portfolios', 'fr', 1, 'Ministre de l’Éducation (Tracy-Anne McPhee)', NULL, NULL, 40, 1770729129, 0, 1, 'en', 0, 1, 1770729129),
(179, 179, 'lobbyist_s_portfolios', 'en', 1, 'Minister of Education (Jeanie McLean)', NULL, NULL, 41, 1770728816, 1, 1, 'und', 0, 1, 1770728816),
(179, 179, 'lobbyist_s_portfolios', 'fr', 1, 'Ministre de l’Éducation (Jeanie McLean)', NULL, NULL, 41, 1770729164, 0, 1, 'en', 0, 1, 1770729164),
(180, 180, 'lobbyist_s_portfolios', 'en', 1, 'Minister of Economic Development (Ranj Pillai)', NULL, NULL, 42, 1770728850, 1, 1, 'und', 0, 1, 1770728850),
(180, 180, 'lobbyist_s_portfolios', 'fr', 1, 'Ministre du Développement économique (Ranj Pillai)', NULL, NULL, 42, 1770729205, 0, 1, 'en', 0, 1, 1770729205),
(181, 181, 'lobbyist_s_portfolios', 'en', 1, 'Minister of Community Services (John Streicker)', NULL, NULL, 43, 1770728878, 1, 1, 'und', 0, 1, 1770728878),
(181, 181, 'lobbyist_s_portfolios', 'fr', 1, 'Ministre des Services aux collectivités (John Streicker)', NULL, NULL, 43, 1770729255, 0, 1, 'en', 0, 1, 1770729255),
(182, 182, 'lobbyist_s_portfolios', 'en', 1, 'Minister of Community Services (Richard Mostyn)', NULL, NULL, 44, 1770728909, 1, 1, 'und', 0, 1, 1770728909),
(182, 182, 'lobbyist_s_portfolios', 'fr', 1, 'Ministre des Services aux collectivités (Richard Mostyn)', NULL, NULL, 44, 1770729292, 0, 1, 'en', 0, 1, 1770729292);

-- --------------------------------------------------------

--
-- Table structure for table `taxonomy_term_field_revision`
--

CREATE TABLE `taxonomy_term_field_revision` (
  `tid` int UNSIGNED NOT NULL,
  `revision_id` int UNSIGNED NOT NULL,
  `langcode` varchar(12) CHARACTER SET ascii COLLATE ascii_general_ci NOT NULL,
  `status` tinyint NOT NULL,
  `name` varchar(255) DEFAULT NULL,
  `description__value` longtext,
  `description__format` varchar(255) CHARACTER SET ascii COLLATE ascii_general_ci DEFAULT NULL,
  `changed` int DEFAULT NULL,
  `default_langcode` tinyint NOT NULL,
  `revision_translation_affected` tinyint DEFAULT NULL,
  `content_translation_source` varchar(12) CHARACTER SET ascii COLLATE ascii_general_ci DEFAULT NULL,
  `content_translation_outdated` tinyint DEFAULT NULL,
  `content_translation_uid` int UNSIGNED DEFAULT NULL COMMENT 'The ID of the target entity.',
  `content_translation_created` int DEFAULT NULL
) ENGINE=InnoDB DEFAULT CHARSET=utf8mb4 COLLATE=utf8mb4_general_ci COMMENT='The revision data table for taxonomy_term entities.';

--
-- Dumping data for table `taxonomy_term_field_revision`
--

INSERT INTO `taxonomy_term_field_revision` (`tid`, `revision_id`, `langcode`, `status`, `name`, `description__value`, `description__format`, `changed`, `default_langcode`, `revision_translation_affected`, `content_translation_source`, `content_translation_outdated`, `content_translation_uid`, `content_translation_created`) VALUES
(1, 1, 'en', 1, 'Aboriginal Relations', NULL, NULL, 1769982433, 1, 1, 'und', 0, NULL, NULL),
(1, 1, 'fr', 1, 'Relations avec les Autochtones', NULL, NULL, 1770722809, 0, 1, 'en', 0, 1, 1770722809),
(2, 2, 'en', 1, 'Agriculture', NULL, NULL, 1769982463, 1, 1, 'und', 0, NULL, NULL),
(2, 2, 'fr', 1, 'Agriculture', NULL, NULL, 1770722839, 0, 1, 'en', 0, 1, 1770722839),
(3, 3, 'en', 1, 'Arts and culture', NULL, NULL, 1769982471, 1, 1, 'und', 0, NULL, NULL),
(3, 3, 'fr', 1, 'Arts et culture', NULL, NULL, 1770722875, 0, 1, 'en', 0, 1, 1770722875),
(4, 4, 'en', 1, 'Budget', NULL, NULL, 1769982477, 1, 1, 'und', 0, NULL, NULL),
(4, 4, 'fr', 1, 'Budget', NULL, NULL, 1770722924, 0, 1, 'en', 0, 1, 1770722924),
(5, 5, 'en', 1, 'College / University', NULL, NULL, 1769982486, 1, 1, 'und', 0, NULL, NULL),
(5, 5, 'fr', 1, 'Collège/Université', NULL, NULL, 1770722959, 0, 1, 'en', 0, 1, 1770722959),
(6, 6, 'en', 1, 'Conservation', NULL, NULL, 1769982502, 1, 1, 'und', 0, NULL, NULL),
(6, 6, 'fr', 1, 'Conservation', NULL, NULL, 1770722989, 0, 1, 'en', 0, 1, 1770722989),
(7, 7, 'en', 1, 'Constitutional issues', NULL, NULL, 1769982509, 1, 1, 'und', 0, NULL, NULL),
(7, 7, 'fr', 1, 'Enjeux constitutionnels', NULL, NULL, 1770723030, 0, 1, 'en', 0, 1, 1770723030),
(8, 8, 'en', 1, 'Economic development and trade', NULL, NULL, 1769982518, 1, 1, 'und', 0, NULL, NULL),
(8, 8, 'fr', 1, 'Développement économique et commerce', NULL, NULL, 1770723065, 0, 1, 'en', 0, 1, 1770723065),
(9, 9, 'en', 1, 'Education', NULL, NULL, 1769982523, 1, 1, 'und', 0, NULL, NULL),
(9, 9, 'fr', 1, 'Éducation', NULL, NULL, 1770723107, 0, 1, 'en', 0, 1, 1770723107),
(10, 10, 'en', 1, 'Employment and training', NULL, NULL, 1769982532, 1, 1, 'und', 0, NULL, NULL),
(11, 11, 'en', 1, 'Energy', NULL, NULL, 1769982538, 1, 1, 'und', 0, NULL, NULL),
(11, 11, 'fr', 1, 'Énergie', NULL, NULL, 1770723198, 0, 1, 'en', 0, 1, 1770723198),
(12, 12, 'en', 1, 'Environment', NULL, NULL, 1769982547, 1, 1, 'und', 0, NULL, NULL),
(12, 12, 'fr', 1, 'Environment', NULL, NULL, 1770723249, 0, 1, 'en', 0, 1, 1770723235),
(13, 13, 'en', 1, 'Financial institutions', NULL, NULL, 1769982559, 1, 1, 'und', 0, NULL, NULL),
(13, 13, 'fr', 1, 'Institutions financières', NULL, NULL, 1770723288, 0, 1, 'en', 0, 1, 1770723288),
(14, 14, 'en', 1, 'Fisheries', NULL, NULL, 1769982573, 1, 1, 'und', 0, NULL, NULL),
(14, 14, 'fr', 1, 'Pêches', NULL, NULL, 1770723326, 0, 1, 'en', 0, 1, 1770723326),
(15, 15, 'en', 1, 'Forestry', NULL, NULL, 1769982580, 1, 1, 'und', 0, NULL, NULL),
(15, 15, 'fr', 1, 'Foresterie', NULL, NULL, 1770723369, 0, 1, 'en', 0, 1, 1770723369),
(16, 16, 'en', 1, 'Gaming and lotteries', NULL, NULL, 1769982586, 1, 1, 'und', 0, NULL, NULL),
(16, 16, 'fr', 1, 'Jeux et loteries', NULL, NULL, 1770723404, 0, 1, 'en', 0, 1, 1770723404),
(17, 17, 'en', 1, 'Government procurement', NULL, NULL, 1769982593, 1, 1, 'und', 0, NULL, NULL),
(17, 17, 'fr', 1, 'Processus d’approvisionnement du gouvernement', NULL, NULL, 1770723433, 0, 1, 'en', 0, 1, 1770723433),
(18, 18, 'en', 1, 'Health', NULL, NULL, 1769982600, 1, 1, 'und', 0, NULL, NULL),
(18, 18, 'fr', 1, 'Santé', NULL, NULL, 1770723465, 0, 1, 'en', 0, 1, 1770723465),
(19, 19, 'en', 1, 'Highways', NULL, NULL, 1769982605, 1, 1, 'und', 0, NULL, NULL),
(20, 20, 'en', 1, 'Hospitals', NULL, NULL, 1769982611, 1, 1, 'und', 0, NULL, NULL),
(21, 21, 'en', 1, 'Housing', NULL, NULL, 1769982617, 1, 1, 'und', 0, NULL, NULL),
(22, 22, 'en', 1, 'Hunting or trapping', NULL, NULL, 1769982624, 1, 1, 'und', 0, NULL, NULL),
(22, 22, 'fr', 1, 'Chasse ou piégeage', NULL, NULL, 1770723601, 0, 1, 'en', 0, 1, 1770723601),
(23, 23, 'en', 1, 'Industry', NULL, NULL, 1769982631, 1, 1, 'und', 0, NULL, NULL),
(23, 23, 'fr', 1, 'Industrie', NULL, NULL, 1770723632, 0, 1, 'en', 0, 1, 1770723632),
(24, 24, 'en', 1, 'Information technology', NULL, NULL, 1769982639, 1, 1, 'und', 0, NULL, NULL),
(24, 24, 'fr', 1, 'Technologies de l’information', NULL, NULL, 1770723662, 0, 1, 'en', 0, 1, 1770723662),
(25, 25, 'en', 1, 'Infrastructure', NULL, NULL, 1769982653, 1, 1, 'und', 0, NULL, NULL),
(25, 25, 'fr', 1, 'Infrastructure', NULL, NULL, 1770723686, 0, 1, 'en', 0, 1, 1770723686),
(26, 26, 'en', 1, 'Insurance', NULL, NULL, 1769982658, 1, 1, 'und', 0, NULL, NULL),
(26, 26, 'fr', 1, 'Assurance', NULL, NULL, 1770723772, 0, 1, 'en', 0, 1, 1770723772),
(27, 27, 'en', 1, 'Justice and enforcement', NULL, NULL, 1769982665, 1, 1, 'und', 0, NULL, NULL),
(27, 27, 'fr', 1, 'Justice et application de la loi', NULL, NULL, 1770723826, 0, 1, 'en', 0, 1, 1770723826),
(28, 28, 'en', 1, 'Labour', NULL, NULL, 1769982673, 1, 1, 'und', 0, NULL, NULL),
(28, 28, 'fr', 1, 'Main-d’œuvre', NULL, NULL, 1770723862, 0, 1, 'en', 0, 1, 1770723862),
(29, 29, 'en', 1, 'Liquor control', NULL, NULL, 1769982679, 1, 1, 'und', 0, NULL, NULL),
(29, 29, 'fr', 1, 'Réglementation des alcools', NULL, NULL, 1770723895, 0, 1, 'en', 0, 1, 1770723895),
(30, 30, 'en', 1, 'Manufacturing', NULL, NULL, 1769982684, 1, 1, 'und', 0, NULL, NULL),
(30, 30, 'fr', 1, 'Secteur manufacturier', NULL, NULL, 1770723931, 0, 1, 'en', 0, 1, 1770723931),
(31, 31, 'en', 1, 'Mining', NULL, NULL, 1769982690, 1, 1, 'und', 0, NULL, NULL),
(31, 31, 'fr', 1, 'Mines', NULL, NULL, 1770723967, 0, 1, 'en', 0, 1, 1770723967),
(32, 32, 'en', 1, 'Municipalities', NULL, NULL, 1769982698, 1, 1, 'und', 0, NULL, NULL),
(32, 32, 'fr', 1, 'Municipalités', NULL, NULL, 1770723996, 0, 1, 'en', 0, 1, 1770723996),
(33, 33, 'en', 1, 'Pension and benefits', NULL, NULL, 1769982710, 1, 1, 'und', 0, NULL, NULL),
(33, 33, 'fr', 1, 'Retraite et avantages sociaux', NULL, NULL, 1770724034, 0, 1, 'en', 0, 1, 1770724034),
(34, 34, 'en', 1, 'Privatization and outsourcing', NULL, NULL, 1769982718, 1, 1, 'und', 0, NULL, NULL),
(34, 34, 'fr', 1, 'Privatisation et externalisation', NULL, NULL, 1770724073, 0, 1, 'en', 0, 1, 1770724073),
(35, 35, 'en', 1, 'Regional development', NULL, NULL, 1769982724, 1, 1, 'und', 0, NULL, NULL),
(35, 35, 'fr', 1, 'Développement régional', NULL, NULL, 1770724111, 0, 1, 'en', 0, 1, 1770724111),
(36, 36, 'en', 1, 'Research and development', NULL, NULL, 1769982729, 1, 1, 'und', 0, NULL, NULL),
(36, 36, 'fr', 1, 'Recherche et développement', NULL, NULL, 1770724147, 0, 1, 'en', 0, 1, 1770724147),
(37, 37, 'en', 1, 'Science and technology', NULL, NULL, 1769982735, 1, 1, 'und', 0, NULL, NULL),
(37, 37, 'fr', 1, 'Sciences et technologie', NULL, NULL, 1770724179, 0, 1, 'en', 0, 1, 1770724179),
(38, 38, 'en', 1, 'Small business', NULL, NULL, 1769982748, 1, 1, 'und', 0, NULL, NULL),
(38, 38, 'fr', 1, 'Petites entreprises', NULL, NULL, 1770724211, 0, 1, 'en', 0, 1, 1770724211),
(39, 39, 'en', 1, 'Social assistance', NULL, NULL, 1769982754, 1, 1, 'und', 0, NULL, NULL),
(39, 39, 'fr', 1, 'Aide sociale', NULL, NULL, 1770724241, 0, 1, 'en', 0, 1, 1770724241),
(40, 40, 'en', 1, 'Sports and recreation', NULL, NULL, 1769982761, 1, 1, 'und', 0, NULL, NULL),
(40, 40, 'fr', 1, 'Sports et loisirs', NULL, NULL, 1770724283, 0, 1, 'en', 0, 1, 1770724283),
(41, 41, 'en', 1, 'Taxation', NULL, NULL, 1769982765, 1, 1, 'und', 0, NULL, NULL),
(41, 41, 'fr', 1, 'Fiscalité', NULL, NULL, 1770724318, 0, 1, 'en', 0, 1, 1770724318),
(42, 42, 'en', 1, 'Telecommunications', NULL, NULL, 1769982772, 1, 1, 'und', 0, NULL, NULL),
(42, 42, 'fr', 1, 'Télécommunications', NULL, NULL, 1770724351, 0, 1, 'en', 0, 1, 1770724351),
(43, 43, 'en', 1, 'Tourism', NULL, NULL, 1769982777, 1, 1, 'und', 0, NULL, NULL),
(43, 43, 'fr', 1, 'Tourism', NULL, NULL, 1770724377, 0, 1, 'en', 0, 1, 1770724377),
(44, 44, 'en', 1, 'Transportation', NULL, NULL, 1769982785, 1, 1, 'und', 0, NULL, NULL),
(44, 44, 'fr', 1, 'Transport', NULL, NULL, 1770724408, 0, 1, 'en', 0, 1, 1770724408),
(45, 45, 'en', 1, 'Other', NULL, NULL, 1769982790, 1, 1, 'und', 0, NULL, NULL),
(45, 45, 'fr', 1, 'Autre', NULL, NULL, 1770724439, 0, 1, 'en', 0, 1, 1770724439),
(46, 46, 'en', 1, 'President or Deputy Head of a Government Department or Crown Corporation', NULL, NULL, 1769983158, 1, 1, 'und', 0, NULL, NULL),
(46, 46, 'fr', 1, 'Président ou administrateur général d’un ministère du gouvernement ou d’une société d’État', NULL, NULL, 1770730687, 0, 1, 'en', 0, 1, 1770730687),
(47, 47, 'en', 1, 'Secretary of Yukon Lottery Commission (Manon Moreau)', NULL, NULL, 1769983194, 1, 1, 'und', 0, NULL, NULL),
(47, 47, 'fr', 1, 'Secrétaire de la Commission des loteries du Yukon (Manon Moreau)', NULL, NULL, 1770730749, 0, 1, 'en', 0, 1, 1770730749),
(48, 48, 'en', 1, 'Secretary of Yukon Lottery Commission (Dennis Berry)', NULL, NULL, 1769983204, 1, 1, 'und', 0, NULL, NULL),
(49, 49, 'en', 1, 'Public Service Commissioner (Pamela Muir)', NULL, NULL, 1769983215, 1, 1, 'und', 0, NULL, NULL),
(49, 49, 'fr', 1, 'Commissaire de la fonction publique (Pamela Muir)', NULL, NULL, 1770730827, 0, 1, 'en', 0, 1, 1770730827),
(50, 50, 'en', 1, 'Public Service Commissioner (Sherri Young)', NULL, NULL, 1769983225, 1, 1, 'und', 0, NULL, NULL),
(51, 51, 'en', 1, 'President of Yukon Liquor Corporation (Dennis Berry)', NULL, NULL, 1769983234, 1, 1, 'und', 0, NULL, NULL),
(52, 52, 'en', 1, 'President of Yukon Liquor Corporation (Manon Moreau)', NULL, NULL, 1769983243, 1, 1, 'und', 0, NULL, NULL),
(52, 52, 'fr', 1, 'Président de la Société des alcools du Yukon (Manon Moreau)', NULL, NULL, 1770730877, 0, 1, 'en', 0, 1, 1770730877),
(53, 53, 'en', 1, 'Deputy Minister of Women\'s Directorate (Valerie Royle)', NULL, NULL, 1769983254, 1, 1, 'und', 0, NULL, NULL),
(53, 53, 'fr', 1, 'Sous-ministre de la Direction de la condition féminine (Valerie Royle)', NULL, NULL, 1770730915, 0, 1, 'en', 0, 1, 1770730915),
(54, 54, 'en', 1, 'Deputy Minister of Women Gender Equity Directorate (Mary Cameron)', NULL, NULL, 1769983264, 1, 1, 'und', 0, NULL, NULL),
(55, 55, 'en', 1, 'President of Yukon Housing Corporation (Justin Ferbey)', NULL, NULL, 1769983276, 1, 1, 'und', 0, NULL, NULL),
(56, 56, 'en', 1, 'President of Yukon Housing Corporation (Pamela Hime)', NULL, NULL, 1769983286, 1, 1, 'und', 0, NULL, NULL),
(57, 57, 'en', 1, 'Deputy Minister of Tourism and Culture (Sierra Van der Meer)', NULL, NULL, 1769983294, 1, 1, 'und', 0, NULL, NULL),
(58, 58, 'en', 1, 'Deputy Minister of Tourism and Culture (Justin Ferbey)', NULL, NULL, 1769983318, 1, 1, 'und', 0, NULL, NULL),
(59, 59, 'en', 1, 'Deputy Minister of Tourism and Culture (Valerie Royle)', NULL, NULL, 1769983326, 1, 1, 'und', 0, NULL, NULL),
(59, 59, 'fr', 1, 'Sous ministre du Tourisme et de la Culture (Valerie Royle)', NULL, NULL, 1770730986, 0, 1, 'en', 0, 1, 1770730986),
(60, 60, 'en', 1, 'President of Yukon Energy Corporation (Andrew Hall)', NULL, NULL, 1769983337, 1, 1, 'und', 0, NULL, NULL),
(61, 61, 'en', 1, 'Deputy Minister of Justice (Mark Radke)', NULL, NULL, 1769983346, 1, 1, 'und', 0, NULL, NULL),
(62, 62, 'en', 1, 'Deputy Minister of Justice (Jeff Ford)', NULL, NULL, 1769983356, 1, 1, 'und', 0, NULL, NULL),
(63, 63, 'en', 1, 'Deputy Minister of Justice (John Phelps)', NULL, NULL, 1769983367, 1, 1, 'und', 0, NULL, NULL),
(63, 63, 'fr', 1, 'Sous-ministre de la Justice (John Phelps)', NULL, NULL, 1770731044, 0, 1, 'en', 0, 1, 1770731044),
(64, 64, 'en', 1, 'President of Yukon Development Corporation (Justin Ferby)', NULL, NULL, 1769983380, 1, 1, 'und', 0, NULL, NULL),
(65, 65, 'en', 1, 'Deputy Minister of Health and Social Services (Tiffany Boyd)', NULL, NULL, 1769983388, 1, 1, 'und', 0, NULL, NULL),
(66, 66, 'en', 1, 'Deputy Minister of Health and Social Services (Stephen Samis)', NULL, NULL, 1769983398, 1, 1, 'und', 0, NULL, NULL),
(66, 66, 'fr', 1, 'Sous-ministre de la Santé et des Affaires sociales (Stephen Samis)', NULL, NULL, 1770731105, 0, 1, 'en', 0, 1, 1770731105),
(67, 67, 'en', 1, 'Deputy Minister of Health and Social Services (Michael Hale)', NULL, NULL, 1769983406, 1, 1, 'und', 0, NULL, NULL),
(68, 68, 'en', 1, 'Deputy Minister of Health and Social Services (Ed van Randen)', NULL, NULL, 1769983416, 1, 1, 'und', 0, NULL, NULL),
(69, 69, 'en', 1, 'Deputy Minister of Highways and Public Works (Catherine Harwood)', NULL, NULL, 1769983430, 1, 1, 'und', 0, NULL, NULL),
(70, 70, 'en', 1, 'Deputy Minister of Highways and Public Works (Paul McConnell)', NULL, NULL, 1769983442, 1, 1, 'und', 0, NULL, NULL),
(70, 70, 'fr', 1, 'Sous ministre de la Voirie et des Travaux (Paul McConnell)', NULL, NULL, 1770731175, 0, 1, 'en', 0, 1, 1770731175),
(71, 71, 'en', 1, 'Deputy Minister of French Language Services Directorate (Manon Moreau)', NULL, NULL, 1769983450, 1, 1, 'und', 0, NULL, NULL),
(72, 72, 'en', 1, 'Deputy Minister of French Language Services Directorate (Valerie Royle)', NULL, NULL, 1769983461, 1, 1, 'und', 0, NULL, NULL),
(72, 72, 'fr', 1, 'Sous-ministre de la Direction des services en français (Valerie Royle)', NULL, NULL, 1770731217, 0, 1, 'en', 0, 1, 1770731217),
(73, 73, 'en', 1, 'Deputy Minister of Finance (Jessica Schultz)', NULL, NULL, 1769983469, 1, 1, 'und', 0, NULL, NULL),
(74, 74, 'en', 1, 'Deputy Minister of Finance (Scott Thompson)', NULL, NULL, 1769983478, 1, 1, 'und', 0, NULL, NULL),
(74, 74, 'fr', 1, 'Sous-ministre des Finances (Scott Thompson)', NULL, NULL, 1770731282, 0, 1, 'en', 0, 1, 1770731282),
(75, 75, 'en', 1, 'Deputy Minister of Executive Council Office (Justin Ferbey)', NULL, NULL, 1769983486, 1, 1, 'und', 0, NULL, NULL),
(76, 76, 'en', 1, 'Deputy Minister of Executive Council Office (Michael Hale)', NULL, NULL, 1769983498, 1, 1, 'und', 0, NULL, NULL),
(77, 77, 'en', 1, 'Deputy Minister of Environment (Manon Moreau)', NULL, NULL, 1769983510, 1, 1, 'und', 0, NULL, NULL),
(78, 78, 'en', 1, 'Deputy Minister of Executive Council Office (Stephen Mills)', NULL, NULL, 1769983520, 1, 1, 'und', 0, NULL, NULL),
(78, 78, 'fr', 1, 'Sous-ministre du Conseil exécutif (Stephen Mills)', NULL, NULL, 1770731348, 0, 1, 'en', 0, 1, 1770731348),
(79, 79, 'en', 1, 'Deputy Minister of Environment (John Bailey)', NULL, NULL, 1769983529, 1, 1, 'und', 0, NULL, NULL),
(79, 79, 'fr', 1, 'Sous-ministre de l’Environnement (John Bailey)', NULL, NULL, 1770731391, 0, 1, 'en', 0, 1, 1770731391),
(80, 80, 'en', 1, 'Deputy Minister of Energy, Mines and Resources (Samantha Paterson)', NULL, NULL, 1769983540, 1, 1, 'und', 0, NULL, NULL),
(81, 81, 'en', 1, 'Deputy Minister of Energy, Mines and Resources (Paul McConnell)', NULL, NULL, 1769983555, 1, 1, 'und', 0, NULL, NULL),
(82, 82, 'en', 1, 'Deputy Minister of Energy, Mines and Resources (Paul Moore)', NULL, NULL, 1769983565, 1, 1, 'und', 0, NULL, NULL),
(82, 82, 'fr', 1, 'Sous-ministre de l’Énergie, des Mines et des Ressources (Paul Moore)', NULL, NULL, 1770731450, 0, 1, 'en', 0, 1, 1770731450),
(83, 83, 'en', 1, 'Deputy Minister of Education (Mary Cameron)', NULL, NULL, 1769983575, 1, 1, 'und', 0, NULL, NULL),
(84, 84, 'en', 1, 'Deputy Minister of Education (Nicole Morgan)', NULL, NULL, 1769983584, 1, 1, 'und', 0, NULL, NULL),
(84, 84, 'fr', 1, 'Sous-ministre de l’Éducation (Nicole Morgan)', NULL, NULL, 1770731512, 0, 1, 'en', 0, 1, 1770731512),
(85, 85, 'en', 1, 'Deputy Minister of Economic Development (Michael Prochazka)', NULL, NULL, 1769983594, 1, 1, 'und', 0, NULL, NULL),
(86, 86, 'en', 1, 'Deputy Minister of Economic Development (Justin Ferby)', NULL, NULL, 1769983603, 1, 1, 'und', 0, NULL, NULL),
(86, 86, 'fr', 1, 'Sous-ministre du Développement économique (Justin Ferby)', NULL, NULL, 1770731564, 0, 1, 'en', 0, 1, 1770731564),
(87, 87, 'en', 1, 'Deputy Minister of Community Services (Matt King)', NULL, NULL, 1769983610, 1, 1, 'und', 0, NULL, NULL),
(87, 87, 'fr', 1, 'Sous-ministre des Services aux collectivités (Matt King)', NULL, NULL, 1770731600, 0, 1, 'en', 0, 1, 1770731600),
(88, 88, 'en', 1, 'Officer or Employee of a Yukon Crown Corporation', NULL, NULL, 1769983617, 1, 1, 'und', 0, NULL, NULL),
(88, 88, 'fr', 1, 'Dirigeant ou employé d’une société d’État du Yukon', NULL, NULL, 1770729363, 0, 1, 'en', 0, 1, 1770729363),
(89, 89, 'en', 1, 'Yukon Lottery Commission', NULL, NULL, 1769983639, 1, 1, 'und', 0, NULL, NULL),
(89, 89, 'fr', 1, 'Commission des loteries du Yukon', NULL, NULL, 1770729416, 0, 1, 'en', 0, 1, 1770729416),
(90, 90, 'en', 1, 'Yukon Liquor Corporation', NULL, NULL, 1769983648, 1, 1, 'und', 0, NULL, NULL),
(90, 90, 'fr', 1, 'Société des alcools du Yukon', NULL, NULL, 1770729454, 0, 1, 'en', 0, 1, 1770729454),
(91, 91, 'en', 1, 'Yukon Housing Corporation', NULL, NULL, 1769983658, 1, 1, 'und', 0, NULL, NULL),
(91, 91, 'fr', 1, 'Société d’habitation du Yukon', NULL, NULL, 1770729491, 0, 1, 'en', 0, 1, 1770729491),
(92, 92, 'en', 1, 'Yukon Development Corporation', NULL, NULL, 1769983670, 1, 1, 'und', 0, NULL, NULL),
(92, 92, 'fr', 1, 'Société de développement du Yukon', NULL, NULL, 1770729528, 0, 1, 'en', 0, 1, 1770729528),
(93, 93, 'en', 1, 'Officer or Employee of Government of Yukon', NULL, NULL, 1769983688, 1, 1, 'und', 0, NULL, NULL),
(93, 93, 'fr', 1, 'Dirigeant ou employé du gouvernement du Yukon', NULL, NULL, 1770729568, 0, 1, 'en', 0, 1, 1770729568),
(94, 94, 'en', 1, 'Women and Gender Equity Directorate', NULL, NULL, 1769983705, 1, 1, 'und', 0, NULL, NULL),
(95, 95, 'en', 1, 'Women\'s Directorate', NULL, NULL, 1769983717, 1, 1, 'und', 0, NULL, NULL),
(95, 95, 'fr', 1, 'Direction de la condition féminine', NULL, NULL, 1770729656, 0, 1, 'en', 0, 1, 1770729656),
(96, 96, 'en', 1, 'Tourism and Culture', NULL, NULL, 1769983732, 1, 1, 'und', 0, NULL, NULL),
(96, 96, 'fr', 1, 'Tourisme et Culture', NULL, NULL, 1770729713, 0, 1, 'en', 0, 1, 1770729713),
(97, 97, 'en', 1, 'Public Service Commission', NULL, NULL, 1769983742, 1, 1, 'und', 0, NULL, NULL),
(97, 97, 'fr', 1, 'Commission de la fonction publique', NULL, NULL, 1770729753, 0, 1, 'en', 0, 1, 1770729753),
(98, 98, 'en', 1, 'Justice', NULL, NULL, 1769983761, 1, 1, 'und', 0, NULL, NULL),
(98, 98, 'fr', 1, 'Justice', NULL, NULL, 1770729785, 0, 1, 'en', 0, 1, 1770729785),
(99, 99, 'en', 1, 'Highways and Public Works', NULL, NULL, 1769983774, 1, 1, 'und', 0, NULL, NULL),
(99, 99, 'fr', 1, 'Voirie et Travaux publics', NULL, NULL, 1770729832, 0, 1, 'en', 0, 1, 1770729832),
(100, 100, 'en', 1, 'Health and Social Services', NULL, NULL, 1769983782, 1, 1, 'und', 0, NULL, NULL),
(100, 100, 'fr', 1, 'Santé et Affaires sociales', NULL, NULL, 1770729873, 0, 1, 'en', 0, 1, 1770729873),
(101, 101, 'en', 1, 'French Language Services Directorate', NULL, NULL, 1769983796, 1, 1, 'und', 0, NULL, NULL),
(101, 101, 'fr', 1, 'Direction des services en français', NULL, NULL, 1770729973, 0, 1, 'en', 0, 1, 1770729973),
(102, 102, 'en', 1, 'Finance', NULL, NULL, 1769983806, 1, 1, 'und', 0, NULL, NULL),
(102, 102, 'fr', 1, 'Finance', NULL, NULL, 1770730282, 0, 1, 'en', 0, 1, 1770730282),
(103, 103, 'en', 1, 'Executive Council Office', NULL, NULL, 1769983816, 1, 1, 'und', 0, NULL, NULL),
(103, 103, 'fr', 1, 'Conseil exécutif', NULL, NULL, 1770730143, 0, 1, 'en', 0, 1, 1770730071),
(104, 104, 'en', 1, 'Environment', NULL, NULL, 1769983828, 1, 1, 'und', 0, NULL, NULL),
(104, 104, 'fr', 1, 'Environment', NULL, NULL, 1770730438, 0, 1, 'en', 0, 1, 1770730438),
(105, 105, 'en', 1, 'Energy, Mines and Resources', NULL, NULL, 1769983838, 1, 1, 'und', 0, NULL, NULL),
(105, 105, 'fr', 1, 'Énergie, Mines et Ressources', NULL, NULL, 1770730472, 0, 1, 'en', 0, 1, 1770730472),
(106, 106, 'en', 1, 'Education', NULL, NULL, 1769983857, 1, 1, 'und', 0, NULL, NULL),
(107, 107, 'en', 1, 'Economic Development', NULL, NULL, 1769983867, 1, 1, 'und', 0, NULL, NULL),
(107, 107, 'fr', 1, 'Développement économique', NULL, NULL, 1770730541, 0, 1, 'en', 0, 1, 1770730541),
(108, 108, 'en', 1, 'Community Services', NULL, NULL, 1769983877, 1, 1, 'und', 0, NULL, NULL),
(108, 108, 'fr', 1, 'Services aux collectivités', NULL, NULL, 1770730583, 0, 1, 'en', 0, 1, 1770730583),
(109, 109, 'en', 1, 'Ministers', NULL, NULL, 1769983886, 1, 1, 'und', 0, NULL, NULL),
(109, 109, 'fr', 1, 'Ministres', NULL, NULL, 1770726865, 0, 1, 'en', 0, 1, 1770726865),
(110, 110, 'en', 1, 'Premier (Ranj Pillai)', NULL, NULL, 1769983897, 1, 1, 'und', 0, NULL, NULL),
(111, 111, 'en', 1, 'Premier (Sandy Silver)', NULL, NULL, 1769983908, 1, 1, 'und', 0, NULL, NULL),
(111, 111, 'fr', 1, 'Premier ministre (Sandy Silver)', NULL, NULL, 1770726918, 0, 1, 'en', 0, 1, 1770726918),
(112, 112, 'en', 1, 'Minister Responsible for Yukon Lottery Commission (John Streicker)', NULL, NULL, 1769983920, 1, 1, 'und', 0, NULL, NULL),
(112, 112, 'fr', 1, 'Ministre responsable de la Commission des loteries du Yukon (John Streicker)', NULL, NULL, 1770726967, 0, 1, 'en', 0, 1, 1770726967),
(113, 113, 'en', 1, 'Minister Responsible for Yukon Lottery Commission (Ranj Pillai)', NULL, NULL, 1769983928, 1, 1, 'und', 0, NULL, NULL),
(114, 114, 'en', 1, 'Minister Responsible for Yukon Lottery Commission (Sandy Silver)', NULL, NULL, 1769983940, 1, 1, 'und', 0, NULL, NULL),
(115, 115, 'en', 1, 'Minister Responsible for Yukon Liquor Corporation (Sandy Silver)', NULL, NULL, 1769983949, 1, 1, 'und', 0, NULL, NULL),
(116, 116, 'en', 1, 'Minister Responsible for Yukon Liquor Corporation (John Streicker)', NULL, NULL, 1769983960, 1, 1, 'und', 0, NULL, NULL),
(116, 116, 'fr', 1, 'Ministre responsable de la Société des alcools du Yukon (John Streicker)', NULL, NULL, 1770727066, 0, 1, 'en', 0, 1, 1770727066),
(117, 117, 'en', 1, 'Minister Responsible for Yukon Liquor Corporation (Ranj Pillai)', NULL, NULL, 1769983971, 1, 1, 'und', 0, NULL, NULL),
(117, 117, 'fr', 1, 'Ministre responsable de la Société des alcools du Yukon (Ranj Pillai)', NULL, NULL, 1770727120, 0, 1, 'en', 0, 1, 1770727120),
(118, 118, 'en', 1, 'Minister responsible for Yukon Housing Corporation (Ranj Pilla)', NULL, NULL, 1769983993, 1, 1, 'und', 0, NULL, NULL),
(118, 118, 'fr', 1, 'Ministre responsable de la Société d’habitation du Yukon (Ranj Pilla)', NULL, NULL, 1770727162, 0, 1, 'en', 0, 1, 1770727162),
(119, 119, 'en', 1, 'Minister Responsible for Yukon Housing Corporation (Pauline Frost)', NULL, NULL, 1769984002, 1, 1, 'und', 0, NULL, NULL),
(119, 119, 'fr', 1, 'Ministre responsable de la Société d’habitation du Yukon (Pauline Frost)', NULL, NULL, 1770727235, 0, 1, 'en', 0, 1, 1770727235),
(120, 120, 'en', 1, 'Minister Responsible for Yukon Energy Corporation (John Streicker)', NULL, NULL, 1769984013, 1, 1, 'und', 0, NULL, NULL),
(120, 120, 'fr', 1, 'Ministre responsable de la Société d’énergie du Yukon (John Streicker)', NULL, NULL, 1770727281, 0, 1, 'en', 0, 1, 1770727281),
(121, 121, 'en', 1, 'Minister Responsible for Yukon Energy Corporation (Ranj Pillai)', NULL, NULL, 1769984024, 1, 1, 'und', 0, NULL, NULL),
(121, 121, 'fr', 1, 'Ministre responsable de la Société d’énergie du Yukon (Ranj Pillai)', NULL, NULL, 1770727321, 0, 1, 'en', 0, 1, 1770727321),
(122, 122, 'en', 1, 'Minister Responsible for Yukon Development Corporation (John Streicker)', NULL, NULL, 1769984035, 1, 1, 'und', 0, NULL, NULL),
(122, 122, 'fr', 1, 'Ministre responsable de la Société de développement du Yukon (John Streicker)', NULL, NULL, 1770727388, 0, 1, 'en', 0, 1, 1770727388),
(123, 123, 'en', 1, 'Minister Responsible for Yukon Development Corporation (Ranj Pillai)', NULL, NULL, 1769984043, 1, 1, 'und', 0, NULL, NULL),
(123, 123, 'fr', 1, 'Ministre responsable de la Société de développement du Yukon (Ranj Pillai)', NULL, NULL, 1770727434, 0, 1, 'en', 0, 1, 1770727434),
(124, 124, 'en', 1, 'Minister Responsible for Workers\' Safety and Compensation Board (Richard Mostyn)', NULL, NULL, 1769984054, 1, 1, 'und', 0, NULL, NULL),
(125, 125, 'en', 1, 'Minister Responsible for Worker\'s Compensation Health and Safety Board (Jeanie McLean)', NULL, NULL, 1769984063, 1, 1, 'und', 0, NULL, NULL),
(125, 125, 'fr', 1, 'Ministre responsable de la Commission de la santé et de la sécurité au travail du Yukon (Jeanie McLean)', NULL, NULL, 1770727498, 0, 1, 'en', 0, 1, 1770727498),
(126, 126, 'en', 1, 'Minister Responsible for Worker\'s Compensation Health and Safety Board (Richard Mostyn )', NULL, NULL, 1769984072, 1, 1, 'und', 0, NULL, NULL),
(126, 126, 'fr', 1, 'Ministre responsable de la Commission de la santé et de la sécurité au travail du Yukon (Richard Mostyn )', NULL, NULL, 1770727538, 0, 1, 'en', 0, 1, 1770727538),
(127, 127, 'en', 1, 'Minister Responsible for Women\'s Directorate (Jeanie McLean)', NULL, NULL, 1769984081, 1, 1, 'und', 0, NULL, NULL),
(127, 127, 'fr', 1, 'Ministre responsable de la Direction de la condition féminine (Jeanie McLean)', NULL, NULL, 1770727576, 0, 1, 'en', 0, 1, 1770727576),
(128, 128, 'en', 1, 'Minister Responsible for Women and Gender Equity Directorate (Jeanie Dendys)', NULL, NULL, 1769984091, 1, 1, 'und', 0, NULL, NULL),
(129, 129, 'en', 1, 'Minister of Tourism and Culture (John Streicker)', NULL, NULL, 1769984099, 1, 1, 'und', 0, NULL, NULL),
(130, 130, 'en', 1, 'Minister of Tourism and Culture (Jeanie McLean)', NULL, NULL, 1769984116, 1, 1, 'und', 0, NULL, NULL),
(130, 130, 'fr', 1, 'Ministre du Tourisme et de la Culture (Jeanie McLean)', NULL, NULL, 1770727670, 0, 1, 'en', 0, 1, 1770727670),
(131, 131, 'en', 1, 'Minister of Tourism and Culture (Ranj Pillai)', NULL, NULL, 1769984126, 1, 1, 'und', 0, NULL, NULL),
(131, 131, 'fr', 1, 'Ministre du Tourisme et de la Culture (Ranj Pillai)', NULL, NULL, 1770727722, 0, 1, 'en', 0, 1, 1770727722),
(132, 132, 'en', 1, 'Minister of Public Service Commission (Richard Mostyn)', NULL, NULL, 1769984135, 1, 1, 'und', 0, NULL, NULL),
(132, 132, 'fr', 1, 'Ministre de la Commission de la fonction publique (Richard Mostyn)', NULL, NULL, 1770727765, 0, 1, 'en', 0, 1, 1770727765),
(133, 133, 'en', 1, 'Minister of Public Service Commission (John Streicker)', NULL, NULL, 1769984145, 1, 1, 'und', 0, NULL, NULL),
(133, 133, 'fr', 1, 'Ministre de la Commission de la fonction publique (John Streicker)', NULL, NULL, 1770727809, 0, 1, 'en', 0, 1, 1770727809),
(134, 134, 'en', 1, 'Minister of Public Service Commission (Sandy Silver)', NULL, NULL, 1769984154, 1, 1, 'und', 0, NULL, NULL),
(135, 135, 'en', 1, 'Minister of Justice (Tracy McPhee)', NULL, NULL, 1769984163, 1, 1, 'und', 0, NULL, NULL),
(135, 135, 'fr', 1, 'Ministre de la Justice (Tracy McPhee)', NULL, NULL, 1770727877, 0, 1, 'en', 0, 1, 1770727877),
(136, 136, 'en', 1, 'Minister of Justice (Tracy-Anne McPhee)', NULL, NULL, 1769984173, 1, 1, 'und', 0, NULL, NULL),
(136, 136, 'fr', 1, 'Ministre de la Justice (Tracy-Anne McPhee)', NULL, NULL, 1770727914, 0, 1, 'en', 0, 1, 1770727914),
(137, 137, 'en', 1, 'Minister of Health and Social Services (Pauline Frost)', NULL, NULL, 1769984184, 1, 1, 'und', 0, NULL, NULL),
(137, 137, 'fr', 1, 'Ministre de la Santé et des Affaires sociales (Pauline Frost)', NULL, NULL, 1770727960, 0, 1, 'en', 0, 1, 1770727960),
(138, 138, 'en', 1, 'Minister of Health and Social Services (Tracy-Anne McPhee)', NULL, NULL, 1769984193, 1, 1, 'und', 0, NULL, NULL),
(138, 138, 'fr', 1, 'Ministre de la Santé et des Affaires sociales (Tracy McPhee)', NULL, NULL, 1770728004, 0, 1, 'en', 0, 1, 1770728004),
(139, 139, 'en', 1, 'Minister of Highways and Public Works (Richard Mostyn)', NULL, NULL, 1769984203, 1, 1, 'und', 0, NULL, NULL),
(139, 139, 'fr', 1, 'Ministre de la Voirie et des Travaux publics (Richard Mostyn)', NULL, NULL, 1770728066, 0, 1, 'en', 0, 1, 1770728066),
(140, 140, 'en', 1, 'Minister of Highways and Public Works (Nils Clarke)', NULL, NULL, 1769984211, 1, 1, 'und', 0, NULL, NULL),
(140, 140, 'fr', 1, 'Ministre de la Voirie et des Travaux publics (Nils Clarke)', NULL, NULL, 1770728110, 0, 1, 'en', 0, 1, 1770728110),
(141, 141, 'en', 1, 'Minister Responsible for French Language Services (John Streicker)', NULL, NULL, 1769984220, 1, 1, 'und', 0, NULL, NULL),
(141, 141, 'fr', 1, 'Ministre responsable de la Direction des services en français (John Streicker)', NULL, NULL, 1770728146, 0, 1, 'en', 0, 1, 1770728146),
(142, 142, 'en', 1, 'Minister of Finance (Sandy Silver)', NULL, NULL, 1769984238, 1, 1, 'und', 0, NULL, NULL),
(142, 142, 'fr', 1, 'Ministre des Finances (Sandy Silver)', NULL, NULL, 1770728184, 0, 1, 'en', 0, 1, 1770728184),
(143, 143, 'en', 1, 'Minister Responsible for French Language Services Directorate (John Streicker )', NULL, NULL, 1769984248, 1, 1, 'und', 0, NULL, NULL),
(144, 144, 'en', 1, 'Minister of Executive Council Office (Sandy Silver)', NULL, NULL, 1769984256, 1, 1, 'und', 0, NULL, NULL),
(144, 144, 'fr', 1, 'Ministre du Conseil exécutif (Sandy Silver)', NULL, NULL, 1770728233, 0, 1, 'en', 0, 1, 1770728233),
(145, 145, 'en', 1, 'Minister of Executive Council Office (Ranj Pillai)', NULL, NULL, 1769984265, 1, 1, 'und', 0, NULL, NULL),
(146, 146, 'en', 1, 'Member of the Legislative Assembly', NULL, NULL, 1769984385, 1, 1, 'und', 0, NULL, NULL),
(146, 146, 'fr', 1, 'Député à l\'Assemblée législative', NULL, NULL, 1770724691, 0, 1, 'en', 0, 1, 1770724691),
(147, 147, 'en', 1, 'MLA - Whitehorse Centre (Liz Hanson)', NULL, NULL, 1769984394, 1, 1, 'und', 0, NULL, NULL),
(147, 147, 'fr', 1, 'Député – Whitehorse Centre (Liz Hanson)', NULL, NULL, 1770724771, 0, 1, 'en', 0, 1, 1770724771),
(148, 148, 'en', 1, 'MLA - Whitehorse Centre (Emily Tredger)', NULL, NULL, 1769984404, 1, 1, 'und', 0, NULL, NULL),
(148, 148, 'fr', 1, 'Député – Whitehorse Centre (Emily Tredger)', NULL, NULL, 1770724813, 0, 1, 'en', 0, 1, 1770724813),
(149, 149, 'en', 1, 'MLA - Whitehorse West (Richard Mostyn)', NULL, NULL, 1769984414, 1, 1, 'und', 0, NULL, NULL),
(150, 150, 'en', 1, 'MLA - Watson Lake (Patti McLeod)', NULL, NULL, 1769984422, 1, 1, 'und', 0, NULL, NULL),
(150, 150, 'fr', 1, 'Député – Watson Lake (Patti McLeod)', NULL, NULL, 1770725783, 0, 1, 'en', 0, 1, 1770725777),
(151, 151, 'en', 1, 'MLA - Vuntut Gwitchin (Annie Blake)', NULL, NULL, 1769984430, 1, 1, 'und', 0, NULL, NULL),
(151, 151, 'fr', 1, 'Député – Vuntut Gwitchin (Annie Blake)', NULL, NULL, 1770725861, 0, 1, 'en', 0, 1, 1770725861),
(152, 152, 'en', 1, 'MLA - Vuntut Gwitchin (Pauline Frost)', NULL, NULL, 1769984439, 1, 1, 'und', 0, NULL, NULL),
(152, 152, 'fr', 1, 'Député – Vuntut Gwitchin (Pauline Frost)', NULL, NULL, 1770725894, 0, 1, 'en', 0, 1, 1770725894),
(153, 153, 'en', 1, 'MLA - Takhini-Kopper King (Kate White)', NULL, NULL, 1769984447, 1, 1, 'und', 0, NULL, NULL),
(153, 153, 'fr', 1, 'Député – Takhini-Kopper King (Kate White)', NULL, NULL, 1770725934, 0, 1, 'en', 0, 1, 1770725934),
(154, 154, 'en', 1, 'MLA - Riverdale South (Tracy-Anne McPhee)', NULL, NULL, 1769984455, 1, 1, 'und', 0, NULL, NULL),
(154, 154, 'fr', 1, 'Député – Riverdale Sud (Tracy-Anne McPhee)', NULL, NULL, 1770726011, 0, 1, 'en', 0, 1, 1770725985),
(155, 155, 'en', 1, 'MLA - Riverdale North (Nils Clarke)', NULL, NULL, 1769984463, 1, 1, 'und', 0, NULL, NULL),
(155, 155, 'fr', 1, 'Député – Riverdale Nord (Nils Clarke)', NULL, NULL, 1770726051, 0, 1, 'en', 0, 1, 1770726051),
(156, 156, 'en', 1, 'MLA - Porter Creek South (Ranj Pillai)', NULL, NULL, 1769984472, 1, 1, 'und', 0, NULL, NULL),
(156, 156, 'fr', 1, 'Député – Porter Creek Sud (Ranj Pillai)', NULL, NULL, 1770726104, 0, 1, 'en', 0, 1, 1770726104),
(157, 157, 'en', 1, 'MLA - Porter Creek North (Geraldine VanBibber)', NULL, NULL, 1769984495, 1, 1, 'und', 0, NULL, NULL),
(157, 157, 'fr', 1, 'Député – Porter Creek Nord (Geraldine VanBibber)', NULL, NULL, 1770726152, 0, 1, 'en', 0, 1, 1770726152),
(158, 158, 'en', 1, 'MLA - Porter Creek Centre (Paolo Gallina)', NULL, NULL, 1769984507, 1, 1, 'und', 0, NULL, NULL),
(158, 158, 'fr', 1, 'Député – Porter Creek Centre (Paolo Gallina)', NULL, NULL, 1770726190, 0, 1, 'en', 0, 1, 1770726190),
(159, 159, 'en', 1, 'MLA - Porter Creek Centre (Yvonne Clarke)', NULL, NULL, 1769984539, 1, 1, 'und', 0, NULL, NULL),
(159, 159, 'fr', 1, 'Député – Porter Creek Centre (Yvonne Clarke)', NULL, NULL, 1770726256, 0, 1, 'en', 0, 1, 1770726256),
(160, 160, 'en', 1, 'MLA - Pelly-Nitsutlin (Stacey Hassard)', NULL, NULL, 1769984555, 1, 1, 'und', 0, NULL, NULL),
(160, 160, 'fr', 1, 'Député – Pelly-Nisutlin (Stacey Hassard)', NULL, NULL, 1770726311, 0, 1, 'en', 0, 1, 1770726311),
(161, 161, 'en', 1, 'MLA - Mount Lorne-Southern Lakes (John Streicker)', NULL, NULL, 1769984564, 1, 1, 'und', 0, NULL, NULL),
(161, 161, 'fr', 1, 'Député – Mount Lorne-Lacs du Sud (John Streicker)', NULL, NULL, 1770726358, 0, 1, 'en', 0, 1, 1770726358),
(162, 162, 'en', 1, 'MLA - Mountainview (Jeanie Dendys)', NULL, NULL, 1769984573, 1, 1, 'und', 0, NULL, NULL),
(163, 163, 'en', 1, 'MLA - Mountainview (Jeanie McLean)', NULL, NULL, 1769984580, 1, 1, 'und', 0, NULL, NULL),
(164, 164, 'en', 1, 'MLA - Mayo-Tatchun (Don Hutton)', NULL, NULL, 1769984589, 1, 1, 'und', 0, NULL, NULL),
(164, 164, 'fr', 1, 'Député – Mayo-Tatchun (Don Hutton)', NULL, NULL, 1770726477, 0, 1, 'en', 0, 1, 1770726477),
(165, 165, 'en', 1, 'MLA - Mayo-Tatchun (Jeremy Harper)', NULL, NULL, 1769984598, 1, 1, 'und', 0, NULL, NULL),
(165, 165, 'fr', 1, 'Député – Mayo-Tatchun (Jeremy Harper)', NULL, NULL, 1770726518, 0, 1, 'en', 0, 1, 1770726518),
(166, 166, 'en', 1, 'MLA - Lake Laberge (Brad Cathers)', NULL, NULL, 1769984608, 1, 1, 'und', 0, NULL, NULL),
(166, 166, 'fr', 1, 'Député – Lac Laberge (Brad Cathers)', NULL, NULL, 1770726559, 0, 1, 'en', 0, 1, 1770726559),
(167, 167, 'en', 1, 'MLA - Kluane (Wade Istchenko)', NULL, NULL, 1769984616, 1, 1, 'und', 0, NULL, NULL),
(167, 167, 'fr', 1, 'Député – Kluane (Wade Istchenko)', NULL, NULL, 1770726601, 0, 1, 'en', 0, 1, 1770726601),
(168, 168, 'en', 1, 'MLA - Klondike (Sandy Silver)', NULL, NULL, 1769984625, 1, 1, 'und', 0, NULL, NULL),
(168, 168, 'fr', 1, 'Député – Klondike (Sandy Silver)', NULL, NULL, 1770726647, 0, 1, 'en', 0, 1, 1770726647),
(169, 169, 'en', 1, 'MLA - Copperbelt South (Scott Kent)', NULL, NULL, 1769984632, 1, 1, 'und', 0, NULL, NULL),
(169, 169, 'fr', 1, 'Député – Copperbelt Sud (Scott Kent)', NULL, NULL, 1770726688, 0, 1, 'en', 0, 1, 1770726688),
(170, 170, 'en', 1, 'MLA - Copperbelt North (Ted Adel)', NULL, NULL, 1769984642, 1, 1, 'und', 0, NULL, NULL),
(170, 170, 'fr', 1, 'Député – Copperbelt Nord (Ted Adel)', NULL, NULL, 1770726734, 0, 1, 'en', 0, 1, 1770726734),
(171, 171, 'en', 1, 'MLA - Copperbelt North (Currie Dixon)', NULL, NULL, 1769984649, 1, 1, 'und', 0, NULL, NULL),
(171, 171, 'fr', 1, 'Député – Copperbelt Nord (Currie Dixon)', NULL, NULL, 1770726768, 0, 1, 'en', 0, 1, 1770726768),
(172, 172, 'en', 1, 'Cabinet or Caucus', NULL, NULL, 1769984663, 1, 1, 'und', 0, NULL, NULL),
(172, 172, 'fr', 1, 'Cabinet or Caucus', NULL, NULL, 1770724632, 0, 1, 'en', 0, 1, 1770724632),
(173, 173, 'en', 1, 'Cabinet or Caucus Employees', NULL, NULL, 1769984672, 1, 1, 'und', 0, NULL, NULL),
(173, 173, 'fr', 1, 'Cabinet or Caucus Employees', NULL, NULL, 1770724649, 0, 1, 'en', 0, 1, 1770724649),
(174, 174, 'en', 1, 'Minister of Environment (Pauline Frost)', NULL, NULL, 1770728636, 1, 1, 'und', 0, 1, 1770728636),
(174, 174, 'fr', 1, 'Ministre de l’Environnement (Pauline Frost)', NULL, NULL, 1770728971, 0, 1, 'en', 0, 1, 1770728971),
(175, 175, 'en', 1, 'Minister of Environment (Nils Clarke)', NULL, NULL, 1770728680, 1, 1, 'und', 0, 1, 1770728680),
(175, 175, 'fr', 1, 'Ministre de l’Environnement (Nils Clarke)', NULL, NULL, 1770729015, 0, 1, 'en', 0, 1, 1770729015),
(176, 176, 'en', 1, 'Minister of Energy, Mines and Resources (Ranj Pillai)', NULL, NULL, 1770728714, 1, 1, 'und', 0, 1, 1770728714),
(176, 176, 'fr', 1, 'Ministre de l’Énergie, des Mines et des Ressources (Ranj Pillai)', NULL, NULL, 1770729049, 0, 1, 'en', 0, 1, 1770729049),
(177, 177, 'en', 1, 'Minister of Energy, Mines and Resources (John Streicker)', NULL, NULL, 1770728755, 1, 1, 'und', 0, 1, 1770728755),
(177, 177, 'fr', 1, 'Ministre de l’Énergie, des Mines et des Ressources (John Streicker)', NULL, NULL, 1770729093, 0, 1, 'en', 0, 1, 1770729093),
(178, 178, 'en', 1, 'Minister of Education (Tracy-Anne McPhee)', NULL, NULL, 1770728783, 1, 1, 'und', 0, 1, 1770728783),
(178, 178, 'fr', 1, 'Ministre de l’Éducation (Tracy-Anne McPhee)', NULL, NULL, 1770729129, 0, 1, 'en', 0, 1, 1770729129),
(179, 179, 'en', 1, 'Minister of Education (Jeanie McLean)', NULL, NULL, 1770728816, 1, 1, 'und', 0, 1, 1770728816),
(179, 179, 'fr', 1, 'Ministre de l’Éducation (Jeanie McLean)', NULL, NULL, 1770729164, 0, 1, 'en', 0, 1, 1770729164),
(180, 180, 'en', 1, 'Minister of Economic Development (Ranj Pillai)', NULL, NULL, 1770728850, 1, 1, 'und', 0, 1, 1770728850),
(180, 180, 'fr', 1, 'Ministre du Développement économique (Ranj Pillai)', NULL, NULL, 1770729205, 0, 1, 'en', 0, 1, 1770729205),
(181, 181, 'en', 1, 'Minister of Community Services (John Streicker)', NULL, NULL, 1770728878, 1, 1, 'und', 0, 1, 1770728878),
(181, 181, 'fr', 1, 'Ministre des Services aux collectivités (John Streicker)', NULL, NULL, 1770729255, 0, 1, 'en', 0, 1, 1770729255),
(182, 182, 'en', 1, 'Minister of Community Services (Richard Mostyn)', NULL, NULL, 1770728909, 1, 1, 'und', 0, 1, 1770728909),
(182, 182, 'fr', 1, 'Ministre des Services aux collectivités (Richard Mostyn)', NULL, NULL, 1770729292, 0, 1, 'en', 0, 1, 1770729292);

-- --------------------------------------------------------

--
-- Table structure for table `taxonomy_term_revision`
--

CREATE TABLE `taxonomy_term_revision` (
  `tid` int UNSIGNED NOT NULL,
  `revision_id` int UNSIGNED NOT NULL,
  `langcode` varchar(12) CHARACTER SET ascii COLLATE ascii_general_ci NOT NULL,
  `revision_user` int UNSIGNED DEFAULT NULL COMMENT 'The ID of the target entity.',
  `revision_created` int DEFAULT NULL,
  `revision_log_message` longtext,
  `revision_default` tinyint DEFAULT NULL
) ENGINE=InnoDB DEFAULT CHARSET=utf8mb4 COLLATE=utf8mb4_general_ci COMMENT='The revision table for taxonomy_term entities.';

--
-- Dumping data for table `taxonomy_term_revision`
--

INSERT INTO `taxonomy_term_revision` (`tid`, `revision_id`, `langcode`, `revision_user`, `revision_created`, `revision_log_message`, `revision_default`) VALUES
(1, 1, 'en', NULL, 1769982433, NULL, 1),
(2, 2, 'en', NULL, 1769982463, NULL, 1),
(3, 3, 'en', NULL, 1769982471, NULL, 1),
(4, 4, 'en', NULL, 1769982477, NULL, 1),
(5, 5, 'en', NULL, 1769982486, NULL, 1),
(6, 6, 'en', NULL, 1769982502, NULL, 1),
(7, 7, 'en', NULL, 1769982509, NULL, 1),
(8, 8, 'en', NULL, 1769982518, NULL, 1),
(9, 9, 'en', NULL, 1769982523, NULL, 1),
(10, 10, 'en', NULL, 1769982532, NULL, 1),
(11, 11, 'en', NULL, 1769982538, NULL, 1),
(12, 12, 'en', NULL, 1769982547, NULL, 1),
(13, 13, 'en', NULL, 1769982559, NULL, 1),
(14, 14, 'en', NULL, 1769982573, NULL, 1),
(15, 15, 'en', NULL, 1769982580, NULL, 1),
(16, 16, 'en', NULL, 1769982586, NULL, 1),
(17, 17, 'en', NULL, 1769982593, NULL, 1),
(18, 18, 'en', NULL, 1769982600, NULL, 1),
(19, 19, 'en', NULL, 1769982605, NULL, 1),
(20, 20, 'en', NULL, 1769982611, NULL, 1),
(21, 21, 'en', NULL, 1769982617, NULL, 1),
(22, 22, 'en', NULL, 1769982624, NULL, 1),
(23, 23, 'en', NULL, 1769982631, NULL, 1),
(24, 24, 'en', NULL, 1769982639, NULL, 1),
(25, 25, 'en', NULL, 1769982653, NULL, 1),
(26, 26, 'en', NULL, 1769982658, NULL, 1),
(27, 27, 'en', NULL, 1769982665, NULL, 1),
(28, 28, 'en', NULL, 1769982673, NULL, 1),
(29, 29, 'en', NULL, 1769982679, NULL, 1),
(30, 30, 'en', NULL, 1769982684, NULL, 1),
(31, 31, 'en', NULL, 1769982690, NULL, 1),
(32, 32, 'en', NULL, 1769982698, NULL, 1),
(33, 33, 'en', NULL, 1769982710, NULL, 1),
(34, 34, 'en', NULL, 1769982718, NULL, 1),
(35, 35, 'en', NULL, 1769982724, NULL, 1),
(36, 36, 'en', NULL, 1769982729, NULL, 1),
(37, 37, 'en', NULL, 1769982735, NULL, 1),
(38, 38, 'en', NULL, 1769982748, NULL, 1),
(39, 39, 'en', NULL, 1769982754, NULL, 1),
(40, 40, 'en', NULL, 1769982761, NULL, 1),
(41, 41, 'en', NULL, 1769982765, NULL, 1),
(42, 42, 'en', NULL, 1769982772, NULL, 1),
(43, 43, 'en', NULL, 1769982777, NULL, 1),
(44, 44, 'en', NULL, 1769982785, NULL, 1),
(45, 45, 'en', NULL, 1769982790, NULL, 1),
(46, 46, 'en', NULL, 1769983158, NULL, 1),
(47, 47, 'en', NULL, 1769983194, NULL, 1),
(48, 48, 'en', NULL, 1769983204, NULL, 1),
(49, 49, 'en', NULL, 1769983215, NULL, 1),
(50, 50, 'en', NULL, 1769983225, NULL, 1),
(51, 51, 'en', NULL, 1769983234, NULL, 1),
(52, 52, 'en', NULL, 1769983243, NULL, 1),
(53, 53, 'en', NULL, 1769983254, NULL, 1),
(54, 54, 'en', NULL, 1769983264, NULL, 1),
(55, 55, 'en', NULL, 1769983276, NULL, 1),
(56, 56, 'en', NULL, 1769983286, NULL, 1),
(57, 57, 'en', NULL, 1769983294, NULL, 1),
(58, 58, 'en', NULL, 1769983318, NULL, 1),
(59, 59, 'en', NULL, 1769983326, NULL, 1),
(60, 60, 'en', NULL, 1769983337, NULL, 1),
(61, 61, 'en', NULL, 1769983346, NULL, 1),
(62, 62, 'en', NULL, 1769983356, NULL, 1),
(63, 63, 'en', NULL, 1769983367, NULL, 1),
(64, 64, 'en', NULL, 1769983380, NULL, 1),
(65, 65, 'en', NULL, 1769983388, NULL, 1),
(66, 66, 'en', NULL, 1769983398, NULL, 1),
(67, 67, 'en', NULL, 1769983406, NULL, 1),
(68, 68, 'en', NULL, 1769983416, NULL, 1),
(69, 69, 'en', NULL, 1769983430, NULL, 1),
(70, 70, 'en', NULL, 1769983442, NULL, 1),
(71, 71, 'en', NULL, 1769983450, NULL, 1),
(72, 72, 'en', NULL, 1769983461, NULL, 1),
(73, 73, 'en', NULL, 1769983469, NULL, 1),
(74, 74, 'en', NULL, 1769983478, NULL, 1),
(75, 75, 'en', NULL, 1769983486, NULL, 1),
(76, 76, 'en', NULL, 1769983498, NULL, 1),
(77, 77, 'en', NULL, 1769983510, NULL, 1),
(78, 78, 'en', NULL, 1769983520, NULL, 1),
(79, 79, 'en', NULL, 1769983529, NULL, 1),
(80, 80, 'en', NULL, 1769983540, NULL, 1),
(81, 81, 'en', NULL, 1769983555, NULL, 1),
(82, 82, 'en', NULL, 1769983565, NULL, 1),
(83, 83, 'en', NULL, 1769983575, NULL, 1),
(84, 84, 'en', NULL, 1769983584, NULL, 1),
(85, 85, 'en', NULL, 1769983594, NULL, 1),
(86, 86, 'en', NULL, 1769983603, NULL, 1),
(87, 87, 'en', NULL, 1769983610, NULL, 1),
(88, 88, 'en', NULL, 1769983617, NULL, 1),
(89, 89, 'en', NULL, 1769983639, NULL, 1),
(90, 90, 'en', NULL, 1769983648, NULL, 1),
(91, 91, 'en', NULL, 1769983658, NULL, 1),
(92, 92, 'en', NULL, 1769983670, NULL, 1),
(93, 93, 'en', NULL, 1769983688, NULL, 1),
(94, 94, 'en', NULL, 1769983705, NULL, 1),
(95, 95, 'en', NULL, 1769983717, NULL, 1),
(96, 96, 'en', NULL, 1769983732, NULL, 1),
(97, 97, 'en', NULL, 1769983742, NULL, 1),
(98, 98, 'en', NULL, 1769983761, NULL, 1),
(99, 99, 'en', NULL, 1769983774, NULL, 1),
(100, 100, 'en', NULL, 1769983782, NULL, 1),
(101, 101, 'en', NULL, 1769983796, NULL, 1),
(102, 102, 'en', NULL, 1769983806, NULL, 1),
(103, 103, 'en', NULL, 1769983816, NULL, 1),
(104, 104, 'en', NULL, 1769983828, NULL, 1),
(105, 105, 'en', NULL, 1769983838, NULL, 1),
(106, 106, 'en', NULL, 1769983857, NULL, 1),
(107, 107, 'en', NULL, 1769983867, NULL, 1),
(108, 108, 'en', NULL, 1769983877, NULL, 1),
(109, 109, 'en', NULL, 1769983886, NULL, 1),
(110, 110, 'en', NULL, 1769983897, NULL, 1),
(111, 111, 'en', NULL, 1769983908, NULL, 1),
(112, 112, 'en', NULL, 1769983920, NULL, 1),
(113, 113, 'en', NULL, 1769983928, NULL, 1),
(114, 114, 'en', NULL, 1769983940, NULL, 1),
(115, 115, 'en', NULL, 1769983949, NULL, 1),
(116, 116, 'en', NULL, 1769983960, NULL, 1),
(117, 117, 'en', NULL, 1769983971, NULL, 1),
(118, 118, 'en', NULL, 1769983993, NULL, 1),
(119, 119, 'en', NULL, 1769984002, NULL, 1),
(120, 120, 'en', NULL, 1769984013, NULL, 1),
(121, 121, 'en', NULL, 1769984024, NULL, 1),
(122, 122, 'en', NULL, 1769984035, NULL, 1),
(123, 123, 'en', NULL, 1769984043, NULL, 1),
(124, 124, 'en', NULL, 1769984054, NULL, 1),
(125, 125, 'en', NULL, 1769984063, NULL, 1),
(126, 126, 'en', NULL, 1769984072, NULL, 1),
(127, 127, 'en', NULL, 1769984081, NULL, 1),
(128, 128, 'en', NULL, 1769984091, NULL, 1),
(129, 129, 'en', NULL, 1769984099, NULL, 1),
(130, 130, 'en', NULL, 1769984116, NULL, 1),
(131, 131, 'en', NULL, 1769984126, NULL, 1),
(132, 132, 'en', NULL, 1769984135, NULL, 1),
(133, 133, 'en', NULL, 1769984145, NULL, 1),
(134, 134, 'en', NULL, 1769984154, NULL, 1),
(135, 135, 'en', NULL, 1769984163, NULL, 1),
(136, 136, 'en', NULL, 1769984173, NULL, 1),
(137, 137, 'en', NULL, 1769984184, NULL, 1),
(138, 138, 'en', NULL, 1769984193, NULL, 1),
(139, 139, 'en', NULL, 1769984203, NULL, 1),
(140, 140, 'en', NULL, 1769984211, NULL, 1),
(141, 141, 'en', NULL, 1769984220, NULL, 1),
(142, 142, 'en', NULL, 1769984238, NULL, 1),
(143, 143, 'en', NULL, 1769984248, NULL, 1),
(144, 144, 'en', NULL, 1769984256, NULL, 1),
(145, 145, 'en', NULL, 1769984265, NULL, 1),
(146, 146, 'en', NULL, 1769984385, NULL, 1),
(147, 147, 'en', NULL, 1769984394, NULL, 1),
(148, 148, 'en', NULL, 1769984404, NULL, 1),
(149, 149, 'en', NULL, 1769984414, NULL, 1),
(150, 150, 'en', NULL, 1769984422, NULL, 1),
(151, 151, 'en', NULL, 1769984430, NULL, 1),
(152, 152, 'en', NULL, 1769984439, NULL, 1),
(153, 153, 'en', NULL, 1769984447, NULL, 1),
(154, 154, 'en', NULL, 1769984455, NULL, 1),
(155, 155, 'en', NULL, 1769984463, NULL, 1),
(156, 156, 'en', NULL, 1769984472, NULL, 1),
(157, 157, 'en', NULL, 1769984495, NULL, 1),
(158, 158, 'en', NULL, 1769984507, NULL, 1),
(159, 159, 'en', NULL, 1769984539, NULL, 1),
(160, 160, 'en', NULL, 1769984555, NULL, 1),
(161, 161, 'en', NULL, 1769984564, NULL, 1),
(162, 162, 'en', NULL, 1769984573, NULL, 1),
(163, 163, 'en', NULL, 1769984580, NULL, 1),
(164, 164, 'en', NULL, 1769984589, NULL, 1),
(165, 165, 'en', NULL, 1769984598, NULL, 1),
(166, 166, 'en', NULL, 1769984608, NULL, 1),
(167, 167, 'en', NULL, 1769984616, NULL, 1),
(168, 168, 'en', NULL, 1769984625, NULL, 1),
(169, 169, 'en', NULL, 1769984632, NULL, 1),
(170, 170, 'en', NULL, 1769984642, NULL, 1),
(171, 171, 'en', NULL, 1769984649, NULL, 1),
(172, 172, 'en', NULL, 1769984663, NULL, 1),
(173, 173, 'en', NULL, 1769984672, NULL, 1),
(174, 174, 'en', NULL, 1770728636, NULL, 1),
(175, 175, 'en', NULL, 1770728680, NULL, 1),
(176, 176, 'en', NULL, 1770728714, NULL, 1),
(177, 177, 'en', NULL, 1770728755, NULL, 1),
(178, 178, 'en', NULL, 1770728783, NULL, 1),
(179, 179, 'en', NULL, 1770728816, NULL, 1),
(180, 180, 'en', NULL, 1770728850, NULL, 1),
(181, 181, 'en', NULL, 1770728878, NULL, 1),
(182, 182, 'en', NULL, 1770728909, NULL, 1);

-- --------------------------------------------------------

--
-- Table structure for table `taxonomy_term_revision__parent`
--

CREATE TABLE `taxonomy_term_revision__parent` (
  `bundle` varchar(128) CHARACTER SET ascii COLLATE ascii_general_ci NOT NULL DEFAULT '' COMMENT 'The field instance bundle to which this row belongs, used when deleting a field instance',
  `deleted` tinyint NOT NULL DEFAULT '0' COMMENT 'A boolean indicating whether this data item has been deleted',
  `entity_id` int UNSIGNED NOT NULL COMMENT 'The entity id this data is attached to',
  `revision_id` int UNSIGNED NOT NULL COMMENT 'The entity revision id this data is attached to',
  `langcode` varchar(32) CHARACTER SET ascii COLLATE ascii_general_ci NOT NULL DEFAULT '' COMMENT 'The language code for this data item.',
  `delta` int UNSIGNED NOT NULL COMMENT 'The sequence number for this data item, used for multi-value fields',
  `parent_target_id` int UNSIGNED NOT NULL COMMENT 'The ID of the target entity.'
) ENGINE=InnoDB DEFAULT CHARSET=utf8mb4 COLLATE=utf8mb4_general_ci COMMENT='Revision archive storage for taxonomy_term field parent.';

--
-- Dumping data for table `taxonomy_term_revision__parent`
--

INSERT INTO `taxonomy_term_revision__parent` (`bundle`, `deleted`, `entity_id`, `revision_id`, `langcode`, `delta`, `parent_target_id`) VALUES
('lobby_s_topics', 0, 1, 1, 'en', 0, 0),
('lobby_s_topics', 0, 2, 2, 'en', 0, 0),
('lobby_s_topics', 0, 3, 3, 'en', 0, 0),
('lobby_s_topics', 0, 4, 4, 'en', 0, 0),
('lobby_s_topics', 0, 5, 5, 'en', 0, 0),
('lobby_s_topics', 0, 6, 6, 'en', 0, 0),
('lobby_s_topics', 0, 7, 7, 'en', 0, 0),
('lobby_s_topics', 0, 8, 8, 'en', 0, 0),
('lobby_s_topics', 0, 9, 9, 'en', 0, 0),
('lobby_s_topics', 0, 10, 10, 'en', 0, 0),
('lobby_s_topics', 0, 11, 11, 'en', 0, 0),
('lobby_s_topics', 0, 12, 12, 'en', 0, 0),
('lobby_s_topics', 0, 13, 13, 'en', 0, 0),
('lobby_s_topics', 0, 14, 14, 'en', 0, 0),
('lobby_s_topics', 0, 15, 15, 'en', 0, 0),
('lobby_s_topics', 0, 16, 16, 'en', 0, 0),
('lobby_s_topics', 0, 17, 17, 'en', 0, 0),
('lobby_s_topics', 0, 18, 18, 'en', 0, 0),
('lobby_s_topics', 0, 19, 19, 'en', 0, 0),
('lobby_s_topics', 0, 20, 20, 'en', 0, 0),
('lobby_s_topics', 0, 21, 21, 'en', 0, 0),
('lobby_s_topics', 0, 22, 22, 'en', 0, 0),
('lobby_s_topics', 0, 23, 23, 'en', 0, 0),
('lobby_s_topics', 0, 24, 24, 'en', 0, 0),
('lobby_s_topics', 0, 25, 25, 'en', 0, 0),
('lobby_s_topics', 0, 26, 26, 'en', 0, 0),
('lobby_s_topics', 0, 27, 27, 'en', 0, 0),
('lobby_s_topics', 0, 28, 28, 'en', 0, 0),
('lobby_s_topics', 0, 29, 29, 'en', 0, 0),
('lobby_s_topics', 0, 30, 30, 'en', 0, 0),
('lobby_s_topics', 0, 31, 31, 'en', 0, 0),
('lobby_s_topics', 0, 32, 32, 'en', 0, 0),
('lobby_s_topics', 0, 33, 33, 'en', 0, 0),
('lobby_s_topics', 0, 34, 34, 'en', 0, 0),
('lobby_s_topics', 0, 35, 35, 'en', 0, 0),
('lobby_s_topics', 0, 36, 36, 'en', 0, 0),
('lobby_s_topics', 0, 37, 37, 'en', 0, 0),
('lobby_s_topics', 0, 38, 38, 'en', 0, 0),
('lobby_s_topics', 0, 39, 39, 'en', 0, 0),
('lobby_s_topics', 0, 40, 40, 'en', 0, 0),
('lobby_s_topics', 0, 41, 41, 'en', 0, 0),
('lobby_s_topics', 0, 42, 42, 'en', 0, 0),
('lobby_s_topics', 0, 43, 43, 'en', 0, 0),
('lobby_s_topics', 0, 44, 44, 'en', 0, 0),
('lobby_s_topics', 0, 45, 45, 'en', 0, 0),
('lobbyist_s_portfolios', 0, 46, 46, 'en', 0, 0),
('lobbyist_s_portfolios', 0, 47, 47, 'en', 0, 46),
('lobbyist_s_portfolios', 0, 48, 48, 'en', 0, 46),
('lobbyist_s_portfolios', 0, 49, 49, 'en', 0, 46),
('lobbyist_s_portfolios', 0, 50, 50, 'en', 0, 46),
('lobbyist_s_portfolios', 0, 51, 51, 'en', 0, 46),
('lobbyist_s_portfolios', 0, 52, 52, 'en', 0, 46),
('lobbyist_s_portfolios', 0, 53, 53, 'en', 0, 46),
('lobbyist_s_portfolios', 0, 54, 54, 'en', 0, 46),
('lobbyist_s_portfolios', 0, 55, 55, 'en', 0, 46),
('lobbyist_s_portfolios', 0, 56, 56, 'en', 0, 46),
('lobbyist_s_portfolios', 0, 57, 57, 'en', 0, 46),
('lobbyist_s_portfolios', 0, 58, 58, 'en', 0, 46),
('lobbyist_s_portfolios', 0, 59, 59, 'en', 0, 46),
('lobbyist_s_portfolios', 0, 60, 60, 'en', 0, 46),
('lobbyist_s_portfolios', 0, 61, 61, 'en', 0, 46),
('lobbyist_s_portfolios', 0, 62, 62, 'en', 0, 46),
('lobbyist_s_portfolios', 0, 63, 63, 'en', 0, 46),
('lobbyist_s_portfolios', 0, 64, 64, 'en', 0, 46),
('lobbyist_s_portfolios', 0, 65, 65, 'en', 0, 46),
('lobbyist_s_portfolios', 0, 66, 66, 'en', 0, 46),
('lobbyist_s_portfolios', 0, 67, 67, 'en', 0, 46),
('lobbyist_s_portfolios', 0, 68, 68, 'en', 0, 46),
('lobbyist_s_portfolios', 0, 69, 69, 'en', 0, 46),
('lobbyist_s_portfolios', 0, 70, 70, 'en', 0, 46),
('lobbyist_s_portfolios', 0, 71, 71, 'en', 0, 46),
('lobbyist_s_portfolios', 0, 72, 72, 'en', 0, 46),
('lobbyist_s_portfolios', 0, 73, 73, 'en', 0, 46),
('lobbyist_s_portfolios', 0, 74, 74, 'en', 0, 46),
('lobbyist_s_portfolios', 0, 75, 75, 'en', 0, 46),
('lobbyist_s_portfolios', 0, 76, 76, 'en', 0, 46),
('lobbyist_s_portfolios', 0, 77, 77, 'en', 0, 46),
('lobbyist_s_portfolios', 0, 78, 78, 'en', 0, 46),
('lobbyist_s_portfolios', 0, 79, 79, 'en', 0, 46),
('lobbyist_s_portfolios', 0, 80, 80, 'en', 0, 46),
('lobbyist_s_portfolios', 0, 81, 81, 'en', 0, 46),
('lobbyist_s_portfolios', 0, 82, 82, 'en', 0, 46),
('lobbyist_s_portfolios', 0, 83, 83, 'en', 0, 46),
('lobbyist_s_portfolios', 0, 84, 84, 'en', 0, 46),
('lobbyist_s_portfolios', 0, 85, 85, 'en', 0, 46),
('lobbyist_s_portfolios', 0, 86, 86, 'en', 0, 46),
('lobbyist_s_portfolios', 0, 87, 87, 'en', 0, 46),
('lobbyist_s_portfolios', 0, 88, 88, 'en', 0, 0),
('lobbyist_s_portfolios', 0, 89, 89, 'en', 0, 88),
('lobbyist_s_portfolios', 0, 90, 90, 'en', 0, 88),
('lobbyist_s_portfolios', 0, 91, 91, 'en', 0, 88),
('lobbyist_s_portfolios', 0, 92, 92, 'en', 0, 88),
('lobbyist_s_portfolios', 0, 93, 93, 'en', 0, 0),
('lobbyist_s_portfolios', 0, 94, 94, 'en', 0, 93),
('lobbyist_s_portfolios', 0, 95, 95, 'en', 0, 93),
('lobbyist_s_portfolios', 0, 96, 96, 'en', 0, 93),
('lobbyist_s_portfolios', 0, 97, 97, 'en', 0, 93),
('lobbyist_s_portfolios', 0, 98, 98, 'en', 0, 93),
('lobbyist_s_portfolios', 0, 99, 99, 'en', 0, 93),
('lobbyist_s_portfolios', 0, 100, 100, 'en', 0, 93),
('lobbyist_s_portfolios', 0, 101, 101, 'en', 0, 93),
('lobbyist_s_portfolios', 0, 102, 102, 'en', 0, 93),
('lobbyist_s_portfolios', 0, 103, 103, 'en', 0, 93),
('lobbyist_s_portfolios', 0, 104, 104, 'en', 0, 93),
('lobbyist_s_portfolios', 0, 105, 105, 'en', 0, 93),
('lobbyist_s_portfolios', 0, 106, 106, 'en', 0, 93),
('lobbyist_s_portfolios', 0, 107, 107, 'en', 0, 93),
('lobbyist_s_portfolios', 0, 108, 108, 'en', 0, 93),
('lobbyist_s_portfolios', 0, 109, 109, 'en', 0, 0),
('lobbyist_s_portfolios', 0, 110, 110, 'en', 0, 109),
('lobbyist_s_portfolios', 0, 111, 111, 'en', 0, 109),
('lobbyist_s_portfolios', 0, 112, 112, 'en', 0, 109),
('lobbyist_s_portfolios', 0, 113, 113, 'en', 0, 109),
('lobbyist_s_portfolios', 0, 114, 114, 'en', 0, 109),
('lobbyist_s_portfolios', 0, 115, 115, 'en', 0, 109),
('lobbyist_s_portfolios', 0, 116, 116, 'en', 0, 109),
('lobbyist_s_portfolios', 0, 117, 117, 'en', 0, 109),
('lobbyist_s_portfolios', 0, 118, 118, 'en', 0, 109),
('lobbyist_s_portfolios', 0, 119, 119, 'en', 0, 109),
('lobbyist_s_portfolios', 0, 120, 120, 'en', 0, 109),
('lobbyist_s_portfolios', 0, 121, 121, 'en', 0, 109),
('lobbyist_s_portfolios', 0, 122, 122, 'en', 0, 109),
('lobbyist_s_portfolios', 0, 123, 123, 'en', 0, 109),
('lobbyist_s_portfolios', 0, 124, 124, 'en', 0, 109),
('lobbyist_s_portfolios', 0, 125, 125, 'en', 0, 109),
('lobbyist_s_portfolios', 0, 126, 126, 'en', 0, 109),
('lobbyist_s_portfolios', 0, 127, 127, 'en', 0, 109),
('lobbyist_s_portfolios', 0, 128, 128, 'en', 0, 109),
('lobbyist_s_portfolios', 0, 129, 129, 'en', 0, 109),
('lobbyist_s_portfolios', 0, 130, 130, 'en', 0, 109),
('lobbyist_s_portfolios', 0, 131, 131, 'en', 0, 109),
('lobbyist_s_portfolios', 0, 132, 132, 'en', 0, 109),
('lobbyist_s_portfolios', 0, 133, 133, 'en', 0, 109),
('lobbyist_s_portfolios', 0, 134, 134, 'en', 0, 109),
('lobbyist_s_portfolios', 0, 135, 135, 'en', 0, 109),
('lobbyist_s_portfolios', 0, 136, 136, 'en', 0, 109),
('lobbyist_s_portfolios', 0, 137, 137, 'en', 0, 109),
('lobbyist_s_portfolios', 0, 138, 138, 'en', 0, 109),
('lobbyist_s_portfolios', 0, 139, 139, 'en', 0, 109),
('lobbyist_s_portfolios', 0, 140, 140, 'en', 0, 109),
('lobbyist_s_portfolios', 0, 141, 141, 'en', 0, 109),
('lobbyist_s_portfolios', 0, 142, 142, 'en', 0, 109),
('lobbyist_s_portfolios', 0, 143, 143, 'en', 0, 109),
('lobbyist_s_portfolios', 0, 144, 144, 'en', 0, 109),
('lobbyist_s_portfolios', 0, 145, 145, 'en', 0, 109),
('lobbyist_s_portfolios', 0, 146, 146, 'en', 0, 0),
('lobbyist_s_portfolios', 0, 147, 147, 'en', 0, 146),
('lobbyist_s_portfolios', 0, 148, 148, 'en', 0, 146),
('lobbyist_s_portfolios', 0, 149, 149, 'en', 0, 146),
('lobbyist_s_portfolios', 0, 150, 150, 'en', 0, 146),
('lobbyist_s_portfolios', 0, 151, 151, 'en', 0, 146),
('lobbyist_s_portfolios', 0, 152, 152, 'en', 0, 146),
('lobbyist_s_portfolios', 0, 153, 153, 'en', 0, 146),
('lobbyist_s_portfolios', 0, 154, 154, 'en', 0, 146),
('lobbyist_s_portfolios', 0, 155, 155, 'en', 0, 146),
('lobbyist_s_portfolios', 0, 156, 156, 'en', 0, 146),
('lobbyist_s_portfolios', 0, 157, 157, 'en', 0, 146),
('lobbyist_s_portfolios', 0, 158, 158, 'en', 0, 146),
('lobbyist_s_portfolios', 0, 159, 159, 'en', 0, 146),
('lobbyist_s_portfolios', 0, 160, 160, 'en', 0, 146),
('lobbyist_s_portfolios', 0, 161, 161, 'en', 0, 146),
('lobbyist_s_portfolios', 0, 162, 162, 'en', 0, 146),
('lobbyist_s_portfolios', 0, 163, 163, 'en', 0, 146),
('lobbyist_s_portfolios', 0, 164, 164, 'en', 0, 146),
('lobbyist_s_portfolios', 0, 165, 165, 'en', 0, 146),
('lobbyist_s_portfolios', 0, 166, 166, 'en', 0, 146),
('lobbyist_s_portfolios', 0, 167, 167, 'en', 0, 146),
('lobbyist_s_portfolios', 0, 168, 168, 'en', 0, 146),
('lobbyist_s_portfolios', 0, 169, 169, 'en', 0, 146),
('lobbyist_s_portfolios', 0, 170, 170, 'en', 0, 146),
('lobbyist_s_portfolios', 0, 171, 171, 'en', 0, 146),
('lobbyist_s_portfolios', 0, 172, 172, 'en', 0, 0),
('lobbyist_s_portfolios', 0, 173, 173, 'en', 0, 172),
('lobbyist_s_portfolios', 0, 174, 174, 'en', 0, 109),
('lobbyist_s_portfolios', 0, 175, 175, 'en', 0, 109),
('lobbyist_s_portfolios', 0, 176, 176, 'en', 0, 109),
('lobbyist_s_portfolios', 0, 177, 177, 'en', 0, 109),
('lobbyist_s_portfolios', 0, 178, 178, 'en', 0, 109),
('lobbyist_s_portfolios', 0, 179, 179, 'en', 0, 109),
('lobbyist_s_portfolios', 0, 180, 180, 'en', 0, 109),
('lobbyist_s_portfolios', 0, 181, 181, 'en', 0, 109),
('lobbyist_s_portfolios', 0, 182, 182, 'en', 0, 109);

-- --------------------------------------------------------

--
-- Table structure for table `taxonomy_term__parent`
--

CREATE TABLE `taxonomy_term__parent` (
  `bundle` varchar(128) CHARACTER SET ascii COLLATE ascii_general_ci NOT NULL DEFAULT '' COMMENT 'The field instance bundle to which this row belongs, used when deleting a field instance',
  `deleted` tinyint NOT NULL DEFAULT '0' COMMENT 'A boolean indicating whether this data item has been deleted',
  `entity_id` int UNSIGNED NOT NULL COMMENT 'The entity id this data is attached to',
  `revision_id` int UNSIGNED NOT NULL COMMENT 'The entity revision id this data is attached to',
  `langcode` varchar(32) CHARACTER SET ascii COLLATE ascii_general_ci NOT NULL DEFAULT '' COMMENT 'The language code for this data item.',
  `delta` int UNSIGNED NOT NULL COMMENT 'The sequence number for this data item, used for multi-value fields',
  `parent_target_id` int UNSIGNED NOT NULL COMMENT 'The ID of the target entity.'
) ENGINE=InnoDB DEFAULT CHARSET=utf8mb4 COLLATE=utf8mb4_general_ci COMMENT='Data storage for taxonomy_term field parent.';

--
-- Dumping data for table `taxonomy_term__parent`
--

INSERT INTO `taxonomy_term__parent` (`bundle`, `deleted`, `entity_id`, `revision_id`, `langcode`, `delta`, `parent_target_id`) VALUES
('lobby_s_topics', 0, 1, 1, 'en', 0, 0),
('lobby_s_topics', 0, 2, 2, 'en', 0, 0),
('lobby_s_topics', 0, 3, 3, 'en', 0, 0),
('lobby_s_topics', 0, 4, 4, 'en', 0, 0),
('lobby_s_topics', 0, 5, 5, 'en', 0, 0),
('lobby_s_topics', 0, 6, 6, 'en', 0, 0),
('lobby_s_topics', 0, 7, 7, 'en', 0, 0),
('lobby_s_topics', 0, 8, 8, 'en', 0, 0),
('lobby_s_topics', 0, 9, 9, 'en', 0, 0),
('lobby_s_topics', 0, 10, 10, 'en', 0, 0),
('lobby_s_topics', 0, 11, 11, 'en', 0, 0),
('lobby_s_topics', 0, 12, 12, 'en', 0, 0),
('lobby_s_topics', 0, 13, 13, 'en', 0, 0),
('lobby_s_topics', 0, 14, 14, 'en', 0, 0),
('lobby_s_topics', 0, 15, 15, 'en', 0, 0),
('lobby_s_topics', 0, 16, 16, 'en', 0, 0),
('lobby_s_topics', 0, 17, 17, 'en', 0, 0),
('lobby_s_topics', 0, 18, 18, 'en', 0, 0),
('lobby_s_topics', 0, 19, 19, 'en', 0, 0),
('lobby_s_topics', 0, 20, 20, 'en', 0, 0),
('lobby_s_topics', 0, 21, 21, 'en', 0, 0),
('lobby_s_topics', 0, 22, 22, 'en', 0, 0),
('lobby_s_topics', 0, 23, 23, 'en', 0, 0),
('lobby_s_topics', 0, 24, 24, 'en', 0, 0),
('lobby_s_topics', 0, 25, 25, 'en', 0, 0),
('lobby_s_topics', 0, 26, 26, 'en', 0, 0),
('lobby_s_topics', 0, 27, 27, 'en', 0, 0),
('lobby_s_topics', 0, 28, 28, 'en', 0, 0),
('lobby_s_topics', 0, 29, 29, 'en', 0, 0),
('lobby_s_topics', 0, 30, 30, 'en', 0, 0),
('lobby_s_topics', 0, 31, 31, 'en', 0, 0),
('lobby_s_topics', 0, 32, 32, 'en', 0, 0),
('lobby_s_topics', 0, 33, 33, 'en', 0, 0),
('lobby_s_topics', 0, 34, 34, 'en', 0, 0),
('lobby_s_topics', 0, 35, 35, 'en', 0, 0),
('lobby_s_topics', 0, 36, 36, 'en', 0, 0),
('lobby_s_topics', 0, 37, 37, 'en', 0, 0),
('lobby_s_topics', 0, 38, 38, 'en', 0, 0),
('lobby_s_topics', 0, 39, 39, 'en', 0, 0),
('lobby_s_topics', 0, 40, 40, 'en', 0, 0),
('lobby_s_topics', 0, 41, 41, 'en', 0, 0),
('lobby_s_topics', 0, 42, 42, 'en', 0, 0),
('lobby_s_topics', 0, 43, 43, 'en', 0, 0),
('lobby_s_topics', 0, 44, 44, 'en', 0, 0),
('lobby_s_topics', 0, 45, 45, 'en', 0, 0),
('lobbyist_s_portfolios', 0, 46, 46, 'en', 0, 0),
('lobbyist_s_portfolios', 0, 47, 47, 'en', 0, 46),
('lobbyist_s_portfolios', 0, 48, 48, 'en', 0, 46),
('lobbyist_s_portfolios', 0, 49, 49, 'en', 0, 46),
('lobbyist_s_portfolios', 0, 50, 50, 'en', 0, 46),
('lobbyist_s_portfolios', 0, 51, 51, 'en', 0, 46),
('lobbyist_s_portfolios', 0, 52, 52, 'en', 0, 46),
('lobbyist_s_portfolios', 0, 53, 53, 'en', 0, 46),
('lobbyist_s_portfolios', 0, 54, 54, 'en', 0, 46),
('lobbyist_s_portfolios', 0, 55, 55, 'en', 0, 46),
('lobbyist_s_portfolios', 0, 56, 56, 'en', 0, 46),
('lobbyist_s_portfolios', 0, 57, 57, 'en', 0, 46),
('lobbyist_s_portfolios', 0, 58, 58, 'en', 0, 46),
('lobbyist_s_portfolios', 0, 59, 59, 'en', 0, 46),
('lobbyist_s_portfolios', 0, 60, 60, 'en', 0, 46),
('lobbyist_s_portfolios', 0, 61, 61, 'en', 0, 46),
('lobbyist_s_portfolios', 0, 62, 62, 'en', 0, 46),
('lobbyist_s_portfolios', 0, 63, 63, 'en', 0, 46),
('lobbyist_s_portfolios', 0, 64, 64, 'en', 0, 46),
('lobbyist_s_portfolios', 0, 65, 65, 'en', 0, 46),
('lobbyist_s_portfolios', 0, 66, 66, 'en', 0, 46),
('lobbyist_s_portfolios', 0, 67, 67, 'en', 0, 46),
('lobbyist_s_portfolios', 0, 68, 68, 'en', 0, 46),
('lobbyist_s_portfolios', 0, 69, 69, 'en', 0, 46),
('lobbyist_s_portfolios', 0, 70, 70, 'en', 0, 46),
('lobbyist_s_portfolios', 0, 71, 71, 'en', 0, 46),
('lobbyist_s_portfolios', 0, 72, 72, 'en', 0, 46),
('lobbyist_s_portfolios', 0, 73, 73, 'en', 0, 46),
('lobbyist_s_portfolios', 0, 74, 74, 'en', 0, 46),
('lobbyist_s_portfolios', 0, 75, 75, 'en', 0, 46),
('lobbyist_s_portfolios', 0, 76, 76, 'en', 0, 46),
('lobbyist_s_portfolios', 0, 77, 77, 'en', 0, 46),
('lobbyist_s_portfolios', 0, 78, 78, 'en', 0, 46),
('lobbyist_s_portfolios', 0, 79, 79, 'en', 0, 46),
('lobbyist_s_portfolios', 0, 80, 80, 'en', 0, 46),
('lobbyist_s_portfolios', 0, 81, 81, 'en', 0, 46),
('lobbyist_s_portfolios', 0, 82, 82, 'en', 0, 46),
('lobbyist_s_portfolios', 0, 83, 83, 'en', 0, 46),
('lobbyist_s_portfolios', 0, 84, 84, 'en', 0, 46),
('lobbyist_s_portfolios', 0, 85, 85, 'en', 0, 46),
('lobbyist_s_portfolios', 0, 86, 86, 'en', 0, 46),
('lobbyist_s_portfolios', 0, 87, 87, 'en', 0, 46),
('lobbyist_s_portfolios', 0, 88, 88, 'en', 0, 0),
('lobbyist_s_portfolios', 0, 89, 89, 'en', 0, 88),
('lobbyist_s_portfolios', 0, 90, 90, 'en', 0, 88),
('lobbyist_s_portfolios', 0, 91, 91, 'en', 0, 88),
('lobbyist_s_portfolios', 0, 92, 92, 'en', 0, 88),
('lobbyist_s_portfolios', 0, 93, 93, 'en', 0, 0),
('lobbyist_s_portfolios', 0, 94, 94, 'en', 0, 93),
('lobbyist_s_portfolios', 0, 95, 95, 'en', 0, 93),
('lobbyist_s_portfolios', 0, 96, 96, 'en', 0, 93),
('lobbyist_s_portfolios', 0, 97, 97, 'en', 0, 93),
('lobbyist_s_portfolios', 0, 98, 98, 'en', 0, 93),
('lobbyist_s_portfolios', 0, 99, 99, 'en', 0, 93),
('lobbyist_s_portfolios', 0, 100, 100, 'en', 0, 93),
('lobbyist_s_portfolios', 0, 101, 101, 'en', 0, 93),
('lobbyist_s_portfolios', 0, 102, 102, 'en', 0, 93),
('lobbyist_s_portfolios', 0, 103, 103, 'en', 0, 93),
('lobbyist_s_portfolios', 0, 104, 104, 'en', 0, 93),
('lobbyist_s_portfolios', 0, 105, 105, 'en', 0, 93),
('lobbyist_s_portfolios', 0, 106, 106, 'en', 0, 93),
('lobbyist_s_portfolios', 0, 107, 107, 'en', 0, 93),
('lobbyist_s_portfolios', 0, 108, 108, 'en', 0, 93),
('lobbyist_s_portfolios', 0, 109, 109, 'en', 0, 0),
('lobbyist_s_portfolios', 0, 110, 110, 'en', 0, 109),
('lobbyist_s_portfolios', 0, 111, 111, 'en', 0, 109),
('lobbyist_s_portfolios', 0, 112, 112, 'en', 0, 109),
('lobbyist_s_portfolios', 0, 113, 113, 'en', 0, 109),
('lobbyist_s_portfolios', 0, 114, 114, 'en', 0, 109),
('lobbyist_s_portfolios', 0, 115, 115, 'en', 0, 109),
('lobbyist_s_portfolios', 0, 116, 116, 'en', 0, 109),
('lobbyist_s_portfolios', 0, 117, 117, 'en', 0, 109),
('lobbyist_s_portfolios', 0, 118, 118, 'en', 0, 109),
('lobbyist_s_portfolios', 0, 119, 119, 'en', 0, 109),
('lobbyist_s_portfolios', 0, 120, 120, 'en', 0, 109),
('lobbyist_s_portfolios', 0, 121, 121, 'en', 0, 109),
('lobbyist_s_portfolios', 0, 122, 122, 'en', 0, 109),
('lobbyist_s_portfolios', 0, 123, 123, 'en', 0, 109),
('lobbyist_s_portfolios', 0, 124, 124, 'en', 0, 109),
('lobbyist_s_portfolios', 0, 125, 125, 'en', 0, 109),
('lobbyist_s_portfolios', 0, 126, 126, 'en', 0, 109),
('lobbyist_s_portfolios', 0, 127, 127, 'en', 0, 109),
('lobbyist_s_portfolios', 0, 128, 128, 'en', 0, 109),
('lobbyist_s_portfolios', 0, 129, 129, 'en', 0, 109),
('lobbyist_s_portfolios', 0, 130, 130, 'en', 0, 109),
('lobbyist_s_portfolios', 0, 131, 131, 'en', 0, 109),
('lobbyist_s_portfolios', 0, 132, 132, 'en', 0, 109),
('lobbyist_s_portfolios', 0, 133, 133, 'en', 0, 109),
('lobbyist_s_portfolios', 0, 134, 134, 'en', 0, 109),
('lobbyist_s_portfolios', 0, 135, 135, 'en', 0, 109),
('lobbyist_s_portfolios', 0, 136, 136, 'en', 0, 109),
('lobbyist_s_portfolios', 0, 137, 137, 'en', 0, 109),
('lobbyist_s_portfolios', 0, 138, 138, 'en', 0, 109),
('lobbyist_s_portfolios', 0, 139, 139, 'en', 0, 109),
('lobbyist_s_portfolios', 0, 140, 140, 'en', 0, 109),
('lobbyist_s_portfolios', 0, 141, 141, 'en', 0, 109),
('lobbyist_s_portfolios', 0, 142, 142, 'en', 0, 109),
('lobbyist_s_portfolios', 0, 143, 143, 'en', 0, 109),
('lobbyist_s_portfolios', 0, 144, 144, 'en', 0, 109),
('lobbyist_s_portfolios', 0, 145, 145, 'en', 0, 109),
('lobbyist_s_portfolios', 0, 146, 146, 'en', 0, 0),
('lobbyist_s_portfolios', 0, 147, 147, 'en', 0, 146),
('lobbyist_s_portfolios', 0, 148, 148, 'en', 0, 146),
('lobbyist_s_portfolios', 0, 149, 149, 'en', 0, 146),
('lobbyist_s_portfolios', 0, 150, 150, 'en', 0, 146),
('lobbyist_s_portfolios', 0, 151, 151, 'en', 0, 146),
('lobbyist_s_portfolios', 0, 152, 152, 'en', 0, 146),
('lobbyist_s_portfolios', 0, 153, 153, 'en', 0, 146),
('lobbyist_s_portfolios', 0, 154, 154, 'en', 0, 146),
('lobbyist_s_portfolios', 0, 155, 155, 'en', 0, 146),
('lobbyist_s_portfolios', 0, 156, 156, 'en', 0, 146),
('lobbyist_s_portfolios', 0, 157, 157, 'en', 0, 146),
('lobbyist_s_portfolios', 0, 158, 158, 'en', 0, 146),
('lobbyist_s_portfolios', 0, 159, 159, 'en', 0, 146),
('lobbyist_s_portfolios', 0, 160, 160, 'en', 0, 146),
('lobbyist_s_portfolios', 0, 161, 161, 'en', 0, 146),
('lobbyist_s_portfolios', 0, 162, 162, 'en', 0, 146),
('lobbyist_s_portfolios', 0, 163, 163, 'en', 0, 146),
('lobbyist_s_portfolios', 0, 164, 164, 'en', 0, 146),
('lobbyist_s_portfolios', 0, 165, 165, 'en', 0, 146),
('lobbyist_s_portfolios', 0, 166, 166, 'en', 0, 146),
('lobbyist_s_portfolios', 0, 167, 167, 'en', 0, 146),
('lobbyist_s_portfolios', 0, 168, 168, 'en', 0, 146),
('lobbyist_s_portfolios', 0, 169, 169, 'en', 0, 146),
('lobbyist_s_portfolios', 0, 170, 170, 'en', 0, 146),
('lobbyist_s_portfolios', 0, 171, 171, 'en', 0, 146),
('lobbyist_s_portfolios', 0, 172, 172, 'en', 0, 0),
('lobbyist_s_portfolios', 0, 173, 173, 'en', 0, 172),
('lobbyist_s_portfolios', 0, 174, 174, 'en', 0, 109),
('lobbyist_s_portfolios', 0, 175, 175, 'en', 0, 109),
('lobbyist_s_portfolios', 0, 176, 176, 'en', 0, 109),
('lobbyist_s_portfolios', 0, 177, 177, 'en', 0, 109),
('lobbyist_s_portfolios', 0, 178, 178, 'en', 0, 109),
('lobbyist_s_portfolios', 0, 179, 179, 'en', 0, 109),
('lobbyist_s_portfolios', 0, 180, 180, 'en', 0, 109),
('lobbyist_s_portfolios', 0, 181, 181, 'en', 0, 109),
('lobbyist_s_portfolios', 0, 182, 182, 'en', 0, 109);

-- --------------------------------------------------------

--
-- Table structure for table `users`
--

CREATE TABLE `users` (
  `uid` int UNSIGNED NOT NULL,
  `uuid` varchar(128) CHARACTER SET ascii COLLATE ascii_general_ci NOT NULL,
  `langcode` varchar(12) CHARACTER SET ascii COLLATE ascii_general_ci NOT NULL
) ENGINE=InnoDB DEFAULT CHARSET=utf8mb4 COLLATE=utf8mb4_general_ci COMMENT='The base table for user entities.';

--
-- Dumping data for table `users`
--

INSERT INTO `users` (`uid`, `uuid`, `langcode`) VALUES
(0, '9fd06ae8-f7c7-4128-9b6d-61b9c2da4555', 'en'),
(1, 'e0935950-6d8d-4c73-b743-c4257702c3f5', 'en'),
(11, '8985ee17-4f0c-4209-b871-45c1c42d00d2', 'en'),
(12, 'd4d9c12f-e9e9-4481-aa06-91faf69f5b1c', 'en'),
(60, 'e20d89f2-578e-4475-81fe-784b7c81e03d', 'en'),
(61, '26c1a2de-ebcf-4689-90b0-fcdd1ce5c175', 'en'),
(62, '0ee78446-215e-434a-ad45-793d7c49fe3a', 'en'),
(63, '1fd2462b-45c6-4b5b-8ca9-366afe24b11f', 'en'),
(64, 'a855348a-624c-40e6-bc7e-1c96278fad4f', 'en'),
(65, 'dcedec9e-c191-4ee1-98d7-b9c1f0f00d9e', 'en'),
(66, 'aca90421-df7d-4269-8e43-ca60952270cf', 'en'),
(67, '0a302d75-3961-427b-8c59-32f9fa0439ee', 'en'),
(68, 'a38a61fb-3915-44d5-97ab-19f7c93922d8', 'en'),
(69, '535c5718-2c8e-4ac5-b84e-17e99d67a38f', 'en'),
(70, 'fc1b6f8c-59b2-44de-947d-58860dc17650', 'en'),
(71, 'be05c671-2340-4960-950c-4919cf03f59b', 'en'),
(72, 'bd477a0a-84f8-43ce-b9a0-68deb08ce178', 'en'),
(73, '79a656ce-60fe-4c02-b367-c6daf9d762d4', 'en'),
(74, 'a4f796c5-f6ed-48a2-ab90-ee97f014fbda', 'en'),
(75, 'e96c579b-bc58-4790-83f1-7deee1e01e3a', 'en'),
(76, '680f22eb-e5dc-4955-bec5-b8d795e2b365', 'en'),
(77, '17efc45b-bae3-4a8e-b6a6-2840aa8f6601', 'en'),
(78, '2940fc1a-3c65-4bd8-8f14-7d652a83680b', 'en'),
(79, 'b3f8fb8c-970a-4e9f-b6fa-d1d69423f5e8', 'en'),
(80, 'e0fce171-8852-4206-ac5d-dad17e5fc20c', 'en'),
(81, '1b3b9841-12e2-4521-840b-30259cead34e', 'en'),
(82, '555e9807-c127-407e-be4e-ce6ca27112da', 'en'),
(83, 'bcae409d-c06f-426e-b359-b50a17c7f72d', 'en'),
(84, '7353d382-fccb-48a2-ad6c-eea4e595e154', 'en'),
(85, '791368ed-e2d6-4700-b66e-c25f444f50fc', 'en'),
(86, 'c6563569-3fb5-4346-b58a-f7e2787d255a', 'en'),
(87, '36b50dae-36b6-4231-a586-b06e8baf7057', 'en'),
(88, '6d91ca09-cb3a-4935-97cb-f5068b3eb12a', 'en'),
(89, '113091cd-5877-4ec9-a2eb-03a17d3beb47', 'en'),
(90, '7334e45c-04c0-407a-9fa9-9cc9efaf2a97', 'en'),
(91, '671b5821-2528-4934-b040-68ce17754625', 'en'),
(92, '5f89e14a-9c70-405d-9cb8-8bc926c50d84', 'en'),
(93, '6dfb2735-4dd6-48ad-be49-f5bec031958a', 'en'),
(94, 'b8bf4fa9-e2dd-415c-bc83-6a8ba17f9863', 'en'),
(95, '57316563-4c23-41ef-a30b-bf9e1a7ebd91', 'en'),
(96, 'd9cf3ddb-b90b-4a9f-85cb-b59e18728bb8', 'en'),
(97, 'ab3a00dd-c574-4ae3-b3f5-ab3ecb7b4cfc', 'en'),
(98, '014dce93-99ee-454e-98e5-c9cd3e08b8a3', 'en'),
(99, 'e01c110d-2577-4533-87c1-392f6ef0345c', 'en'),
(100, 'a62cd435-3807-4ccf-b333-5b2a31e60cdd', 'en'),
(101, 'ca671119-619d-4734-a13b-c376f041cfd4', 'en'),
(102, 'c1de1d21-af78-4204-90c2-e274c71f57f9', 'en'),
(103, 'ed32db04-8fcc-4fa0-92a7-b356f0c17023', 'en'),
(104, '70b9a831-348e-47ef-a262-65a0aabbe4f7', 'en'),
(105, '55a3be13-520d-4314-86a3-92bb99a23c43', 'en'),
(106, 'ee6c1fd1-153a-4cd9-b75a-726565bbed56', 'en'),
(107, 'e3e536e8-a0c8-4d01-b44b-8c4bd6950a28', 'en'),
(108, 'c9bd417b-41d2-4c96-a331-fda25d671ec0', 'en'),
(109, '20a4dde3-3364-418f-9914-b4dd702a4298', 'en'),
(110, 'f0a72bec-3a11-440c-90f5-8741b952df73', 'en'),
(111, '147aaaf1-fdd1-4d69-9d1f-5d95132cf19c', 'en'),
(112, 'c16d6b91-9e46-4081-be5c-d6edb9512f3c', 'en'),
(113, 'f9cbefd6-13e8-4a73-a056-7c1ddeef69d1', 'en'),
(114, 'a1408ab9-a2d8-412f-9004-f296e5201d54', 'en'),
(115, '3bd68be1-5fe0-4700-9ec6-0cdf919cd97e', 'en'),
(116, '7524d498-1a86-4451-a1f9-dd1f785058fa', 'en'),
(117, 'fd67941d-d5cd-4ad0-ba0f-1252436676a3', 'en'),
(118, '2d2bffe3-3d5e-4d7d-ad69-03c7d0525ba2', 'en'),
(119, 'f037e900-a674-4163-a8f4-969a857bd357', 'en'),
(120, '3a231110-8f1f-4152-99e7-32adf3559d79', 'en'),
(121, '5860bc09-ba72-4522-b9c1-187ad5d25fbb', 'en'),
(122, '55e788f1-0bdf-4e05-a383-4681e8ae48ae', 'en'),
(123, '8404895f-341a-4a8e-b1e4-279d334f1680', 'en'),
(124, 'ee7f5e65-ca90-498d-a246-26abb204f1d4', 'en'),
(125, '0c3e4d51-192c-454e-ad36-b41f0e1e38b2', 'en'),
(126, '738edfd6-d4f1-4c2a-9ddf-aaa71c898a50', 'en'),
(127, 'd047fa9d-94c6-43c5-adf8-170197076dbe', 'en'),
(128, '12dc1813-3b8f-4526-bee5-46d8281f6522', 'en'),
(129, '451598fe-2495-4853-a85a-0585d23c5a84', 'en'),
(130, '389ff63f-485d-400b-954c-a6e30d9f81e9', 'en'),
(131, '06d534e0-e734-4cc8-9356-4cb1194edf73', 'en'),
(132, '1c40a8c5-6fb0-43c4-8359-475ab6ce682f', 'en'),
(133, '468488b9-39f8-4d7b-9ef4-785fce073777', 'en'),
(134, '6b533997-d1f5-4fa3-97bd-a8e81c98480c', 'en'),
(135, 'c8b8e52d-1089-4950-9249-8340307b861c', 'en'),
(136, 'dd359481-854c-4c23-9765-484b6546b8e9', 'en'),
(137, '68befa04-0ace-4611-b18f-cf917d900c5e', 'en'),
(138, '0be863c6-ff27-4aa9-b12c-f017ca34a385', 'en'),
(139, '9ee37694-42fe-4a55-ac80-d00b1aa76c6c', 'en'),
(140, '29eb0ced-e394-47c6-8fba-7eaee0247a2e', 'en'),
(141, '98edf4f9-9779-4e4f-994f-0dc041cf2182', 'en'),
(142, '79c11efc-1d96-4064-a601-a6ccc241495c', 'en'),
(143, '77f02eb1-b13d-4135-bae0-088fb4841a92', 'en'),
(144, '32510789-3cfc-448c-a719-4800d64ccda8', 'en'),
(145, '62cce3a5-5f3d-42ab-8e26-aa89b20b6cfa', 'en'),
(146, 'a7fb1581-a4be-41e0-a4ab-93673235fbac', 'en'),
(147, 'b7a067c5-c933-44ec-9f36-615f169a0698', 'en'),
(148, 'eb1c0f88-ed25-4f74-95c5-ce0ffa225b58', 'en'),
(149, '1198f27a-dd19-44c9-8b59-258e89acaf4b', 'en'),
(150, 'b4b06644-1dc8-401f-b4fb-50c4d9b6a981', 'en'),
(151, 'f2d0aab1-2773-4dba-8d00-cfe2c35828db', 'en'),
(152, 'efe7e14d-fa5d-488e-9f0e-ae7a2acc6f42', 'en'),
(153, '7aef14ae-7973-408f-943c-76d8b8d6a8e4', 'en'),
(154, '03c31736-1bfd-4164-90d0-091d939adf4a', 'en'),
(155, 'cb822670-46ba-4540-baae-e9ce3ccdce2b', 'en'),
(156, '81b5a767-990c-4d43-8a0d-f92976dde0d4', 'en'),
(157, '9311a48b-a9d5-475d-8243-b4d8effb0bd0', 'en'),
(158, '5ac7d437-bfbe-4b86-80cc-13b62351fa6e', 'en'),
(159, 'cd812cd4-ce31-472c-9a98-5b3ab0c6c52e', 'en'),
(160, '37e1b605-627e-4344-b9cb-50101f6ee48f', 'en'),
(161, 'b53fbf8d-0fb5-48a1-86c2-a2b331b9d08d', 'en'),
(162, 'f71d528c-8e54-4347-8709-20a28f99f767', 'en'),
(163, '05ff75f5-7ddc-44ec-8f9e-480f964cc4b4', 'en'),
(164, '49f8028f-6910-4028-904e-9482313fba9d', 'en'),
(165, 'c366d99f-6647-4a22-948b-6de520524284', 'en'),
(166, '19ed6b9e-b511-48f3-989c-a40ca3314843', 'en'),
(167, 'be30f339-e197-43ea-986d-047480d8464a', 'en'),
(168, 'cf5d5291-f0f1-460c-b4f9-1b779be76231', 'en'),
(169, '74a8903c-4989-4bcf-8dfa-9aad50ab9fce', 'en'),
(170, '14a3eede-896b-4f37-8ec3-1556aea77d1c', 'en'),
(171, '769f8536-5ef6-4b1a-8b76-e0cd6f825ec1', 'en'),
(172, '04067dd0-b8ef-4304-8c5a-2c9d0bab85d9', 'en'),
(173, 'd759b452-96f4-49ec-9b69-b562897d0e64', 'en'),
(174, '71cf713d-cdc9-4e70-9098-1b89fd1c6e1e', 'en'),
(175, 'df9fe2b6-c214-46a3-9508-b4f84c56a68b', 'en'),
(176, '4c072942-a00d-4aaa-b5b7-e2082a432404', 'en'),
(177, '6f4f9879-6d3b-4228-9253-2afdce15f5b9', 'en'),
(178, 'df651bec-82ba-4204-a341-69ea7cba20a8', 'en'),
(179, 'db8c3309-291b-4971-bec2-9fe5748281a7', 'en'),
(180, '3d2bf1ed-6a51-4d10-be14-71e2ddfa68bb', 'en'),
(181, '9ce3e8a1-8fa1-443d-a6ff-db3014f09bb4', 'en'),
(182, 'a3216a67-f5e5-4646-9577-99a683d2126c', 'en'),
(183, '6a52e3ec-d898-4b9c-a32e-71dfb7cf9b42', 'en'),
(184, '2aa2b307-ebd0-4c22-ba8a-c58ad0f207be', 'en'),
(185, 'b5d5a378-12f8-49bc-9562-73c4f6cdb4fb', 'en'),
(186, '41d91b2f-dd88-4df6-8011-a99dcc9f6b2c', 'en'),
(187, 'bf0da997-b9fa-40b6-8e6b-ab8beec12e1f', 'en'),
(188, 'e393618f-6047-451c-acf0-24137c907eb0', 'en'),
(189, 'b1de8ed0-8952-4915-8838-2d2267aad380', 'en'),
(190, 'e4042ae7-6543-4d09-8d54-a561c2497884', 'en'),
(191, '6b32f56e-5ec6-4a9f-9a58-e06bd12ee5cd', 'en'),
(192, '344fb334-939e-4fac-8caa-5e2ad5767a96', 'en'),
(193, 'f8a20622-aff7-4888-b3b5-c765fda1eff8', 'en'),
(194, 'af978411-76d7-4fb3-ba10-0d7d62098d29', 'en'),
(195, '3b852f1a-5e7c-4e1a-9971-7b3f32d8d2b3', 'en'),
(196, '12df465a-9ac9-4d8c-87e4-2586a9dda1ff', 'en'),
(197, '051526b9-fc42-4fd8-8807-148f8a4b39c6', 'en'),
(198, 'af0f1d36-8611-4c08-acd3-65b59aad9785', 'en'),
(199, '26bb54cb-c308-4556-adba-148ee7797128', 'en'),
(200, '1b1bf1c4-6590-4c3f-9432-2842bdd79053', 'en'),
(201, '98c420fb-b920-4d97-afba-f010ebd086c0', 'en'),
(202, '791d97fa-4d0b-465a-89ba-0cc6f7884885', 'en'),
(203, '7a6a0756-c518-47c3-9ab0-da0bcd873620', 'en'),
(204, 'db5f63ea-98ce-4632-9ade-1c7b9617a7ea', 'en'),
(205, '1d74ceaf-0155-4672-b776-26858ea23cf0', 'en'),
(206, '67f6c66b-3b8c-4cf4-a0c7-8339c14d4b0a', 'en'),
(207, '5a2d8b2d-12a6-4056-a5ad-68fb6f583ef7', 'en'),
(208, '82f72c7c-d91e-4cb6-938b-08ae7b2cfcd5', 'en'),
(209, '42ccdc07-44f7-41ff-9732-12164bf3d0e2', 'en'),
(210, '5a0b3115-7d14-41dd-b753-18aead812ca9', 'en'),
(211, '95801c15-9add-43b9-ae79-6ba9d1a7ce7a', 'en'),
(212, '90746ab1-dfc6-4ea6-9f03-c525bc9d6f6f', 'en'),
(213, '9cdf6ad7-2980-42b4-a770-9005feb6794e', 'en'),
(214, 'ae41ecc9-f324-430d-9cb8-ac2da77af7e7', 'en'),
(215, '1a13644b-e38b-4082-8129-863156554a7e', 'en'),
(216, 'bf159a95-5ef3-4917-995f-846a812d2f93', 'en'),
(217, 'c5bcce60-1012-43fd-9b77-61f5076d0975', 'en'),
(218, 'a0c1e45f-4e3b-4024-aaab-7a474cfcf5fe', 'en'),
(219, '23e24d4a-a970-4846-a2ae-534d9e915198', 'en'),
(220, 'd534d823-5e7a-4e7c-b97d-5f9dd1c6b92a', 'en'),
(221, '74630fc2-dc9e-4ae2-8c48-06a95324a702', 'en'),
(222, 'a5d7c46c-2cf1-4e6d-80f0-854c83555c31', 'en'),
(223, 'a4c852b0-7131-4b4b-a380-bc86c82bb6a8', 'en'),
(224, '4fd99b1d-dadb-4a28-bd6f-65cf11105bf0', 'en'),
(225, '909e69a7-98bd-41ed-845e-977b36cb82c4', 'en'),
(226, '9b69035c-ae79-4032-a0d9-4525d5489e18', 'en'),
(227, '1c086182-70c3-407b-955e-e30fb9126ff1', 'en'),
(228, '930c6792-92f5-43d2-bd28-d56cbac4a137', 'en'),
(229, 'e49f5ad8-9334-44bd-8632-b1551d1ec30d', 'en'),
(230, 'aa4ba2f1-0b8d-4531-8171-9b578780a7a4', 'en'),
(231, 'c6279dc8-0696-4aea-88ef-63463cc9fccd', 'en'),
(232, '212e2041-f8a5-45a9-b158-b29592d1c6f4', 'en'),
(233, '7a0f3bc1-cac2-4719-9b87-b03290ba81e2', 'en'),
(234, '01bc224e-51b3-4200-8ca3-99479e6f81b5', 'en'),
(235, '76834bdb-503e-4500-b73e-786a46933e5d', 'en'),
(236, '42d500f7-6549-469a-a4cd-05263a892b9f', 'en'),
(237, '94384b6a-bf99-4648-96a5-089662f1535c', 'en'),
(238, 'f7efae8c-2a3a-45b9-a7dd-70e8641eeee4', 'en'),
(239, '8f9a5b1b-e362-4994-b931-f4f65c73af3f', 'en'),
(240, '823d0cc0-ecbc-45ec-91d1-90f35e1f20d1', 'en'),
(241, '6b343ddb-b849-47aa-899e-6d51c73007b9', 'en'),
(242, '5c6dfd5c-cb5b-4677-b7f2-838adfb1c2a7', 'en'),
(243, '4f3e53cf-20c8-4735-8841-6c936dfc32a8', 'en'),
(244, '2d3900dd-46f5-4b6b-b1fd-b23b1b4ed959', 'en'),
(245, '72f9fa40-c089-4fdd-bbbb-3a0551f84263', 'en'),
(246, 'dc9a9dd7-03d2-45d1-9344-57784dc3b3fc', 'en'),
(247, '4369fdf3-9480-4184-bc37-2b6f7452fbc9', 'en'),
(248, '9213a825-e253-4300-afc9-2819f259f217', 'en'),
(249, '98e292fc-583d-4d86-a597-2325c776d91d', 'en'),
(250, 'e6081020-601d-4640-ae81-17842dfd2221', 'en'),
(251, '4afcbe9c-4054-4a4a-88f7-a78eb348aee0', 'en'),
(252, '24a58282-fc1c-4727-8eee-cd941dae470e', 'en'),
(253, '464c363b-b533-4658-a667-e5273782522d', 'en'),
(254, '282d2327-368a-4515-bdcf-a806181832fb', 'en'),
(255, '64b87300-4b10-4e13-8218-89fb3c8a43f1', 'en'),
(256, '71601f23-b720-4516-b722-97b11bf96a6a', 'en'),
(257, 'c91be1c2-5bea-4726-b99d-e7628b8c9e48', 'en'),
(258, 'defc9b88-9225-41fe-826d-7ce919885904', 'en'),
(259, '99e3f63c-45e7-4a62-98fb-c90f4fa404f2', 'en'),
(260, 'b46411b5-512d-4c9b-857a-5f5d0f7e070b', 'en'),
(261, 'a103b283-b5d2-4150-84a5-baa5382e1ac1', 'en'),
(262, '034e9296-7fa7-485f-a201-96823e0da84a', 'en'),
(263, '5e987d68-cb03-452a-b2dd-1793e212ef18', 'en'),
(264, '6b41b659-d0bb-4942-8b8e-50c72e31f298', 'en'),
(265, '51bfcb6d-0ad1-4b40-8a5c-f58cb49f39ab', 'en'),
(266, '20f1adfc-6522-453b-b70e-6694ea3ce34c', 'en'),
(267, '4b0efec3-4bf2-4f34-b873-23a84b1571fc', 'en'),
(268, 'deda058f-cd70-4059-b034-730f54cf0995', 'en'),
(269, '5744a12c-b506-4ef2-bc2f-1fda315af849', 'en'),
(270, 'be7f85b1-09e8-4b67-846a-17efd9979a4e', 'en'),
(271, '5f7dc5fc-c8f8-41b9-ad85-172e9d51a032', 'en'),
(272, '85a0ad07-88bb-45cb-8a15-fee5bed8abf3', 'en'),
(273, '38dc7e55-67b8-49bd-9915-94e836b38f80', 'en'),
(274, '6508fe92-e5ae-45dd-aba9-f07bdfd63f4b', 'en'),
(275, 'cadf7c98-e8a4-4a25-ab79-cb655ff92797', 'en'),
(276, '2a508d23-c8cc-4ead-a42c-d0f644b5a956', 'en'),
(277, '6efef7ad-e2fa-4a79-86ee-7ef6b0273ba9', 'en'),
(278, 'b282ede2-fdb8-4dcd-9827-d9129f30e7ef', 'en'),
(279, 'e90fca5d-9373-4774-99de-e8cd7b79878d', 'en'),
(280, '6689b9fd-23f6-4eec-b662-919f0da884ed', 'en'),
(281, 'e0d4f4d3-5aab-4fbf-b4c9-21a12a9db976', 'en'),
(282, '97a74aee-e2bc-4c72-9a0d-59ef8c79da28', 'en'),
(283, '37e89f97-e828-463d-bff1-0227a35560fb', 'en'),
(284, '73654e26-53f3-4e0c-9569-46162cf85654', 'en'),
(285, '451b2fa8-ac41-4bf3-b3ed-f84df73db0bb', 'en'),
(286, '93486dd3-f7d4-48a8-bfbd-67ca2eb20f03', 'en'),
(287, '3bf35784-3fe3-446e-8b03-a42dae38d364', 'en'),
(288, '63115452-e1e8-4334-873e-0cd482b18b1d', 'en'),
(289, 'ce1dd309-c96e-45c1-a8fc-bd37a6637dd6', 'en'),
(290, '7aa78b16-e637-4117-98bd-2034649a0190', 'en'),
(291, 'c2b794ff-6fb8-4f3b-8752-2db5eef4fc2f', 'en'),
(292, '7b5b3de6-0489-4a74-8569-f129f2a40081', 'en'),
(293, '0d60abf7-e250-4edc-94bd-0fc4cadef3f2', 'en'),
(294, 'da3f5d00-93cd-450b-b9b3-4f85295bd4cf', 'en'),
(295, '89bf81ef-1e43-4123-9ff7-6bbd4859cd54', 'en'),
(296, '901b41e5-cb3a-4302-8599-2a767177e4b2', 'en'),
(297, '91b60532-4553-472f-94fe-108bf325040a', 'en'),
(298, '01676343-8110-4083-9253-1b89e23f7d59', 'en'),
(299, '895d254c-0a17-411e-bbd8-db45f97686c9', 'en'),
(300, '16c8a473-5aa9-4b15-ab49-f0046db921cc', 'en'),
(301, '02443cb9-26dc-4ab3-9c1b-a0b1bd31ff2b', 'en'),
(302, 'acb0bf97-583c-49cf-aa9a-60fa588f3e2b', 'en'),
(303, '541ac1d0-e5f9-458b-a4a4-4836ce9588d5', 'en'),
(304, '4a5ab279-9af4-4c53-a15c-a2766c6d446d', 'en'),
(305, '6b4fb363-9ff0-4602-a3c5-ee783791e50b', 'en'),
(306, 'd01c5b60-5f16-49a5-95ff-b9c678d3bfe3', 'en'),
(307, 'a7d49eb7-effe-4521-9d0d-f578dbc92d22', 'en'),
(308, '03e75706-28c0-4605-bad5-9a69c6b8fa04', 'en'),
(309, 'dbccec75-df4b-4719-8f91-0ccc75ae9284', 'en'),
(310, '770a4f96-7ff1-4474-8930-960caba62990', 'en'),
(311, '29877be6-c163-48cc-ad0b-c90ae9662fc4', 'en'),
(312, '920d2b03-7242-4590-b0d6-f339b821eae5', 'en'),
(313, '31210e75-7fe7-47fb-8820-3a8cbcc2c8c4', 'en'),
(314, 'f043f85f-d35b-4edc-8996-19b8d2494bbc', 'en'),
(315, 'e9705b0e-9096-4863-911f-253356f566df', 'en'),
(316, 'e9d75cbf-b81e-4227-a474-981d8a044e4a', 'en'),
(317, 'c9c864b3-fe48-4b91-b885-fa73c438556b', 'en'),
(318, '46274058-7870-4d31-8fd1-44b994c31647', 'en'),
(319, 'a19ab34c-ccf4-4a4c-afed-82850d6b8ff5', 'en'),
(320, '6987c76c-59bf-4ca2-b2e4-5c5ec51ccad9', 'en'),
(321, 'a228fa6b-9839-4d7f-8b73-27c29d9dd96e', 'en'),
(322, 'e425740a-01f7-403d-9071-088972aee274', 'en'),
(323, '894c2ef1-f704-4c71-9ff0-d156ee5f6f7b', 'en'),
(324, '6b1a611a-e7ff-4f9f-9d60-b483a275b31c', 'en'),
(325, '5ebe212f-6a41-4ae4-8c82-a23e51edbc42', 'en'),
(326, '666bf603-474f-4ad9-b4fc-9a500803ed00', 'en'),
(327, '7341683f-83d4-47df-9720-297325b85ce1', 'en'),
(328, '4149e28e-c0be-446e-a376-07e2613a741b', 'en'),
(329, 'd2f66480-1934-4b74-9af2-b00675135fd8', 'en'),
(330, '6873fa2e-f5b2-4ed2-a766-e0e44b5665bf', 'en'),
(331, 'a2f9d3c5-827f-4af5-bd11-c37fc900d14e', 'en'),
(332, '564fe3e5-c1ad-4ac5-a016-71b6fbc551ac', 'en'),
(333, '5e0c5cd8-ab45-41cf-8423-0fe49ab7d96b', 'en'),
(334, '058c0ec5-ce08-476e-bb98-a727ce4bb5d8', 'en'),
(335, '54a18757-073a-4158-9f79-f29ec30e4c5c', 'en'),
(336, 'a827d17c-990f-42cd-8ce1-23ec8e563636', 'en'),
(337, '3a8314a2-2fca-402d-bb59-f2c7cf188e4c', 'en'),
(338, '7b5c25cd-6142-436e-a149-36bcedb5eb4d', 'en'),
(339, 'c69d5db3-0cfc-4038-9484-b1ef9bb0db6c', 'en'),
(340, 'fe09d9ee-909f-4424-b553-fc38cf449667', 'en'),
(341, 'fe6844c3-436c-432c-ba04-a12986e2869a', 'en'),
(342, 'f9706b02-fa41-4261-a5a9-b0e0792c4006', 'en'),
(343, '5727f558-07ee-40c2-ba21-8f9a9e070aaf', 'en'),
(344, '58075796-9d8d-4fed-ae85-dedd1339003e', 'en'),
(345, 'c0745973-0c89-4f3d-b4df-47370a8ea7d4', 'en'),
(346, '7536f4ac-8e39-490e-88b1-83d603e8a21c', 'en'),
(347, 'c67cffea-6db0-4304-afa0-b333e33754b4', 'en'),
(348, '601b3fea-9243-41f2-a8de-d9a8bc0115f8', 'en'),
(349, 'a618ea28-3207-4102-9d24-2abcbb0f58b1', 'en'),
(350, '423580e4-8db5-4b10-92ff-9c9726b99869', 'en'),
(351, '6a9f43b6-35af-4dec-81d0-44a02e85b5d7', 'en'),
(352, '77ba8f4e-3627-4829-b355-cb90b4f400b0', 'en'),
(353, '274bd341-bc26-4cd4-9391-6d5429c8f1ab', 'en'),
(354, '71bc13a4-d6d3-4b52-bee0-8f6548ea03c2', 'en'),
(355, '26a24d72-43ec-44f5-99c0-813928920366', 'en'),
(356, '81edebe5-0f3a-4e30-8f29-3a5be7bdfff0', 'en'),
(357, '8bc5502a-e4b6-4831-81f3-0e347e2eeec2', 'en'),
(358, '41f4ce3a-6ac2-46d7-8ef1-135553aa6e7c', 'en'),
(359, '6ec35e38-5ba3-486a-98e9-ba00dd637458', 'en'),
(360, '5e2437a0-0add-4590-a6ee-919f62152643', 'en'),
(361, '220f6914-8736-40ed-9429-b52d45fc7f62', 'en'),
(362, 'f49823a5-9e8f-4ab1-9d08-98e850331e8c', 'en'),
(372, '432fb8c4-fd3a-4113-ab6a-c0733927531e', 'en'),
(373, 'dd6a3a0c-4c1e-41e5-bbf8-3548cf36941b', 'en'),
(374, 'eadf6e6f-2155-49e1-89e8-57ed1bd0db5d', 'en'),
(375, 'ce29b907-a27c-4e61-9b1a-f2e5de5b393d', 'en'),
(376, '7781947c-3dbe-4561-af47-15154eb458f7', 'en'),
(377, 'e4f82ec0-b86a-4927-8497-863381f86cff', 'en'),
(378, 'ba5e1fdf-cba6-44be-b2de-b1a1c11425d6', 'en'),
(379, '5209825a-2b4a-4573-a519-dc8b00438430', 'en'),
(380, '5ed68247-58e1-4db0-852e-44b1c951ddc5', 'en'),
(381, 'bda46ae4-0401-49d0-a777-2ece72f41b69', 'en'),
(382, '10573f19-c899-4cd5-a009-928c2a19ff6e', 'en'),
(383, '9f0d9bdb-69a1-4d05-8faf-63fba3e48d58', 'en'),
(384, '91d6f03c-1ebf-47a6-bc25-f1a7e2b95129', 'en'),
(385, '54c1f9c6-716a-4f02-8320-c52d963f0ac1', 'en'),
(386, 'f2e19c5a-6cd5-4523-a878-6a3efa8e55b8', 'en'),
(387, '2904a416-c209-427d-aec7-98c779680760', 'en'),
(388, '6be8fb2e-9c59-42a7-bb0f-02d0ebe66d95', 'en'),
(389, 'd9520083-3162-4e0a-b2ed-3006a22d6951', 'en'),
(390, 'bb91fb41-6749-415f-ab96-5ad64c074870', 'en'),
(391, 'be3ed75d-63a0-4f75-b659-620b5f013f94', 'en'),
(392, 'e212c7e1-e886-478e-8eac-5b24b9039a09', 'en'),
(393, '4852775e-4ccc-4a64-9236-7fa1a6ea3edf', 'en'),
(394, '0610dbf0-a44f-45b9-9a1b-b1995cc05777', 'en');

-- --------------------------------------------------------

--
-- Table structure for table `users_data`
--

CREATE TABLE `users_data` (
  `uid` int UNSIGNED NOT NULL DEFAULT '0' COMMENT 'The "users".uid this record affects.',
  `module` varchar(50) CHARACTER SET ascii COLLATE ascii_general_ci NOT NULL DEFAULT '' COMMENT 'The name of the module declaring the variable.',
  `name` varchar(128) CHARACTER SET ascii COLLATE ascii_general_ci NOT NULL DEFAULT '' COMMENT 'The identifier of the data.',
  `value` longblob COMMENT 'The value.',
  `serialized` tinyint UNSIGNED DEFAULT '0' COMMENT 'Whether value is serialized.'
) ENGINE=InnoDB DEFAULT CHARSET=utf8mb4 COLLATE=utf8mb4_general_ci COMMENT='Stores module data as key/value pairs per user.';

--
-- Dumping data for table `users_data`
--

INSERT INTO `users_data` (`uid`, `module`, `name`, `value`, `serialized`) VALUES
(375, 'matomo', 'user_account_users', 0x31, 0),
(376, 'matomo', 'user_account_users', 0x31, 0),
(377, 'matomo', 'user_account_users', 0x31, 0),
(378, 'matomo', 'user_account_users', 0x31, 0),
(379, 'matomo', 'user_account_users', 0x31, 0),
(380, 'matomo', 'user_account_users', 0x31, 0),
(381, 'matomo', 'user_account_users', 0x31, 0),
(382, 'matomo', 'user_account_users', 0x31, 0),
(383, 'matomo', 'user_account_users', 0x31, 0),
(384, 'matomo', 'user_account_users', 0x31, 0),
(385, 'matomo', 'user_account_users', 0x31, 0),
(386, 'matomo', 'user_account_users', 0x31, 0),
(387, 'matomo', 'user_account_users', 0x31, 0),
(388, 'matomo', 'user_account_users', 0x31, 0),
(389, 'matomo', 'user_account_users', 0x31, 0),
(390, 'matomo', 'user_account_users', 0x31, 0),
(391, 'matomo', 'user_account_users', 0x31, 0),
(392, 'contact', 'enabled', 0x31, 0),
(392, 'matomo', 'user_account_users', 0x31, 0),
(393, 'contact', 'enabled', 0x31, 0),
(393, 'matomo', 'user_account_users', 0x31, 0),
(394, 'contact', 'enabled', 0x31, 0);

-- --------------------------------------------------------

--
-- Table structure for table `users_field_data`
--

CREATE TABLE `users_field_data` (
  `uid` int UNSIGNED NOT NULL,
  `langcode` varchar(12) CHARACTER SET ascii COLLATE ascii_general_ci NOT NULL,
  `preferred_langcode` varchar(12) CHARACTER SET ascii COLLATE ascii_general_ci DEFAULT NULL,
  `preferred_admin_langcode` varchar(12) CHARACTER SET ascii COLLATE ascii_general_ci DEFAULT NULL,
  `name` varchar(60) NOT NULL,
  `pass` varchar(255) DEFAULT NULL,
  `mail` varchar(254) DEFAULT NULL,
  `timezone` varchar(32) DEFAULT NULL,
  `status` tinyint DEFAULT NULL,
  `created` int NOT NULL,
  `changed` int DEFAULT NULL,
  `access` int NOT NULL,
  `login` int DEFAULT NULL,
  `init` varchar(254) DEFAULT NULL,
  `default_langcode` tinyint NOT NULL
) ENGINE=InnoDB DEFAULT CHARSET=utf8mb4 COLLATE=utf8mb4_general_ci COMMENT='The data table for user entities.';

--
-- Dumping data for table `users_field_data`
--

INSERT INTO `users_field_data` (`uid`, `langcode`, `preferred_langcode`, `preferred_admin_langcode`, `name`, `pass`, `mail`, `timezone`, `status`, `created`, `changed`, `access`, `login`, `init`, `default_langcode`) VALUES
(0, 'en', 'en', NULL, '', NULL, NULL, NULL, 0, 1769718233, 1769718233, 0, 0, NULL, 1),
(1, 'en', 'en', NULL, 'admin', '$2y$10$SJdrxkfoGZrOi6aELJbzh.QrwgRqsiGuPuzeo.ePjnOoV7Syzi9Km', 'contact@w3creatives.com', 'America/Toronto', 1, 1769718233, 1773747528, 1773833489, 1773747528, 'contact@w3creatives.com', 1),
(11, 'en', 'en', 'en', 'contactm', '$2y$10$xZA.khjEIy/gOeVeMhIAuOfFuqj5NvAys23GPhWlShj9uQBMPmhkq', 'contact+m@w3creatives.com', 'America/Toronto', 1, 1770588304, 1771508501, 1771852041, 1771508501, 'contact+m@w3creatives.com', 1),
(12, 'en', 'en', 'en', 'contact1155555555', '$2y$10$MQjakozlKkRJpFfgunh.N.y/Z/IQHjRAXEmOWF7v1Ngq5eb6y/TUC', 'contact1155555555@w3creatives.com', 'America/Toronto', 1, 1770588780, 1771489267, 1771450368, 1771447611, 'contact1155555555@w3creatives.com', 1),
(60, 'en', 'en', NULL, 'marcos', '$2y$10$nKrvjnvjJZMaVw0UWJs7q.ncDRtIUo2PF0Pj47JaA4VLKD11S4FwO', 'marcos@bizont.ca', 'America/Toronto', 1, 1771515919, 1771515919, 0, 0, NULL, 1),
(61, 'en', 'en', NULL, 'Justin_Gorczyca', '$2y$10$xeTkJkV71UW.kGFgn03GWO280gTFnfnRNsI8eJwoB7bLSiWq1j/hG', 'info@yukonlobbyistregistry.ca', 'America/Toronto', 1, 1771516026, 1771516026, 0, 0, NULL, 1),
(62, 'en', 'en', NULL, 'dave.rogers', '$2y$10$o2ECQEpB.5Ys4TyNJYgLHOlWzAtPeffGmPvVLrP7sszH8wHQ/0kUO', 'dave.rogers@gov.yk.ca', 'America/Toronto', 1, 1771516074, 1771516074, 0, 0, NULL, 1),
(63, 'en', 'en', NULL, 'Sara.Bergquist', '$2y$10$7gIOaZ9Y2exVS2FereZNaennW6YuKcohJ7xFqwejw7Jf6G1Xcr0sq', 'Sara.Bergquist@gov.yk.ca', 'America/Toronto', 1, 1771516074, 1771516074, 0, 0, NULL, 1),
(64, 'en', 'en', NULL, 'mariazel', '$2y$10$qmANg45cpgpozTY8aybjI.EqlbYe6B4UTrjU9bKvzFLWQW3oTX2Am', 'mariazel@bizont.ca', 'America/Toronto', 1, 1771516074, 1771516074, 0, 0, NULL, 1),
(65, 'en', 'en', NULL, 'priestley3006', '$2y$10$oflGe3O8g1C8qjihymWqoe3ndJxIh.vSKSKwySLRSt9pjv6qorSK.', 'priestley3006@rogers.com', 'America/Toronto', 1, 1771516074, 1771516074, 0, 0, NULL, 1),
(66, 'en', 'en', NULL, 'crider', '$2y$10$saOHikBCN71eEszPpv67UeygX9NIu1jHFrFUs0nqkYjr5PIol6uMi', 'cpinkerton@cpawsyukon.org', 'America/Toronto', 1, 1771516074, 1771516074, 0, 0, NULL, 1),
(67, 'en', 'en', NULL, 'ms.bc', '$2y$10$wmH31iIaFSYJvBT/j1oTFuq1EpuNbPxhAvBH57LVYRvcJTuKgsHBK', 'ms.bc@cfib.ca', 'America/Toronto', 1, 1771516074, 1771516074, 0, 0, NULL, 1),
(68, 'en', 'en', NULL, 'dreid', '$2y$10$.MEx5dwiISbKeOiTYzzQY.kzP/zPnGNyZDKbGJiidsz5lgSasXJaG', 'cmantykapringle@wcs.org', 'America/Toronto', 1, 1771516074, 1771516074, 0, 0, NULL, 1),
(69, 'en', 'en', NULL, 'managermarshlake', '$2y$10$kLiRSlwREWCfJhjcqpVT1.8e1/e6C9m5DYNmw7pcMFkHPFjUu1U3m', 'managermarshlake@gmail.com', 'America/Toronto', 1, 1771516074, 1771516074, 0, 0, NULL, 1),
(70, 'en', 'en', NULL, 'michelle.stimson', '$2y$10$WmnsBV2lgk3Qa3mEzfiMdem2bMeV4xUCzEKKkXKWIt.OGDcrz9pQm', 'michelle.stimson@icloud.com', 'America/Toronto', 1, 1771516074, 1771516074, 0, 0, NULL, 1),
(71, 'en', 'en', NULL, 'adam', '$2y$10$MRvWPN1QUyxLeF7skVdTN.JJeb6TlP/6AY8OUoMHvjBsWYZgjw6CW', 'adam@yukonhotels.com', 'America/Toronto', 1, 1771516074, 1771516074, 0, 0, NULL, 1),
(72, 'en', 'en', NULL, 'bbuckle', '$2y$10$OelHB5M7Sc7dP7vC6EdmQ.naFFUhzp7SLayuCxWn.iTD.DBQkCWai', 'dsoo@nvdlp.com', 'America/Toronto', 1, 1771516074, 1771516074, 0, 0, NULL, 1),
(73, 'en', 'en', NULL, 'kcarruthers', '$2y$10$2HY3duAJfNa07AVe3fD.ZeuezAosUGdNWTPZggmIxaUrqGZdMg6fC', 'kcarruthers@yukonlaw.com', 'America/Toronto', 1, 1771516074, 1771516074, 0, 0, NULL, 1),
(74, 'en', 'en', NULL, 'chris.lane', '$2y$10$dCXtsx6l.H/9LKy49i/UcOJDqnIqjdamjQTS/I4HLp4K6nB1vHlNC', 'chris.lane@makeit.com', 'America/Toronto', 1, 1771516074, 1771516074, 0, 0, NULL, 1),
(75, 'en', 'en', NULL, 'lee.omara', '$2y$10$/UVZSVlPrU1anR9becNrFOWFPea6yE5U2FzcNzYLNSZlRhD4XZa6W', 'lee.omara@gov.yk.ca', 'America/Toronto', 1, 1771516074, 1771516074, 0, 0, NULL, 1),
(76, 'en', 'en', NULL, 'alejandro.bonilla', '$2y$10$tya7Vu6zxiFkeIyDCafo..3ViN/Kdk62WXqSNNaJiddYQG5tBVary', 'alejandro.bonilla@evolvingweb.ca', 'America/Toronto', 1, 1771516074, 1771516074, 0, 0, NULL, 1),
(77, 'en', 'en', NULL, 'kevin.porras', '$2y$10$fqIAOJpYvr.SdYFKOYU6EuG7LDKTj2Wci7Qlai/8d5vHYKM5TCj7G', 'kevin.porras@evolvingweb.ca', 'America/Toronto', 1, 1771516074, 1771516074, 0, 0, NULL, 1),
(78, 'en', 'en', NULL, 'johna.adams', '$2y$10$LNtBsrM6kmmdD5EpSXxoiOoQKqsxI/0YtlCQxjvQvhxwHj.SqYway', 'johna.adams@primerica.com', 'America/Toronto', 1, 1771516074, 1771516074, 0, 0, NULL, 1),
(79, 'en', 'en', NULL, 'rnewton', '$2y$10$YJrHkiD.yvKzCp.swQyHpOIDzqtVVCFhfVnKIZF41CXqwbPhofFCW', 'rnewton@cpawsyukon.org', 'America/Toronto', 1, 1771516074, 1771516074, 0, 0, NULL, 1),
(80, 'en', 'en', NULL, 'cslobodin', '$2y$10$NfafUJEd9jDQWN4IJzzvXu3i6VaAAtcPdWFQv1n9sZz2SaxtEFyTe', 'cslobodin@strategycorp.com', 'America/Toronto', 1, 1771516074, 1771516074, 0, 0, NULL, 1),
(81, 'en', 'en', NULL, 'hbilhan', '$2y$10$MrHdJRNBNIXvp.HltvJkgOuFwADgVkS7Pq2isoGVzBo5x5kdlZkYi', 'hbilhan@golfdaleconsulting.com', 'America/Toronto', 1, 1771516074, 1771516074, 0, 0, NULL, 1),
(82, 'en', 'en', NULL, 'info_2', '$2y$10$rmNQtb/9gNR7SPz9Iw9zruHU5CnjsX1O4LXsC5aGgUYewAYM/0uA6', 'info@yukonoutfitters.net', 'America/Toronto', 1, 1771516074, 1771516074, 0, 0, NULL, 1),
(83, 'en', 'en', NULL, 'maxmaxfraser', '$2y$10$az8sMvFhA3tW.w4aHlTOkeWoHdO9qPzKFkl4tNqKbyXSgxPd0ACdS', 'maxmaxfraser@me.com', 'America/Toronto', 1, 1771516074, 1771516074, 0, 0, NULL, 1),
(84, 'en', 'en', NULL, 'shawn.wasel', '$2y$10$NXyiPfOvhqmqQzEZ5ZnJD.oy3o51pzeP4r59Xz3y6eMGK5aA7zqju', 'shawn.wasel@gmail.com', 'America/Toronto', 1, 1771516074, 1771516074, 0, 0, NULL, 1),
(85, 'en', 'en', NULL, 'executivedirector', '$2y$10$VDcT3FFyDL9AHXXkY0HDgO8obzfzJq4ye11f0r6P4gJyjaSX49aoa', 'executivedirector@yukonag.ca', 'America/Toronto', 1, 1771516074, 1771516074, 0, 0, NULL, 1),
(86, 'en', 'en', NULL, 'knewkirk', '$2y$10$MgYJdh.JZbTg//zxhPnOlOon2eRVDDZLJ6YZxWLdx5ESM6witurxq', 'knewkirk@nwtel.ca', 'America/Toronto', 1, 1771516074, 1771516074, 0, 0, NULL, 1),
(87, 'en', 'en', NULL, 'office', '$2y$10$ektsECvy3zbTHK7JE0L48OyGc8sRpADeoRPByvx.vd1XAv72FUDBK', 'office@yukonchamber.com', 'America/Toronto', 1, 1771516074, 1771516074, 0, 0, NULL, 1),
(88, 'en', 'en', NULL, 'mparsons', '$2y$10$qmDDIsAn3sz7YwEQrxb4SOlzDNXgwiFcKsKf9lF7ukgquH.wkCoB2', 'mparsons@yeu.ca', 'America/Toronto', 1, 1771516074, 1771516074, 0, 0, NULL, 1),
(89, 'en', 'en', NULL, 'ed_2', '$2y$10$K5CfkbFtK3h746U7ZdNrl.xAYaT1dVSq6hlIXRHnc5TYIQ0QGdiBG', 'ed@yukonconservation.ca', 'America/Toronto', 1, 1771516074, 1771516074, 0, 0, NULL, 1),
(90, 'en', 'en', NULL, 'business', '$2y$10$DwYYMgkdMiUBUW91YtjylOwFFZt/S6vNspiFWZsHS/KoN9uH9CUNK', 'business@whitehorsechamber.ca', 'America/Toronto', 1, 1771516074, 1771516074, 0, 0, NULL, 1),
(91, 'en', 'en', NULL, 'ed_3', '$2y$10$2s8L8D2W6oMWFtMTMnSSmu/E3XwTEC4WOoe0BMnQ1QTUcwLCyGwHO', 'ed@yapc.ca', 'America/Toronto', 1, 1771516074, 1771516074, 0, 0, NULL, 1),
(92, 'en', 'en', NULL, 'pgordon', '$2y$10$shvNmul.kW.CAh/7cR6WEOu/iTsTSZ4kKGLbfS.fjjwaG9GtX3oqK', 'cliu@clhia.ca', 'America/Toronto', 1, 1771516074, 1771516074, 0, 0, NULL, 1),
(93, 'en', 'en', NULL, 'manager', '$2y$10$Npmbyro8.tsr7jRcI0ApKeALYf0IZPbdy4b2OPm4ImxJSHFyh2MWW', 'manager@cadri.com', 'America/Toronto', 1, 1771516074, 1771516074, 0, 0, NULL, 1),
(94, 'en', 'en', NULL, 'effluviumagitatedey', '$2y$10$pn.M1N3FSriloLt/gPV05OCzkvxUqb8UU124PlxDgKQG1r8UkUCni', 'effluviumagitatedey@symphonybayarea.site', 'America/Toronto', 0, 1771516074, 1771516074, 0, 0, NULL, 1),
(95, 'en', 'en', NULL, 'waterskinearti', '$2y$10$tWiEHORbX.rkC9NKcbyL..KCy3D4buyscNKHMlTb6KYeQQWJRHOKG', 'waterskinearti@purpledyecupcake.site', 'America/Toronto', 0, 1771516074, 1771516074, 0, 0, NULL, 1),
(96, 'en', 'en', NULL, 'agysboard', '$2y$10$SDDPMWEyQdZ17f8hPLTCtO2n83LduV71hHpJ2rW.SP1hZ512dhnbe', 'agysboard@gmail.com', 'America/Toronto', 1, 1771516074, 1771516074, 0, 0, NULL, 1),
(97, 'en', 'en', NULL, 'lightingoasissbr', '$2y$10$CU7gt3ook7fGQgBS3hs8y.saQydKNQj7WgOSo9h2LCXwlcffICaka', 'lightingoasissbr@pregnanthellish.site', 'America/Toronto', 0, 1771516074, 1771516074, 0, 0, NULL, 1),
(98, 'en', 'en', NULL, 'President', '$2y$10$ktIFXt5EJo9TfUDLGL.zjekKPL254TKS4ShZje0kcrG7VMHLfInse', 'ed@yukonchamber.com', 'America/Toronto', 1, 1771516074, 1771516074, 0, 0, NULL, 1),
(99, 'en', 'en', NULL, 'bthrall', '$2y$10$yDwzId25EpWxqYOG6iV44ub86mlNS6gysaPDlTEpSZHA/ww9lM.7W', 'bthrall@alexcoresource.com', 'America/Toronto', 1, 1771516074, 1771516074, 0, 0, NULL, 1),
(100, 'en', 'en', NULL, 'jon', '$2y$10$/fMCK.UNxGGZIRdcBClwMuzWqzwwL/smnNsagN0sRgV5p4hBhcKFK', 'jon@cobaltconstruction.ca', 'America/Toronto', 1, 1771516074, 1771516074, 0, 0, NULL, 1),
(101, 'en', 'en', NULL, 'crnauman', '$2y$10$hGyAjH6uTQDqDoht90V7.u.LUhYdv08LB98mQosDArw8OoxRGZ8.S', 'crnauman@alexcoresource.com', 'America/Toronto', 1, 1771516074, 1771516074, 0, 0, NULL, 1),
(102, 'en', 'en', NULL, 'jennie.gjertsen', '$2y$10$vPLSIfOEbRjHK..MnjUJn.B0Hd9elmWDWVJVDVLE.zJlTN6NB/EuG', 'jennie.gjertsen@newmont.com', 'America/Toronto', 1, 1771516074, 1771516074, 0, 0, NULL, 1),
(103, 'en', 'en', NULL, 'ebrohman', '$2y$10$0af.7f.cxCxmKDjnh3sYY.XRnTUGEU0ozVONJd..j.RIrRiFHQYJu', 'ebrohman@ketza.ca', 'America/Toronto', 1, 1771516074, 1771516074, 0, 0, NULL, 1),
(104, 'en', 'en', NULL, 'realdealruthqdc', '$2y$10$WZDHgP.AnuOHumEzey2L/ue8mJYHzMAkWxRcaoOEJ4whRok6VV6.O', 'realdealruthqdc@pagestheweekend.site', 'America/Toronto', 0, 1771516074, 1771516074, 0, 0, NULL, 1),
(105, 'en', 'en', NULL, 'executivedirector_1', '$2y$10$.5Zz1e0gmR1dIGUPV/c.HOTosmFfanvqntUX4pD31sjgTo78SjrIu', 'office@volunteeryukon.ca', 'America/Toronto', 1, 1771516074, 1771516074, 0, 0, NULL, 1),
(106, 'en', 'en', NULL, 'bslater', '$2y$10$N69NWCmwFASc6Iytk5vssut4K4NXkVXYCYGmIr8g4lQLjqo08liyW', 'bslater@bslater.ca', 'America/Toronto', 1, 1771516074, 1771516074, 0, 0, NULL, 1),
(107, 'en', 'en', NULL, 'terry', '$2y$10$CglJPKnExBTvuowbqkxRw.GNAIW8SlG5HEtbtyOrU2fYc2UnsOb3i', 'terry@aircareyukon.ca', 'America/Toronto', 1, 1771516074, 1771516074, 0, 0, NULL, 1),
(108, 'en', 'en', NULL, 'office_1', '$2y$10$1hHgNrs4gwaipDXGMQBuW.TxzTwzNRwKiBtCRLKZ9rzbJHEINwTu6', 'office@yukoncontractors.ca', 'America/Toronto', 1, 1771516074, 1771516074, 0, 0, NULL, 1),
(109, 'en', 'en', NULL, 'Patrick.Swann_1', '$2y$10$JU.iDKKJ5sucIPAEcdoTuuitSIF4q.EckxZ3HNnFEi66MR49amDKG', 'Patrick.Swann@breakfastclubcanada.org', 'America/Toronto', 1, 1771516074, 1771516074, 0, 0, NULL, 1),
(110, 'en', 'en', NULL, 'zarmstrong', '$2y$10$CSCneFLYTRqNCGIv5ILoiOQnhv7.EcJK98SMScrjWmTu9bsKsF3Qm', 'zarmstrong@ignitecounselling.ca', 'America/Toronto', 1, 1771516074, 1771516074, 0, 0, NULL, 1),
(111, 'en', 'en', NULL, 'chewytelefd', '$2y$10$PZ9hnVukiTWA5Hh2I54E6uDJ.Kah8evotjZiKNAgmzMOqoCWqAgXW', 'chewytelefd@mechanicalbed.site', 'America/Toronto', 0, 1771516074, 1771516074, 0, 0, NULL, 1),
(112, 'en', 'en', NULL, 'mmatear', '$2y$10$bn4JgJp4lAw8OXYeOEvz/.zIyLBP1o4chg0IGmkM2JCd84w4dJcs.', 'mmatear@yukonu.ca', 'America/Toronto', 1, 1771516074, 1771516074, 0, 0, NULL, 1),
(113, 'en', 'en', NULL, 'admin_1', '$2y$10$CdXuKqu8UfJmism1o4C40OsLs05HxYcoNq.zvgSlCPqX.HHOwmi7q', 'admin@yaep.ca', 'America/Toronto', 1, 1771516074, 1771516074, 0, 0, NULL, 1),
(114, 'en', 'en', NULL, 'admin_2', '$2y$10$XosI0zGI10jFUB1RXJATTeD0I.qPaum5ncOZC2iMH/XCtwKjKf2Ca', 'admin@yukon.cmha.ca', 'America/Toronto', 1, 1771516074, 1771516074, 0, 0, NULL, 1),
(115, 'en', 'en', NULL, 'noddleslingingcy', '$2y$10$Y01TjiXvkTRRTUPKCitN3ePEUzy6g1mO0qRqwRa4vLVglKYffuDfu', 'noddleslingingcy@listingsbluesky.site', 'America/Toronto', 0, 1771516074, 1771516074, 0, 0, NULL, 1),
(116, 'en', 'en', NULL, 'jpp', '$2y$10$SKH7bL7VTCm4HW8pWGZiYeV4BT34YsmF55OpVFMw4DH48k5VOXw2i', 'jpp@northwestel.net', 'America/Toronto', 1, 1771516074, 1771516074, 0, 0, NULL, 1),
(117, 'en', 'en', NULL, 'goofy', '$2y$10$D6rhsTONo7gTixUfZLOGDurUQAUzX/8GOCMCne83bSiJy0Pk3/04e', 'goofy@yukonfood.com', 'America/Toronto', 1, 1771516074, 1771516074, 0, 0, NULL, 1),
(118, 'en', 'en', NULL, 'yfl', '$2y$10$o9kKIaVjUopmeGBM4IwfIOk/cBdrLu7SjiPSJcGxMrd8XEM3hYIO.', 'yfl@yukonfed.com', 'America/Toronto', 1, 1771516074, 1771516074, 0, 0, NULL, 1),
(119, 'en', 'en', NULL, 'psychologicalsocietyyukon', '$2y$10$si453KVEEp45F8eXu2y8ae./www.jp57odftzYD1o4eJgGLJ8LM3C', 'psychologicalsocietyyukon@gmail.com', 'America/Toronto', 1, 1771516074, 1771516074, 0, 0, NULL, 1),
(120, 'en', 'en', NULL, 'boneunazn', '$2y$10$jhq9m4.hFl15cMaUv3VvqOG9ZJyGYqbeSp9i6UOU9WT.3NnbMCX4.', 'boneunazn@limedyenicok.site', 'America/Toronto', 0, 1771516074, 1771516074, 0, 0, NULL, 1),
(121, 'en', 'en', NULL, 'officemanager', '$2y$10$2G1xqZ2J5apP3h6qAsG2rOCoOSbVq1iOCl4F0Z0iHv0xu9xHXkfue', 'officemanager@volunteeryukon.ca', 'America/Toronto', 1, 1771516074, 1771516074, 0, 0, NULL, 1),
(122, 'en', 'en', NULL, 'yukontacticalforce', '$2y$10$a5dCNFKpp9Hbrv59IcZfzOgVAsN.ctZTpT1gLFK5ypD4M48.rX2VW', 'yukontacticalforce@gmail.com', 'America/Toronto', 1, 1771516074, 1771516074, 0, 0, NULL, 1),
(123, 'en', 'en', NULL, 'admin_3', '$2y$10$ZFUjmNhNSriwKzt7764.C.WjjqRvgwKv1V2waAEKqHJsC5EATEg7K', 'admin@yrea.ca', 'America/Toronto', 1, 1771516074, 1771516074, 0, 0, NULL, 1),
(124, 'en', 'en', NULL, 'jcayukon', '$2y$10$5GjfSoc..hTte6gRCgTJsOvXAJdMZ/sRkX/B5gyHE/Ng1IjYpoj1C', 'jcayukon@gmail.com', 'America/Toronto', 1, 1771516074, 1771516074, 0, 0, NULL, 1),
(125, 'en', 'en', NULL, 'info', '$2y$10$m5JJpOX.xLrgOZXrSYlRwuv9O6iymZ7a4u06ekJbBuutSthMsaDFC', 'info@yukonprospectorassociation.ca', 'America/Toronto', 1, 1771516074, 1771516074, 0, 0, NULL, 1),
(126, 'en', 'en', NULL, 'executive', '$2y$10$c2z.kgIXrcKgcwvfK6X48OUjlUsZIjb78bKr0QjX/T1E0D4xt/EI.', 'executive@autismyukon.org', 'America/Toronto', 1, 1771516074, 1771516074, 0, 0, NULL, 1),
(127, 'en', 'en', NULL, 'termselevatedpuv', '$2y$10$lDr.9JzisCB3Ian0WchtceQWSV0GFJzejFIZaPgXwezP1LlN4ILIm', 'termselevatedpuv@iceskatestins.site', 'America/Toronto', 0, 1771516074, 1771516074, 0, 0, NULL, 1),
(128, 'en', 'en', NULL, 'amanda', '$2y$10$J257q4v7fGF6vQJTR.90uuaq3icRvecTjngaTMEwu8oi/MhD3d2H6', 'amanda@amandaleslie.ca', 'America/Toronto', 1, 1771516074, 1771516074, 0, 0, NULL, 1),
(129, 'en', 'en', NULL, 'nhehdyukon', '$2y$10$1CpJNr7l5.AW7C3FL5lR..GTuN99cbPsaw78iSZAnSKRwBAbsSLdy', 'nhehdyukon@gmail.com', 'America/Toronto', 1, 1771516074, 1771516074, 0, 0, NULL, 1),
(130, 'en', 'en', NULL, 'northernhutssociety', '$2y$10$BfmDoiIAId3V75RufjK90eRtqji/q7tySbMz82HWHEOyJutRfPosK', 'northernhutssociety@gmail.com', 'America/Toronto', 1, 1771516074, 1771516074, 0, 0, NULL, 1),
(131, 'en', 'en', NULL, 'sbourdeau', '$2y$10$pHBpYW6SjUGq0S8rbzn8F.5IH0Fz5bJeSu3fSPNbBZRzTCmJ46Jby', 'sbourdeau@strategycorp.com', 'America/Toronto', 1, 1771516074, 1771516074, 0, 0, NULL, 1),
(132, 'en', 'en', NULL, 'angeline.webb', '$2y$10$eSNEYgEoAK1RYvnlXEKDNuguhdYIPWPyGxZCjSc5lq2WxNBI3s/Iu', 'charles.aruliah@cancer.ca', 'America/Toronto', 1, 1771516074, 1771516074, 0, 0, NULL, 1),
(133, 'en', 'en', NULL, 'dehling', '$2y$10$Jbp0hHkPBfrHtmNuY80O.uYv/u4rT.nx.F23NW10jy3Bk9JtsNR1G', 'dehling@rickhansen.com', 'America/Toronto', 1, 1771516074, 1771516074, 0, 0, NULL, 1),
(134, 'en', 'en', NULL, 'peakperformancepowerhousegl', '$2y$10$vOTAZFviRsv5AfADxTmUN.2PnRK5EEtiy/SdQWbfe9gpW2gh9PgXO', 'peakperformancepowerhousegl@groupsvocal.site', 'America/Toronto', 0, 1771516074, 1771516074, 0, 0, NULL, 1),
(135, 'en', 'en', NULL, 'mhthorp', '$2y$10$06X8r19x2JptSQh69CeNPemOgqP/BbmSO1cGLsbqYse9Z/DHbXNku', 'mhthorp@klondiker.com', 'America/Toronto', 1, 1771516074, 1771516074, 0, 0, NULL, 1),
(136, 'en', 'en', NULL, 'Inclusionyukon', '$2y$10$bZQuySSmwD3tvt2jemEfwexMNpVOz7Pv8XI0YDYn6vCCsqIMdn66O', 'Inclusionyukon@gmail.com', 'America/Toronto', 1, 1771516074, 1771516074, 0, 0, NULL, 1),
(137, 'en', 'en', NULL, 'ceo', '$2y$10$YDcFG/z1Iv/L9nhxN/70vemfp/h/fUbxQCBI.cbHBhe9arKb4jTnK', 'ceo@yrna.ca', 'America/Toronto', 1, 1771516074, 1771516074, 0, 0, NULL, 1),
(138, 'en', 'en', NULL, 'aja.mason', '$2y$10$1HCgqSDNyvT.8dnVLSMM9ORBdOpQEitENLsqhclInJNJGysUGciv2', 'aja.mason@yswc.ca', 'America/Toronto', 1, 1771516074, 1771516074, 0, 0, NULL, 1),
(139, 'en', 'en', NULL, 'jillian.hardie', '$2y$10$tXQYSTpRYOPmcmavqHvxheGo248E96oaHyQa4RpXx7YUsXhKv0G9i', 'jillian.hardie@ccva.ca', 'America/Toronto', 1, 1771516074, 1771516074, 0, 0, NULL, 1),
(140, 'en', 'en', NULL, 'don', '$2y$10$ToHBtve5Qwmmm0AezZd0E.UhBPQaBlJPjkjEJjqecyCqM7yMLcn3O', 'don@tslcontractors.yk.ca', 'America/Toronto', 1, 1771516074, 1771516074, 0, 0, NULL, 1),
(141, 'en', 'en', NULL, 'priceempresaxk', '$2y$10$q1.gguH6YqoMkQQwCmYpluWd69ReIb4jJ17qOgvJrICCyA.NRQbK6', 'priceempresaxk@conferencelife.site', 'America/Toronto', 0, 1771516074, 1771516074, 0, 0, NULL, 1),
(142, 'en', 'en', NULL, 'daniel.komesch', '$2y$10$rf3afjrqmlj5HquHAbb4Cu2.qx7MPe2NtnP9FIuxxWHTHfHGx8zfe', 'daniel.komesch@hkstrategies.ca', 'America/Toronto', 1, 1771516074, 1771516074, 0, 0, NULL, 1),
(143, 'en', 'en', NULL, 'Judith.Barry', '$2y$10$XlKW8nWhj.qIjzOnbkKoeeVyTDB5XD9vGU4T9LerZoXjANUmZloPC', 'Judith.Barry@breakfastclubcanada.org', 'America/Toronto', 1, 1771516074, 1771516074, 0, 0, NULL, 1),
(144, 'en', 'en', NULL, 'kittententrk', '$2y$10$8yO4qoGWrlVsITLQWmGvUu6ujxbJis8i/lGHBZ3NaV/wHc1hlSq7m', 'kittententrk@crunchyremark.site', 'America/Toronto', 0, 1771516074, 1771516074, 0, 0, NULL, 1),
(145, 'en', 'en', NULL, 'tetherballsignificanthc', '$2y$10$ResRqsgCpwSSu1pHrDx6GOfiDYZIy89CGLa9MI6dYnk93oh/RiSF6', 'tetherballsignificanthc@etherealgemstone.site', 'America/Toronto', 0, 1771516074, 1771516074, 0, 0, NULL, 1),
(146, 'en', 'en', NULL, 'shoulderswebsag', '$2y$10$RPa/AR94XxUW2iDAbR9Ta.A5znQTvPLatCsTgOt./UOL5mFf4NaIS', 'shoulderswebsag@fernreach.site', 'America/Toronto', 0, 1771516074, 1771516074, 0, 0, NULL, 1),
(147, 'en', 'en', NULL, 'exec', '$2y$10$Z4VaOZq3I.S8D7zLtmZIs.tkahZuH2XjDnEYTFJ81JrRqN5x4Bd4C', 'exec@techyukon.ca', 'America/Toronto', 1, 1771516074, 1771516074, 0, 0, NULL, 1),
(148, 'en', 'en', NULL, 'hello', '$2y$10$08SxAMzqt1U/DU.7O9GZMOvAzN2.j3u8jZ6pdzhY37Gu6leVTXAJy', 'hello@yukonrighttolearn.ca', 'America/Toronto', 1, 1771516074, 1771516074, 0, 0, NULL, 1),
(149, 'en', 'en', NULL, 'nationlongingekr', '$2y$10$eiV8s00rAHrr/X2nwDnJbeE8E2FyrAnxM9ZwcyhRfD7Roepi0jULq', 'nationlongingekr@frostyonpoint.site', 'America/Toronto', 0, 1771516074, 1771516074, 0, 0, NULL, 1),
(150, 'en', 'en', NULL, 'threesixtylaborerlk', '$2y$10$BHo0fOWsZviNijwwOqFUse4StTRURG9kKvbjjViKlR3WcDtuEgocm', 'threesixtylaborerlk@geoscientistvigor.site', 'America/Toronto', 0, 1771516074, 1771516074, 0, 0, NULL, 1),
(151, 'en', 'en', NULL, 'yukonrla', '$2y$10$/WLvUNyaVzryD/T2USarreA.B8wDruqs9YPBJcP0Qx/evOGkht7eO', 'yukonrla@gmail.com', 'America/Toronto', 1, 1771516074, 1771516074, 0, 0, NULL, 1),
(152, 'en', 'en', NULL, 'allincentrichia', '$2y$10$DWdBUFom64sqLnMoJ6dFI.Ed7bDOoVvEi1eNQUh74MZjOavSvaPxC', 'allincentrichia@goldblockdead.site', 'America/Toronto', 0, 1771516074, 1771516074, 0, 0, NULL, 1),
(153, 'en', 'en', NULL, 'tracehandsomelyxk', '$2y$10$3VTi.JXkZ6jJImbXSjPJHOJ60Nf7N/NPd02UZyHOS9UyOQoslP0nC', 'tracehandsomelyxk@industriesmyriad.site', 'America/Toronto', 0, 1771516074, 1771516074, 0, 0, NULL, 1),
(154, 'en', 'en', NULL, 'jel', '$2y$10$4qhU/5Ye1.6S0aQnFBicy.CF8748JIcdPW5lHcGru.bYRMTlfVtHu', 'jel@goldenpredator.com', 'America/Toronto', 1, 1771516074, 1771516074, 0, 0, NULL, 1),
(155, 'en', 'en', NULL, 'wms', '$2y$10$CRGEUuQ2pdRG8zgQg0tUseHWzH4kY2FsM08CBl6pliVk5q7baRfp6', 'wms@goldenpredator.com', 'America/Toronto', 1, 1771516074, 1771516074, 0, 0, NULL, 1),
(156, 'en', 'en', NULL, 'philippe.couillard', '$2y$10$yBB2mSnlHhmT1u2IO0zexev1hoWkFkZUN76xcTR//S7RDXQ335LlW', 'philippe.couillard@dentons.com', 'America/Toronto', 1, 1771516074, 1771516074, 0, 0, NULL, 1),
(157, 'en', 'en', NULL, 'graveygitxt', '$2y$10$k4pDv9CNNzCWRVfUhaTYY.f9pYrD9k/w9ETUTFbRGgBZUd35jmCD2', 'graveygitxt@mumpsimusevolving.site', 'America/Toronto', 0, 1771516074, 1771516074, 0, 0, NULL, 1),
(158, 'en', 'en', NULL, 'mercilessoundomw', '$2y$10$T9mbiI2kidluf64/aFb7RuuCsMwX1UC2N8Ek1oH.6L3wtX6JA5e3S', 'mercilessoundomw@neighborlytango.site', 'America/Toronto', 0, 1771516074, 1771516074, 0, 0, NULL, 1),
(159, 'en', 'en', NULL, 'anoosh.loertscher', '$2y$10$sRf7YbRogpcwXE4vdutAp.HdckK/WpuE/yyqpRWUMEStVjVj9ulES', 'anoosh.loertscher@dentons.com', 'America/Toronto', 1, 1771516074, 1771516074, 0, 0, NULL, 1),
(160, 'en', 'en', NULL, 'discountsinstituterzm', '$2y$10$u/S4tU4nbjXUqzXQ9KviPOb/Cnn4DVZXDS26x6MyEAZsjMqOR9P0e', 'discountsinstituterzm@recreationfourcorners.site', 'America/Toronto', 0, 1771516074, 1771516074, 0, 0, NULL, 1),
(161, 'en', 'en', NULL, 'fortresspoolswp', '$2y$10$IEb0.U02u1Cfga4PlqZA0ewXZM/9e2eJjZ7f0FvOZyDsPvNm6cT5e', 'fortresspoolswp@resilientrepulsive.site', 'America/Toronto', 0, 1771516074, 1771516074, 0, 0, NULL, 1),
(162, 'en', 'en', NULL, 'freedomproviderxcb', '$2y$10$nwQn/2eZ7ZlimFK4uUk1sOU2coaGYrBpOSeEAwa/EB01bLsZbhh1y', 'freedomproviderxcb@resortbadge.site', 'America/Toronto', 0, 1771516074, 1771516074, 0, 0, NULL, 1),
(163, 'en', 'en', NULL, 'upcomingquasarxr', '$2y$10$D0bYNsvfFNtkzPZH8VxU1.BleQMoQJIA6lLv6lB4k/1Xn9wbuyduC', 'upcomingquasarxr@resortbadge.site', 'America/Toronto', 0, 1771516074, 1771516074, 0, 0, NULL, 1),
(164, 'en', 'en', NULL, 'taxreunionvr', '$2y$10$BkHblLexo5XrWH05vO7lLubD5Qx0uVMW5LfFJ25TT3ZCO6lfvk3IG', 'taxreunionvr@resortbadge.site', 'America/Toronto', 0, 1771516074, 1771516074, 0, 0, NULL, 1),
(165, 'en', 'en', NULL, 'executivedirector_3', '$2y$10$hB7cttCFZhYMCT4nitpPceIXx4sADj47zLKY5roXboNTyg669A9R6', 'executivedirector@bloodties.ca', 'America/Toronto', 1, 1771516074, 1771516074, 0, 0, NULL, 1),
(166, 'en', 'en', NULL, 'mumbledonkeypds', '$2y$10$8mDEL.W2gglA5IMA0SWUoOkWDKXsbQqXxLeLPIwTqcsE7N1JBVqjC', 'mumbledonkeypds@solarispilot.site', 'America/Toronto', 0, 1771516074, 1771516074, 0, 0, NULL, 1),
(167, 'en', 'en', NULL, 'michael.casia', '$2y$10$dNJCI3zxK0IJvzjso63rCOaWzxfeOEhBmJoi0Uh/ebcJjQYtEduY2', 'michael.casia@organon.com', 'America/Toronto', 1, 1771516074, 1771516074, 0, 0, NULL, 1),
(168, 'en', 'en', NULL, 'joe', '$2y$10$Io/dY3cvuKFuI/Aa3b3Se.hU5t2NNu7HeM6VcOxIM/lyp9BU5gVh.', 'info@queeryukon.com', 'America/Toronto', 1, 1771516074, 1771516074, 0, 0, NULL, 1),
(169, 'en', 'en', NULL, 'quietubiquitousxz', '$2y$10$wjs5wX/pQFQryYk6yC9/qu4tu./QezTZfjTeibYVJabcTjzIGYTO6', 'quietubiquitousxz@staldiscasher.site', 'America/Toronto', 0, 1771516074, 1771516074, 0, 0, NULL, 1),
(170, 'en', 'en', NULL, 'insidervinekfp', '$2y$10$yoAz0vA7Wm3BRKynKceeI.SxeZztSmQ3OloE8EQomqn45ccqQ7092', 'insidervinekfp@tacittender.site', 'America/Toronto', 0, 1771516074, 1771516074, 0, 0, NULL, 1),
(171, 'en', 'en', NULL, 'kyle.humphreys', '$2y$10$kQjWJtToplA45ir2hr4TbuFGqpbhBW8i9cdxjlfap2F.xJ59lgLhK', 'kyle.humphreys@colliersprojectleaders.com', 'America/Toronto', 1, 1771516074, 1771516074, 0, 0, NULL, 1),
(172, 'en', 'en', NULL, 'overratedcitywidekg', '$2y$10$AtHrTpNVW7YWjZM4oVGzpebPTLGEskesA5YxB4AleHOwJwDBy/6ZK', 'overratedcitywidekg@tacittender.site', 'America/Toronto', 0, 1771516074, 1771516074, 0, 0, NULL, 1),
(173, 'en', 'en', NULL, 'cheryl.oates', '$2y$10$z3rhgMYLKLJx8.ZUdiEHnuiiCjq2zmR9LLjKlKtzwvruHkp7L.mqa', 'cheryl.oates@gtandcompany.ca', 'America/Toronto', 1, 1771516074, 1771516074, 0, 0, NULL, 1),
(174, 'en', 'en', NULL, 'coastlinetricksms', '$2y$10$d7IZyEF9kscFhz6YYDMpHeDwiITyUIuVrRXn1GrtZffGLOGy0hszu', 'coastlinetricksms@tacittender.site', 'America/Toronto', 0, 1771516074, 1771516074, 0, 0, NULL, 1),
(175, 'en', 'en', NULL, 'lsamson', '$2y$10$l3UdDRHprL2o2vbXJOxdWOfkAbZdu4YtgDKiepN8ANtZEPM02BLxm', 'lsamson@strategycorp.com', 'America/Toronto', 1, 1771516074, 1771516074, 0, 0, NULL, 1),
(176, 'en', 'en', NULL, 'pathfinderdownloadnlo', '$2y$10$ylv0wt/K4BRs2BU3Z1HYTOpxfqGXIr0SqkWig.VYRm3wS0Nqv1iL2', 'pathfinderdownloadnlo@tacittender.site', 'America/Toronto', 0, 1771516074, 1771516074, 0, 0, NULL, 1),
(177, 'en', 'en', NULL, 'diana.mazloum', '$2y$10$iig1X3bgimITW.1s.wdmx.LnuJgtYY9l3Ju41ASfj.pY1VhW6lv5.', 'diana.mazloum@dentons.com', 'America/Toronto', 1, 1771516074, 1771516074, 0, 0, NULL, 1),
(178, 'en', 'en', NULL, 'spectacularspikeci', '$2y$10$Tu7BnxIfe53uLNR5IFp8suBUSw7bOv63NZWwc8jqoU37vPQOaoimS', 'spectacularspikeci@tacittender.site', 'America/Toronto', 0, 1771516074, 1771516074, 0, 0, NULL, 1),
(179, 'en', 'en', NULL, 'eventssecondwh', '$2y$10$Q8/2vHday/rgdK3EEh7c9.AV3w5OK1DZU3qLYsC7J7fdw6azRK/bC', 'eventssecondwh@fernreach.site', 'America/Toronto', 0, 1771516074, 1771516074, 0, 0, NULL, 1),
(180, 'en', 'en', NULL, 'naomi.armstrong', '$2y$10$/x9k5CSZTKZLpvkhsiNkIeD0gb0wkRvah46VFuIPNnF13GstfjurW', 'kelly.rolland@redcross.ca', 'America/Toronto', 1, 1771516074, 1771516074, 0, 0, NULL, 1),
(181, 'en', 'en', NULL, 'magnificentrailgce', '$2y$10$ct28Jh93RNABMCNsI8lnBuYCc1cwLWShV7QYTd4nucGRsFdOi3KRi', 'magnificentrailgce@fernreach.site', 'America/Toronto', 0, 1771516074, 1771516074, 0, 0, NULL, 1),
(182, 'en', 'en', NULL, 'panoramicnetworkstdc', '$2y$10$6Lw1AuwnOE6VteKDPHnWsu0/A0EkpKB3p4bv8l7JvtMHFF7J8PT6a', 'panoramicnetworkstdc@fernreach.site', 'America/Toronto', 0, 1771516074, 1771516074, 0, 0, NULL, 1),
(183, 'en', 'en', NULL, 'alanenriqueta', '$2y$10$8YL14Yw3oGiCQzHykEB7n.IS02jZzOniFD8/6WdpFVcacRBmGE4oi', 'alanenriqueta@varsidesk.com', 'America/Toronto', 1, 1771516074, 1771516074, 0, 0, NULL, 1),
(184, 'en', 'en', NULL, 'advisejoblessbof', '$2y$10$T11gGkZB3SmNK5c3DRUYLe3.YS0WGFiQ9BYWLaTG2bS.Fl2maks7G', 'advisejoblessbof@industriesmyriad.site', 'America/Toronto', 0, 1771516074, 1771516074, 0, 0, NULL, 1),
(185, 'en', 'en', NULL, 'vimyyukon', '$2y$10$sLuxwUI6xZ7b8APjCmlZA./y/agTGvC5tyxzyXNSUaBM5DZGraYDy', 'vimyyukon@gmail.com', 'America/Toronto', 1, 1771516074, 1771516074, 0, 0, NULL, 1),
(186, 'en', 'en', NULL, 'rfqvgqeuidf', '$2y$10$.gffwqqzLR5eQ1IGoEgHgexDNIV29Kf2mwlJogkd2UrMNXuS3zVoe', 'rfqvgqeuidf@pavelmister.ru', 'America/Toronto', 0, 1771516074, 1771516074, 0, 0, NULL, 1),
(187, 'en', 'en', NULL, 'monkeyprocessld', '$2y$10$FjiqHJ.WTajznSidM5XSOearug1Uz9v1p3.fWTUe8kN0qMLATiD12', 'monkeyprocessld@mumpsimusevolving.site', 'America/Toronto', 0, 1771516074, 1771516074, 0, 0, NULL, 1),
(188, 'en', 'en', NULL, 'pochardstringxo', '$2y$10$tCMEiMaiGDx8LXBT0zCc0ujWgG8JRY4RxeyaqfkSLvm6YJO5BPuJi', 'pochardstringxo@neighborlytango.site', 'America/Toronto', 0, 1771516074, 1771516074, 0, 0, NULL, 1),
(189, 'en', 'en', NULL, 'viptricklevld', '$2y$10$pDS7butbFnEdcABux442Sev.nyb1iUKg4Ttk77gqgVyKmoAJm91ZW', 'viptricklevld@recreationfourcorners.site', 'America/Toronto', 0, 1771516074, 1771516074, 0, 0, NULL, 1),
(190, 'en', 'en', NULL, 'sheephillsidepeo', '$2y$10$uPZTzB07quX77YeRUBF1uOgNhaLyUDVpVHIJIalIs.oZst4oQ2mP2', 'sheephillsidepeo@recreationfourcorners.site', 'America/Toronto', 0, 1771516074, 1771516074, 0, 0, NULL, 1),
(191, 'en', 'en', NULL, 'jean-guy', '$2y$10$Mr8G.yk2lRuRQtUdB1x/5eZhkozRjSZlOnHG5DeiEADUmIpbnYK42', 'jean-guy@solsticecanada.ca', 'America/Toronto', 1, 1771516074, 1771516074, 0, 0, NULL, 1),
(192, 'en', 'en', NULL, 'greg_s', '$2y$10$bXsd8S.Af7BaItmtMKr.LeOyQpJbaxpZ8t.zdLRLyo/uYQdkYa5cO', 'greg_s@solsticecanada.ca', 'America/Toronto', 1, 1771516074, 1771516074, 0, 0, NULL, 1),
(193, 'en', 'en', NULL, 'horseshoesfluffylde', '$2y$10$/VcFMqx01vpp4FJpVNtTz.m2Rtppfkk3HPrmFDkSa2zmGqZSumDI6', 'horseshoesfluffylde@resourcesdoomsday.site', 'America/Toronto', 0, 1771516074, 1771516074, 0, 0, NULL, 1),
(194, 'en', 'en', NULL, 'lagoonsnoolvr', '$2y$10$kqz3CFc5pq/9SAbdOPcm2O397G2GjFlwl31.ClnOyDX4x.TNM16sO', 'lagoonsnoolvr@ridingblinkered.site', 'America/Toronto', 0, 1771516074, 1771516074, 0, 0, NULL, 1),
(195, 'en', 'en', NULL, 'adetcapuc', '$2y$10$ctzUkWtnoGMIQwiZBsaKmeHvoHz0M.2unen5rVuyEM.XpXtSWUN0W', 'adetcapuc@mail.ru', 'America/Toronto', 0, 1771516074, 1771516074, 0, 0, NULL, 1),
(196, 'en', 'en', NULL, 'rainydaynoddlelc', '$2y$10$MHNxNV9P1c1S6k3Y.I3rB.GMmVxpfWTCnNxWpvBVjiO2V/U5hoLMm', 'rainydaynoddlelc@solarispilot.site', 'America/Toronto', 0, 1771516074, 1771516074, 0, 0, NULL, 1),
(197, 'en', 'en', NULL, 'slotsnuh', '$2y$10$0ptXH7l1f74WBxFRcCDpEesVisJ.LXCW/Fuv.kQxjfyT4qXKcE9ye', 'slotsnuh@fsmodshub.com', 'America/Toronto', 1, 1771516074, 1771516074, 0, 0, NULL, 1),
(198, 'en', 'en', NULL, 'gleefullistedfy', '$2y$10$4tiB2oNqz2ztAa37iW8PNO0QJ85o9yC/2u6xc56J0kLWAgIM3AY/2', 'gleefullistedfy@staldiscasher.site', 'America/Toronto', 0, 1771516074, 1771516074, 0, 0, NULL, 1),
(199, 'en', 'en', NULL, 'tim.smith', '$2y$10$jiRRh.XT4ZLcaIPNwljTRezotGc0dEL.dzoUzrfslx3KCves.6Axm', 'compliance@cma.ca', 'America/Toronto', 1, 1771516074, 1771516074, 0, 0, NULL, 1),
(200, 'en', 'en', NULL, 'remi', '$2y$10$MlwFn2e685zfNpz4GfgC..E98/5LR9TfBAUVKQATTGl3o1U/lqroq', 'remi@solsticecanada.ca', 'America/Toronto', 1, 1771516074, 1771516074, 0, 0, NULL, 1),
(201, 'en', 'en', NULL, 'couldntmelhorku', '$2y$10$XBOEYV9orOpTRgfM8gwQpOcIaTckrqajD4BsLG7HUEw..q0FuahuS', 'couldntmelhorku@conferencelife.site', 'America/Toronto', 0, 1771516074, 1771516074, 0, 0, NULL, 1),
(202, 'en', 'en', NULL, 'emotiongazelletu', '$2y$10$C7gJKf/HRqXHuOMZ/DNane9rKSPcBFL60YQit.uJ.0NC6mEJJGiUS', 'emotiongazelletu@cooingwhitespace.site', 'America/Toronto', 0, 1771516074, 1771516074, 0, 0, NULL, 1),
(203, 'en', 'en', NULL, 'loopyhyperionzy', '$2y$10$FGghb4JacgWR4BhrQBlBDut.wGCH7Z5YXHEIlCTyWlwKOA.VkwcMm', 'loopyhyperionzy@crunchyremark.site', 'America/Toronto', 0, 1771516074, 1771516074, 0, 0, NULL, 1),
(204, 'en', 'en', NULL, 'searchcanteenmt', '$2y$10$Fko4bLisvQ.LzHqig35Hhe28FPMD36hZSPlpUdT98HloqFnxCrEVa', 'searchcanteenmt@etherealgemstone.site', 'America/Toronto', 0, 1771516074, 1771516074, 0, 0, NULL, 1),
(205, 'en', 'en', NULL, 'dopeysmokexy', '$2y$10$RJF0af8.AV/1BpruUCdZvOfcLGSNXduycV80p6vqceqTUImoTdHb.', 'dopeysmokexy@fernreach.site', 'America/Toronto', 0, 1771516074, 1771516074, 0, 0, NULL, 1),
(206, 'en', 'en', NULL, 'locationgreenworldgck', '$2y$10$n5hWpA0QtcLPd7fHvcwlGetxuYDkxLK4wqfebyj2PoTxndR6no3.2', 'locationgreenworldgck@frostyonpoint.site', 'America/Toronto', 0, 1771516074, 1771516074, 0, 0, NULL, 1),
(207, 'en', 'en', NULL, 'malikasidmehmood3', '$2y$10$nL.5H./gv3KEhpCwGaLn9.n.SmTuG0zgqqX4sEpgcKDGrZ2MPAm9.', 'malikasidmehmood3@gmail.com', 'America/Toronto', 0, 1771516074, 1771516074, 0, 0, NULL, 1),
(208, 'en', 'en', NULL, 'jmatthewman', '$2y$10$rxQEoWG7W/yJlwAWXc/pAumkMTRyZajtjTXaTlNf4uN2EyyPY1gt6', 'jmatthewman@tsa.ca', 'America/Toronto', 1, 1771516074, 1771516074, 0, 0, NULL, 1),
(209, 'en', 'en', NULL, 'mariazelhdezn', '$2y$10$BaoUheIjCDK43cycukaKFOT4T2zOsoocMNB/8kvi52XdNQTIWe4rK', 'mariazelhdezn@gmail.com', 'America/Toronto', 1, 1771516074, 1771516074, 0, 0, NULL, 1),
(210, 'en', 'en', NULL, 'hamisdadesg', '$2y$10$7NF6Kdgv/onH//NmtmIYUe9z5YmRJTYwD82SAtc19epl2sR.u6CKS', 'hamisdadesg@mail.ru', 'America/Toronto', 0, 1771516074, 1771516074, 0, 0, NULL, 1),
(211, 'en', 'en', NULL, 'oblongtodaygdh', '$2y$10$esUASJbvDO1g6sadyLy7NORMbtKV1som/5Bl2ZE76Wy/eACFwRzBi', 'oblongtodaygdh@geoscientistvigor.site', 'America/Toronto', 0, 1771516074, 1771516074, 0, 0, NULL, 1),
(212, 'en', 'en', NULL, 'tailelectradq', '$2y$10$i9UZm6mERyqfPbpUpjzgKuE.KU17ILYWAJX/SetkCPtyXzLE3n/GO', 'tailelectradq@mumgoods.site', 'America/Toronto', 0, 1771516074, 1771516074, 0, 0, NULL, 1),
(213, 'en', 'en', NULL, 'allaccessviperij', '$2y$10$Wq6w04Xl40f9K6E4CShje.ZrIAbBamS4baRIrgOmp4xtpjKDTg1Ee', 'allaccessviperij@mumpsimusevolving.site', 'America/Toronto', 0, 1771516074, 1771516074, 0, 0, NULL, 1),
(214, 'en', 'en', NULL, 'grangethise', '$2y$10$qepVggc54Yerp9r23Alx0OIKLPsFwq/Mlwd.8PbIaCUFVLtyh9cy2', 'grangethise@mail.ru', 'America/Toronto', 0, 1771516074, 1771516074, 0, 0, NULL, 1),
(215, 'en', 'en', NULL, 'enchantedfillerbsm', '$2y$10$XUQ6dcMPUFmb5kpPS9.fWOZh/MiIDF3vX/ImgfOBj.2jC72PcfeOa', 'enchantedfillerbsm@neighborlytango.site', 'America/Toronto', 0, 1771516074, 1771516074, 0, 0, NULL, 1),
(216, 'en', 'en', NULL, 'neudischaemin6', '$2y$10$17Z9QPJn.gn7VLsWW4fE2eilvPTOoP9vrKgtMMeC1lwTDU0On5Bk6', 'neudischaemin6@mail.ru', 'America/Toronto', 0, 1771516074, 1771516074, 0, 0, NULL, 1),
(217, 'en', 'en', NULL, 'tenbestgoogti', '$2y$10$sZnnIitkopSQ3r8nGjrmLuRW79rH.Uy6y8kdrcU9KznnRnbr.z5Pi', 'tenbestgoogti@mail.ru', 'America/Toronto', 0, 1771516074, 1771516074, 0, 0, NULL, 1),
(218, 'en', 'en', NULL, 'flumeknotob', '$2y$10$1vEbb7Me1lxnDNbarWg/SeQrzeowcWWZe4TpOcR0PxfGG5NPEGoUO', 'flumeknotob@resilientrepulsive.site', 'America/Toronto', 0, 1771516074, 1771516074, 0, 0, NULL, 1),
(219, 'en', 'en', NULL, 'lisa', '$2y$10$tpcxBO63vJ6w8vc9GAsepuD6WcKCdB/81SO6DJnivilYBZ.J3XxU2', 'lisa@blackbirdstrategies.ca', 'America/Toronto', 1, 1771516074, 1771516074, 0, 0, NULL, 1),
(220, 'en', 'en', NULL, 'cristina', '$2y$10$iCG2RJGaWmAsJ56bjWxUMOQ0IVb9/40ZE5ejXb4/EcKejpeXl5622', 'cristina@blackbirdstrategies.ca', 'America/Toronto', 1, 1771516074, 1771516074, 0, 0, NULL, 1),
(221, 'en', 'en', NULL, 'flagelladiligenceid', '$2y$10$3y9d2.WFBlykkSGQw0LUd.FQv31L16ml6Mv2/G3AvyS875cJuhWFS', 'flagelladiligenceid@caponivory.site', 'America/Toronto', 0, 1771516074, 1771516074, 0, 0, NULL, 1),
(222, 'en', 'en', NULL, 'lockerforresthh', '$2y$10$.lP79kBd4obifrDWUxxFEOimLSFqhbYwSO/1hpTqEjnaqZjY/cINC', 'lockerforresthh@chowderheartland.site', 'America/Toronto', 0, 1771516074, 1771516074, 0, 0, NULL, 1),
(223, 'en', 'en', NULL, 'polarprimalst', '$2y$10$SCSpLrgdDEBAiOlEzqxzBOmLNS7.VXA1HZLqVJ1RmMIGo1wqjM8.q', 'polarprimalst@cleversardine.site', 'America/Toronto', 0, 1771516074, 1771516074, 0, 0, NULL, 1),
(224, 'en', 'en', NULL, 'sshaw', '$2y$10$ww8JO3lCGDHcqlMjzp5MC.TDjAnqmjFYbKQ3tdVtzXWK9QilfisQi', 'espivak@westerncopperandgold.com', 'America/Toronto', 1, 1771516074, 1771516074, 0, 0, NULL, 1),
(225, 'en', 'en', NULL, 'honeyblubberyup', '$2y$10$9s2SNuwvOy0ocs3md8LN1urJzfpnTP6v4m4lo3DuFYIDQy8BRDatq', 'honeyblubberyup@fruityathena.site', 'America/Toronto', 0, 1771516074, 1771516074, 0, 0, NULL, 1),
(226, 'en', 'en', NULL, 'wooflifelongjp', '$2y$10$GPJjtrlQONo9tcBRkYwIX.k1Cgk/e1r/dXe5SNo1i5qdvXt4fXxU2', 'wooflifelongjp@gaysidewalk.site', 'America/Toronto', 0, 1771516074, 1771516074, 0, 0, NULL, 1),
(227, 'en', 'en', NULL, 'sploshscotchnke', '$2y$10$E7Uc/kC7yWY4yZJP6MMQ7eu6WDWOb7rSjjkVerOKQ0FAfX7E7/FjO', 'sploshscotchnke@glazierdude.site', 'America/Toronto', 0, 1771516074, 1771516074, 0, 0, NULL, 1),
(228, 'en', 'en', NULL, 'savvyposeidonmik', '$2y$10$8.bl0iNY2uufgncLbjSOZOm8/4cuvlKBUOsHKDv6A82kpyg6gOlaO', 'savvyposeidonmik@hygienistback.site', 'America/Toronto', 0, 1771516074, 1771516074, 0, 0, NULL, 1),
(229, 'en', 'en', NULL, 'bachotad1982', '$2y$10$3ziWxyzVqEjhyB2G3n7ome4gcetRoTZ.WwQFYwJBSJYqOz1Anl/N.', 'bachotad1982@mailrest.com', 'America/Toronto', 0, 1771516074, 1771516074, 0, 0, NULL, 1),
(230, 'en', 'en', NULL, 'mariecipolla1020', '$2y$10$Sg2TcpmfgHxixVjpfxJHSO6l8OV2hF3EfG9bO7RZ.medpd8Tv7C9G', 'mariecipolla1020@mailrest.com', 'America/Toronto', 0, 1771516074, 1771516074, 0, 0, NULL, 1),
(231, 'en', 'en', NULL, 'daverobertson', '$2y$10$wjX/GyGIdz0YsCwidKJ0U.tXhCpXH8In/K2K2MSQRguGoNJwkHUum', 'daverobertson@avaya.com', 'America/Toronto', 1, 1771516074, 1771516074, 0, 0, NULL, 1),
(232, 'en', 'en', NULL, 'tjkeil', '$2y$10$oj9sbsgjB80ZqZE1YF62Megx7Qz9ornEaf9S293Y5.q07bMhWMp5y', 'tjkeil@counselpa.com', 'America/Toronto', 1, 1771516074, 1771516074, 0, 0, NULL, 1),
(233, 'en', 'en', NULL, 'chaptertangentdsj', '$2y$10$52h1J1F7JanBeHP6zXaFxOR0BJGNUcEbFVgEoa6fY/wOmaegZTptm', 'chaptertangentdsj@lodgecockalorum.site', 'America/Toronto', 0, 1771516074, 1771516074, 0, 0, NULL, 1),
(234, 'en', 'en', NULL, 'roomymooncf', '$2y$10$MqFW7MpO9D5yBdA7/7BZ5.JcfsUJZdBXx/kTct/Pa18w.eUbHe6mG', 'roomymooncf@offthegridtracker.site', 'America/Toronto', 0, 1771516074, 1771516074, 0, 0, NULL, 1),
(235, 'en', 'en', NULL, 'brianna.solberg', '$2y$10$O3GTEZFz4qqTsAZmHGMnuOZ/0eu/VNnrIMduhDFjE1A.nX3E2Zz6.', 'brianna.solberg@cfib.ca', 'America/Toronto', 1, 1771516074, 1771516074, 0, 0, NULL, 1),
(236, 'en', 'en', NULL, 'jeremy', '$2y$10$WlJUWQn2.bZ1vfzvCp2DzO73t5WYZHyvV6s.4VSqialZxNF2xCYBe', 'jeremy@gtastrategies.com', 'America/Toronto', 1, 1771516074, 1771516074, 0, 0, NULL, 1),
(237, 'en', 'en', NULL, 'watershedsaddledpl', '$2y$10$MEmUXQxlXCTtPwO8jBoppO98lzgX26HVkLAibYLON1muTqKK5xDd.', 'watershedsaddledpl@paramountbigbox.site', 'America/Toronto', 0, 1771516074, 1771516074, 0, 0, NULL, 1),
(238, 'en', 'en', NULL, 'archivedutysh', '$2y$10$QeZk8GyxrNSF/NUncP37feEoKC94MW3ctSjeeK3IwYcdYutkSJ3g6', 'archivedutysh@robonations.site', 'America/Toronto', 0, 1771516074, 1771516074, 0, 0, NULL, 1),
(239, 'en', 'en', NULL, 'coombss', '$2y$10$CTR51gvzyIjpKkpWt9HROOFzUNpa6LrtSslc.ieSkqnfqaExr0yJm', 'coombss@ccspa.org', 'America/Toronto', 1, 1771516074, 1771516074, 0, 0, NULL, 1),
(240, 'en', 'en', NULL, 'lotterysleuthpbt', '$2y$10$Icv8yIJ4zvx0vpL0veoB7.vtAATern3dke2tni7.r7a2LjFzjCf3O', 'lotterysleuthpbt@seniorskinny.site', 'America/Toronto', 0, 1771516074, 1771516074, 0, 0, NULL, 1),
(241, 'en', 'en', NULL, 'gravityspawncowdoa', '$2y$10$19yDs66c0LdaWPCm9R2f8.cQYhCfWCK3BG3JP6Pvuj6iqDalqX9AC', 'gravityspawncowdoa@sunshinemitten.site', 'America/Toronto', 0, 1771516074, 1771516074, 0, 0, NULL, 1),
(242, 'en', 'en', NULL, 'gerassimos.pepelassis', '$2y$10$jP2uxSNVIsF6aAi.c/BmauzheotphJKkyDsZ4Y/5s9JChBh8BIpHG', 'gerassimos.pepelassis@crestviewstrategy.com', 'America/Toronto', 1, 1771516074, 1771516074, 0, 0, NULL, 1),
(243, 'en', 'en', NULL, 'lisa_1', '$2y$10$FON1BGuHjeTqhjxXTNBe6.pFfrGfo2oePpSf/R8M9ymuQvGw0UmKG', 'lisa@badenhorst.ca', 'America/Toronto', 1, 1771516074, 1771516074, 0, 0, NULL, 1),
(244, 'en', 'en', NULL, 'dumplingstranslatorzl', '$2y$10$GslbuQNaRD.PpNcIeIgGOewVAOmDQU2ClkYTmskSUBza3De83Xadq', 'dumplingstranslatorzl@versusskeletal.site', 'America/Toronto', 0, 1771516074, 1771516074, 0, 0, NULL, 1),
(245, 'en', 'en', NULL, 'kathleen.cook', '$2y$10$v3Z5ARyvw.RNnJxLMI5E9uukEgQzmcCSB3PuTDW2vBvTiMdMdYsDy', 'kathleen.cook@cfib.ca', 'America/Toronto', 1, 1771516074, 1771516074, 0, 0, NULL, 1),
(246, 'en', 'en', NULL, 'polarprestigety', '$2y$10$sxyPgUDN2BUXb1BD0a5FNOZ6Bf05bH5aR7IYdirJ6YPDbaMse1dEq', 'polarprestigety@caponivory.site', 'America/Toronto', 0, 1771516074, 1771516074, 0, 0, NULL, 1),
(247, 'en', 'en', NULL, 'junkroofersy', '$2y$10$2bLTyNQdWOyjhrhEZ0Zfq.LGGrvlUKW8SfR.DsEfS/Q8Uh7ns9NUa', 'junkroofersy@delicatestuffed.site', 'America/Toronto', 0, 1771516074, 1771516074, 0, 0, NULL, 1),
(248, 'en', 'en', NULL, 'wantedmetropolitanppt', '$2y$10$sxOZVUT7SGVnQARHta6Iz.WLK1i7WyxVpmWLQOV73L5aP5laSDSS2', 'wantedmetropolitanppt@fruityathena.site', 'America/Toronto', 0, 1771516074, 1771516074, 0, 0, NULL, 1),
(249, 'en', 'en', NULL, 'natasha', '$2y$10$.7GKS0rz5B6in3CeGd4hQuxZQFc3wSL42SeJjkGFMMviusDIcO/eq', 'info@blackbirdstrategies.ca', 'America/Toronto', 1, 1771516074, 1771516074, 0, 0, NULL, 1),
(250, 'en', 'en', NULL, 'greenrainya', '$2y$10$ATw21KeUY1J7jK78E6oHqe82ldRBZorxGiKw84smKR4/jADbxZJba', 'greenrainya@gaysidewalk.site', 'America/Toronto', 0, 1771516074, 1771516074, 0, 0, NULL, 1),
(251, 'en', 'en', NULL, 'writerwoodsrlu', '$2y$10$4BCmJCS99BEQiR4i5u4eRu4b6AUdb3DmZnWlUZ0h3bgfyRkIA21Ha', 'writerwoodsrlu@glazierdude.site', 'America/Toronto', 0, 1771516074, 1771516074, 0, 0, NULL, 1),
(252, 'en', 'en', NULL, '28', '$2y$10$Z50sMmsLyjU9CreNw1waouw/QG2ztgepgl0HlqYshqgNw/U3PlnLO', '28@games-games.online', 'America/Toronto', 1, 1771516074, 1771516074, 0, 0, NULL, 1),
(253, 'en', 'en', NULL, 'kristen.olvet', '$2y$10$ZfMhq50O0U8S2vOnQPBpPOBHlnN9T9w0fdg5TFIvicYSFOq89BLhu', 'kristen.olvet@hillandknowlton.com', 'America/Toronto', 1, 1771516074, 1771516074, 0, 0, NULL, 1),
(254, 'en', 'en', NULL, 'spanblackboxwz', '$2y$10$P8eYdw3Zy193mEGJCcCVtO.Luo.y1oI5ZX2pHED4Jerm5W06ZJ6P6', 'spanblackboxwz@listenrational.site', 'America/Toronto', 0, 1771516074, 1771516074, 0, 0, NULL, 1),
(255, 'en', 'en', NULL, 'mvandenberg', '$2y$10$5e44hYTNMwS/UjaImcqSHuKL0cFctRvqV9AamjxTwy1WE.k.YxHo.', 'daniel@lba.ca', 'America/Toronto', 1, 1771516074, 1771516074, 0, 0, NULL, 1),
(256, 'en', 'en', NULL, 'pomegranateclappednx', '$2y$10$hUn0us0ZPXDeuU/mmDl0ieyHt2iIQBncU.m0dZQ53XM0a1RdzfiGu', 'pomegranateclappednx@lodgecockalorum.site', 'America/Toronto', 0, 1771516074, 1771516074, 0, 0, NULL, 1),
(257, 'en', 'en', NULL, 'catalyststenchrh', '$2y$10$2YGIj7nBMHDINUIoQumCV.qx6UNnXYzWMewzS9ubp9nLdCTOGGMrO', 'catalyststenchrh@paramountbigbox.site', 'America/Toronto', 0, 1771516074, 1771516074, 0, 0, NULL, 1),
(258, 'en', 'en', NULL, 'signalpatcheskdx', '$2y$10$6oJAu3zyLb2PPxl.SXJTo.BzxJYFicS8GT.mtJx7GqsPaA9Wcfaga', 'signalpatcheskdx@robonations.site', 'America/Toronto', 0, 1771516074, 1771516074, 0, 0, NULL, 1),
(259, 'en', 'en', NULL, 'mira.ahmad', '$2y$10$CtorheDZHu2.nQsntZTlQ.zYd3.adsAc3KU5mztv456FD2QnHY.rG', 'mira.ahmad@crestviewstrategy.com', 'America/Toronto', 1, 1771516074, 1771516074, 0, 0, NULL, 1),
(260, 'en', 'en', NULL, 'chickensmindsri', '$2y$10$MnCmfClIMnY7lpzlRRH/m.xw/efkqj7D/qyE8PFtcWSvPyYHR8ree', 'chickensmindsri@seniorskinny.site', 'America/Toronto', 0, 1771516074, 1771516074, 0, 0, NULL, 1),
(261, 'en', 'en', NULL, 'poppycockbosset', '$2y$10$1PGbd.kFWATo93kR7MNPUevEirWm./dD.PEZe.ETqWVhl5I4OBLpm', 'poppycockbosset@sunshinemitten.site', 'America/Toronto', 0, 1771516074, 1771516074, 0, 0, NULL, 1),
(262, 'en', 'en', NULL, 'straightallegiancedt', '$2y$10$k2X7xgt2xz9VTUSjhj99A.MW.LhplQZsi6RpTpJDUgI5ruVHO4zzu', 'straightallegiancedt@versusskeletal.site', 'America/Toronto', 0, 1771516074, 1771516074, 0, 0, NULL, 1),
(263, 'en', 'en', NULL, 'alida', '$2y$10$8qfO7gT5guWwWqunJEdi8.BpSSlMyt/D4HqUK49vAl.6SLeAfSyt6', 'alida@ycb.ca', 'America/Toronto', 1, 1771516074, 1771516074, 0, 0, NULL, 1),
(264, 'en', 'en', NULL, 'mixjamaicanukm', '$2y$10$61KoyRQLe7xbEodjmAmL6eaEI.P2kqpE6WXowltNTHvp5tMJj/lke', 'mixjamaicanukm@chowderheartland.site', 'America/Toronto', 0, 1771516074, 1771516074, 0, 0, NULL, 1),
(265, 'en', 'en', NULL, 'jhenshaw', '$2y$10$rNgip6Z2aXrpfuYExoK31.bLa9vhOFMgkhPXXnAoc/Ng8xr2CPSEO', 'jhenshaw@restaurantscanada.org', 'America/Toronto', 1, 1771516074, 1771516074, 0, 0, NULL, 1),
(266, 'en', 'en', NULL, 'troubledcaryty', '$2y$10$UZ9iYN6P2Lxsgqt6gk7IPO78.vF9s1NHg.h5YqOnGQr9G8TfM0Aoi', 'troubledcaryty@fruityathena.site', 'America/Toronto', 0, 1771516074, 1771516074, 0, 0, NULL, 1),
(267, 'en', 'en', NULL, 'trevor.harding', '$2y$10$6/xdGjL2eyUdfwprhVd4COgtHG7fh6iGyDbDZpdzAv9vHi.VeXjmm', 'trevor.harding@zginc.ca', 'America/Toronto', 1, 1771516074, 1771516074, 0, 0, NULL, 1),
(268, 'en', 'en', NULL, 'loudhonklp', '$2y$10$rhvG6XiQzLk47VpLnsdTrOtiaP1wD7.e/emRJ4F03rNmzZKt4B1Aq', 'loudhonklp@gaysidewalk.site', 'America/Toronto', 0, 1771516074, 1771516074, 0, 0, NULL, 1),
(269, 'en', 'en', NULL, 'bvincen1', '$2y$10$wzpJCkpv.g/Oo/Jv3Es8A.dLFcNltWAv34BzeIkz/RrfUDyf/0TRC', 'LDecroix@ITS.JNJ.com', 'America/Toronto', 1, 1771516074, 1771516074, 0, 0, NULL, 1),
(270, 'en', 'en', NULL, 'hotgeometricri', '$2y$10$rbUSvX36D32gGC3ffarQTeSxubg6klGhmfomjhlZtkadTrBh5PxwO', 'hotgeometricri@hygienistback.site', 'America/Toronto', 0, 1771516074, 1771516074, 0, 0, NULL, 1),
(271, 'en', 'en', NULL, 'rowplubmingch', '$2y$10$HUikulXsxHSZhjs6aR1W/OwJ65FcFBonbvtnV3PlCYRqcnNHu1ulq', 'rowplubmingch@listenrational.site', 'America/Toronto', 0, 1771516074, 1771516074, 0, 0, NULL, 1),
(272, 'en', 'en', NULL, 'Lucas', '$2y$10$G3PBy.L95ak7J7CoCKLKAu/NGUnrAJL/j14F5Am01A.9ocnv.uq6O', 'Lucas@blackbirdstrategies.ca', 'America/Toronto', 1, 1771516074, 1771516074, 0, 0, NULL, 1),
(273, 'en', 'en', NULL, 'skirtdentalbv', '$2y$10$fiAujoBu1s7Ihi5/lClneeirK9./8f4ipSRHyG6Ow9bXLcyL4YTge', 'skirtdentalbv@pruningimpact.site', 'America/Toronto', 0, 1771516074, 1771516074, 0, 0, NULL, 1),
(274, 'en', 'en', NULL, 'hullabalooguardianmir', '$2y$10$UxEXvI5Ju46.xWTDjuf8lu8rLDNlragfO.aM0sxqNLUP.2QEHUxXW', 'hullabalooguardianmir@warscurvy.site', 'America/Toronto', 0, 1771516074, 1771516074, 0, 0, NULL, 1),
(275, 'en', 'en', NULL, 'john.lindon.bailey', '$2y$10$5K3aWPtRmahp/7j6lntXIetJVn.3T6AbFXDcQdDD8jTsv5F/iOICO', 'john.lindon.bailey@gmail.com', 'America/Toronto', 1, 1771516074, 1771516074, 0, 0, NULL, 1),
(276, 'en', 'en', NULL, 'ed', '$2y$10$Ga3Ydro5Wi453pMgQUQEruK2LnJmDYfbOSq3AUxhFHbtPOVxUBG9K', 'ed@yukonminers.ca', 'America/Toronto', 1, 1771516074, 1771516074, 0, 0, NULL, 1),
(277, 'en', 'en', NULL, 'EmmaBurkhartn760', '$2y$10$SxXdytHQXnD0n5pe06I9qOS3aAsXzz2NeKhUkU4IMMHF2xXYxflvW', 'EmmaBurkhartn760@hotmail.com', 'America/Toronto', 0, 1771516074, 1771516074, 0, 0, NULL, 1),
(278, 'en', 'en', NULL, 'racernoisesukf', '$2y$10$7ueVNuSeW3rSpM08OQehJe1WnO6RWKRtklQ/qrLa/hCBuhZHcq5v.', 'racernoisesukf@pluckywelltodo.site', 'America/Toronto', 0, 1771516074, 1771516074, 0, 0, NULL, 1),
(279, 'en', 'en', NULL, 'apender', '$2y$10$g5PobVGIZ0NaosJmXlO8MOu/T3f1WtJvxYVkFwmk3dXWuUectMyMy', 'apender@globalpublic.com', 'America/Toronto', 1, 1771516074, 1771516074, 0, 0, NULL, 1),
(280, 'en', 'en', NULL, 'bigfootoraclewq', '$2y$10$vJB8ZC2XBkx0ts74x7kHA.gBfBq6RsRO1hEpbPIANGGf/9iMt1fhe', 'bigfootoraclewq@tabcyrus.site', 'America/Toronto', 0, 1771516074, 1771516074, 0, 0, NULL, 1),
(281, 'en', 'en', NULL, 'shinyfreestyledhd', '$2y$10$7y6mDxrVv8jU2IftLibrU.5OMFmY1nYj5BuBb9Cw65ZRMMiKAcv9e', 'shinyfreestyledhd@beforeoverseas.site', 'America/Toronto', 0, 1771516074, 1771516074, 0, 0, NULL, 1),
(282, 'en', 'en', NULL, 'milliondollarfamiliarhqs', '$2y$10$aqByiV7jDBmvF6jaJfSeIOSD6LVqwm9ax9IGptgYcOlhTsZjRMzWu', 'milliondollarfamiliarhqs@fatcatcollywobbles.site', 'America/Toronto', 0, 1771516074, 1771516074, 0, 0, NULL, 1),
(283, 'en', 'en', NULL, 'athletejellieswd', '$2y$10$6zHxx4O27kTz34.Wd8qTRuyqrwUQP5irq9bpdIndZYifCI5nPYe2S', 'athletejellieswd@scientistswitch.site', 'America/Toronto', 0, 1771516074, 1771516074, 0, 0, NULL, 1),
(284, 'en', 'en', NULL, 'kpma', '$2y$10$t39210FDZuyj.WLLQPrysuIeFeCadYuClDG8lCvwrhy7y7Uxb35Xm', 'kpma@kpma.ca', 'America/Toronto', 1, 1771516074, 1771516074, 0, 0, NULL, 1),
(285, 'en', 'en', NULL, 'deletephantomtu', '$2y$10$QU/L/7z6DzxDDSfKPn1upenOs1Lou91541OhIuX4MdMH/3OiZSUGK', 'deletephantomtu@permanentpavilion.site', 'America/Toronto', 0, 1771516074, 1771516074, 0, 0, NULL, 1),
(286, 'en', 'en', NULL, 'gazestackhuy', '$2y$10$T21Lmf2GIwD9JaH3teCswOLef5P1x/oejXFwqtNeN/u9dAA0ZlbZO', 'gazestackhuy@valvesecondhand.site', 'America/Toronto', 0, 1771516074, 1771516074, 0, 0, NULL, 1),
(287, 'en', 'en', NULL, 'generatecrispysq', '$2y$10$071jjpzEIR8TOLemz39B8uR7pcl0pZX1mb2Lkxc08kbNDvM1C6Vf6', 'generatecrispysq@productionclearwater.site', 'America/Toronto', 0, 1771516074, 1771516074, 0, 0, NULL, 1),
(288, 'en', 'en', NULL, 'andrew.hall', '$2y$10$JRqJc5eh1bn6MW3X53GvFO2cEjtrC9RFDo5NznNdplnYa.5Aa4VXG', 'andrew.hall@crestviewstrategy.com', 'America/Toronto', 1, 1771516074, 1771516074, 0, 0, NULL, 1),
(289, 'en', 'en', NULL, 'sudogo7788', '$2y$10$NktfkjkLCZBXSl2DYtGcV.4WzK8QU29WCzBUdb7vsZ5GklUjhPz62', 'sudogo7788@ro.ru', 'America/Toronto', 1, 1771516074, 1771516074, 0, 0, NULL, 1),
(290, 'en', 'en', NULL, 'cleanpeakir', '$2y$10$13W9a6A3awcg5GpoGaYXrOStNK7QckFkS3iuIpQeMNy4XDJBWnb1u', 'cleanpeakir@warscurvy.site', 'America/Toronto', 0, 1771516074, 1771516074, 0, 0, NULL, 1),
(291, 'en', 'en', NULL, 'merlindustal', '$2y$10$UDJf8/mFhrTEXSJuTkZRuOnroZZgirwEyeeHmVzk/PqBW9d0rWgEC', 'merlindustal@birdfob.site', 'America/Toronto', 0, 1771516074, 1771516074, 0, 0, NULL, 1),
(292, 'en', 'en', NULL, 'lng', '$2y$10$/lyuSGY5xmqw2.b.fq0FxODDNVFOHWQdTl905rwrgMSJ0xHu4wlVm', 'lpaglia@cffim.ca', 'America/Toronto', 1, 1771516074, 1771516074, 0, 0, NULL, 1),
(293, 'en', 'en', NULL, 'wrobertson', '$2y$10$C17ldOgHefM3yYujZ9u7GOPa7Fp5T/nWQv0c0NQQNE1tdLURaNE4K', 'wrobertson@strategycorp.com', 'America/Toronto', 1, 1771516074, 1771516074, 0, 0, NULL, 1),
(294, 'en', 'en', NULL, 'dvered', '$2y$10$GLbIEijrzIj4C9ejcyNKee1R7VmVFJmo2i6RnLYpT8ajbgjSWNiTu', 'dvered@strategycorp.com', 'America/Toronto', 1, 1771516074, 1771516074, 0, 0, NULL, 1),
(295, 'en', 'en', NULL, 'rdonofrio', '$2y$10$xfXpkMXy58R0L5vlAVx14.oalKCNk/2yZ29i/YcFJXBFhYQScJ95.', 'rdonofrio@strategycorp.com', 'America/Toronto', 1, 1771516074, 1771516074, 0, 0, NULL, 1),
(296, 'en', 'en', NULL, 'smokefurtiveicj', '$2y$10$cGFqK/RddS.blX8AlxxwYe114zkMTlk2lVPtIEKbaJRsyz9pXay/a', 'smokefurtiveicj@pluckywelltodo.site', 'America/Toronto', 0, 1771516074, 1771516074, 0, 0, NULL, 1),
(297, 'en', 'en', NULL, 'media', '$2y$10$WV2cqUFx5R4x67H4P2K5revoGE2gfIWLs6kxXlQYDNy0Oab/jYCxq', 'media@nursesunions.ca', 'America/Toronto', 1, 1771516074, 1771516074, 0, 0, NULL, 1),
(298, 'en', 'en', NULL, 'conservepipelinegyq', '$2y$10$3.G1GxDr2MYMhYtzY7i7leiypZNRa0/q1b0uRlOKw8YX1mjvm2Wmi', 'conservepipelinegyq@beforeoverseas.site', 'America/Toronto', 0, 1771516074, 1771516074, 0, 0, NULL, 1),
(299, 'en', 'en', NULL, 'aloofdentalcr', '$2y$10$CPVRdCMc3nLi53l5bfjN5OT8mbcawNlwqpXG0.uROFlQ8eFiVTW8S', 'aloofdentalcr@introworkbench.site', 'America/Toronto', 0, 1771516074, 1771516074, 0, 0, NULL, 1),
(300, 'en', 'en', NULL, 'habitgoldhoeguy', '$2y$10$bidVtNlOvfTjoKzhdHH0w.bNtdeNUj95qMTsdnGV/rkiVbCjVofSa', 'habitgoldhoeguy@magistratecerebrum.site', 'America/Toronto', 0, 1771516074, 1771516074, 0, 0, NULL, 1),
(301, 'en', 'en', NULL, 'andromedakissowh', '$2y$10$wTybgpV/ALxnghVY/DONMOMSlEPRS7ae84kSCYrxv5jXL1qu7Kxlq', 'andromedakissowh@blueeyednational.site', 'America/Toronto', 0, 1771516074, 1771516074, 0, 0, NULL, 1),
(302, 'en', 'en', NULL, 'docdriverev', '$2y$10$dZ9AOU4zdxEFPlNK3GZR/uVecZ9.c2RvPxQP.uw4j00yjo5uR97vS', 'docdriverev@caringculture.site', 'America/Toronto', 0, 1771516074, 1771516074, 0, 0, NULL, 1),
(303, 'en', 'en', NULL, 'info_1', '$2y$10$CvrCUqBOkDoSeCPG7a8c2.ULk8Up78rHJvDHIanAQG6vySXXC3ZSm', 'info@northernclt.ca', 'America/Toronto', 1, 1771516074, 1771516074, 0, 0, NULL, 1),
(304, 'en', 'en', NULL, 'pdonovan', '$2y$10$F.j.1HuFPl70uhCw8PlpIu2Xuy9KGj5zSoY93xxAcx/FKe7yOnC0O', 'pdonovan@nhpcanada.org', 'America/Toronto', 1, 1771516074, 1771516074, 0, 0, NULL, 1),
(305, 'en', 'en', NULL, 'tnzuma', '$2y$10$jE/2.u5V6k969OuSKbqQ3utw0.Z9hemMoSBjAY6AsPblX/lULdKCW', 'tnzuma@nhpcanada.org', 'America/Toronto', 1, 1771516074, 1771516074, 0, 0, NULL, 1),
(306, 'en', 'en', NULL, 'streakfrontrangenh', '$2y$10$kn.thCSnrgZlbsd6d1ya/.sbqqIJvkeJulO5ht2VZw4gPPdIIhaS6', 'streakfrontrangenh@elevationlocus.site', 'America/Toronto', 0, 1771516074, 1771516074, 0, 0, NULL, 1),
(307, 'en', 'en', NULL, 'Warren.Pearson', '$2y$10$/c7JPCHEupDjvhs88C8FduSlApEZJSysrhMONritgmMXM9Vj4ueFu', 'Warren.Pearson@yukon.ca', 'America/Toronto', 1, 1771516074, 1771516074, 0, 0, NULL, 1),
(308, 'en', 'en', NULL, 'Justin.Gorczyca', '$2y$10$Lt8DOWTox5yn7cAHN2UZH.jCpg3vGVTDY/Nu/GB9aAdNOSO8zeZ/y', 'Justin.Gorczyca@yukon.ca', 'America/Toronto', 1, 1771516074, 1771516074, 0, 0, NULL, 1);
INSERT INTO `users_field_data` (`uid`, `langcode`, `preferred_langcode`, `preferred_admin_langcode`, `name`, `pass`, `mail`, `timezone`, `status`, `created`, `changed`, `access`, `login`, `init`, `default_langcode`) VALUES
(309, 'en', 'en', NULL, 'measuregotokn', '$2y$10$4fP49VBKVTMY/uyMmk3Qle96SSbFYee4CkFxxMW.JE7ARkNH3b3au', 'measuregotokn@fireextra.site', 'America/Toronto', 0, 1771516074, 1771516074, 0, 0, NULL, 1),
(310, 'en', 'en', NULL, 'hybridirondoorbxb', '$2y$10$M8zUhn6t9F1ES/2tY2F6uO5.6ih59ASSzQPxadJtgxazfK5wB2qKm', 'hybridirondoorbxb@mathashtag.site', 'America/Toronto', 0, 1771516074, 1771516074, 0, 0, NULL, 1),
(311, 'en', 'en', NULL, 'charles', '$2y$10$A6SUf1kuhDHRASykdRToHuGYL/zbMWcb7vevBNTXjLHmt/npqqDUa', 'charles@nfa.ca', 'America/Toronto', 1, 1771516074, 1771516074, 0, 0, NULL, 1),
(312, 'en', 'en', NULL, 'torchraccoongfn', '$2y$10$QRNq7nufbkJfXFhoZ47S/unYJWzlCv79/HN4vvzSbmQImh66R0Mka', 'torchraccoongfn@montagesurgeon.site', 'America/Toronto', 0, 1771516074, 1771516074, 0, 0, NULL, 1),
(313, 'en', 'en', NULL, 'michaeladams1270868', '$2y$10$oTegobOV1yDYCQcW6uiLjezS3Vccm8yx7mutM7UMtRPVhEWTyUqy6', 'michaeladams1270868@gmail.com', 'America/Toronto', 1, 1771516074, 1771516074, 0, 0, NULL, 1),
(314, 'en', 'en', NULL, 'detailedcollectiveina', '$2y$10$sZqeZ44XWHa1yzEsGThmAuJ5qXN9uTzZ1jJxmADfa9sfiUsHsDXja', 'detailedcollectiveina@nottbluemountain.site', 'America/Toronto', 0, 1771516074, 1771516074, 0, 0, NULL, 1),
(315, 'en', 'en', NULL, 'ian', '$2y$10$T5Io1K3bzhqHlXpyoejKKuMyLk39cH2E4ttFf1EdhDICEPbaq7VHq', 'ian.ponsford@fireweedmetals.com', 'America/Toronto', 1, 1771516074, 1771516074, 0, 0, NULL, 1),
(316, 'en', 'en', NULL, 'gobsmackedsympatheticps', '$2y$10$7H9VLWuTiWJyqOPJOs.hwOtR3z6MMj4XRgSvK8DFl7kH7AwBFsQQ6', 'gobsmackedsympatheticps@sharpbase.site', 'America/Toronto', 0, 1771516074, 1771516074, 0, 0, NULL, 1),
(317, 'en', 'en', NULL, 'brewerdeliverytq', '$2y$10$ARe65tUVEFhECfkD8y2qS.0/shIMjtCmmHBHTxJQEK01qnr.8Ze3O', 'brewerdeliverytq@committeewholesome.site', 'America/Toronto', 0, 1771516074, 1771516074, 0, 0, NULL, 1),
(318, 'en', 'en', NULL, 'monschalidisce', '$2y$10$LgUYXIyJ.RjyJE4.RnHwtuXmZYh1cIWrmaewODKNSHP/ohximejLC', 'monschalidisce@gmx.com', 'America/Toronto', 1, 1771516074, 1771516074, 0, 0, NULL, 1),
(319, 'en', 'en', NULL, 'danishshafthyf', '$2y$10$aJoYg35rwZ/IPeHBr9F83u//O6Ipt2DYZyuudFhCV5B1l7dM830Ta', 'danishshafthyf@dynamicchrome.site', 'America/Toronto', 0, 1771516074, 1771516074, 0, 0, NULL, 1),
(320, 'en', 'en', NULL, 'frederickbaca1978', '$2y$10$z6aDgf7K2KFMyl.oCIpKweK7jIB77uoglL9iJzcYQ6z2NNt/hhqxm', 'frederickbaca1978@slippmail.com', 'America/Toronto', 1, 1771516074, 1771516074, 0, 0, NULL, 1),
(321, 'en', 'en', NULL, 'esharp', '$2y$10$usVqUKT5Trmx6WtMJcJCs.KhRpcb3BEOIvsfyuHapg./LARSNeuQO', 'esharp@avalancheservices.ca', 'America/Toronto', 1, 1771516074, 1771516074, 0, 0, NULL, 1),
(322, 'en', 'en', NULL, 'consciousworldofdg', '$2y$10$Dp7KtAvx/rdz7Gek925eJe8VmADjxdYFBrflDscx5lBZQZpt8n2ku', 'consciousworldofdg@mechanicswildcat.site', 'America/Toronto', 0, 1771516074, 1771516074, 0, 0, NULL, 1),
(323, 'en', 'en', NULL, 'chatteringlifecyclegrv', '$2y$10$AjxEt8CP4/q7OEPKaqvWie8YGt5lQiWsrytIqrE5kCPeDw5/1KHdm', 'chatteringlifecyclegrv@navigatorlegends.site', 'America/Toronto', 1, 1771516074, 1771516074, 0, 0, NULL, 1),
(324, 'en', 'en', NULL, 'rackthroughkrb', '$2y$10$pSCu0yotEEjmSSHhMcbvUOD0BpqmMxM/v249sVJppjEYtIWaI4wPG', 'rackthroughkrb@seegetaway.site', 'America/Toronto', 1, 1771516074, 1771516074, 0, 0, NULL, 1),
(325, 'en', 'en', NULL, 'jared.maltais', '$2y$10$WN02MeaPSmmiTQ8JVDJ.lefPu5CL7zXzp9f4eqE8o5MereA5..L2u', 'jared.maltais@wellingtonadvocacy.com', 'America/Toronto', 1, 1771516074, 1771516074, 0, 0, NULL, 1),
(326, 'en', 'en', NULL, 'bslsereuzlm', '$2y$10$FWlxATG8Bt2QeFWJCq82DeN0Q4ibH53.PMXjIYG0a1vgtVHtv9byC', 'bslsereuzlm@solid-hamster.skin', 'America/Toronto', 0, 1771516074, 1771516074, 0, 0, NULL, 1),
(327, 'en', 'en', NULL, 'bslsereuebm', '$2y$10$mgwdGVE/DRt6wQnMg29J3uPQqYYxIzLPv7thGL4yJzgTJ6UXx9JKC', 'bslsereuebm@solid-hamster.skin', 'America/Toronto', 0, 1771516074, 1771516074, 0, 0, NULL, 1),
(328, 'en', 'en', NULL, 'bslsereueaj', '$2y$10$ZWgJSW9hdKjof1vvpAsoEOgvkrJ9cF1NDyAwzwdrt.ra/fb/8RNqi', 'bslsereueaj@solid-hamster.skin', 'America/Toronto', 0, 1771516074, 1771516074, 0, 0, NULL, 1),
(329, 'en', 'en', NULL, 'rezsereuzlm', '$2y$10$XxviFhj7plx0yd5SFYaCVuEomi0SolgPOBSFc.T8V5ZW74l4pC0Ee', 'rezsereuzlm@solid-hamster.skin', 'America/Toronto', 0, 1771516074, 1771516074, 0, 0, NULL, 1),
(330, 'en', 'en', NULL, 'rezsereuebm', '$2y$10$VzLJqUMM98xrgqXR.OgwbOfTll6QTKnpQl/IX1ZIVQHgRbU4bcB1y', 'rezsereuebm@solid-hamster.skin', 'America/Toronto', 0, 1771516074, 1771516074, 0, 0, NULL, 1),
(331, 'en', 'en', NULL, 'rezsereueaj', '$2y$10$r8ywOHagjkk7Nz5Xg8Az0ef7xv/JsDeK6T/3bOL5aa19u7GbO4Ini', 'rezsereueaj@solid-hamster.skin', 'America/Toronto', 0, 1771516074, 1771516074, 0, 0, NULL, 1),
(332, 'en', 'en', NULL, 'ben', '$2y$10$BmrapvXm3oGZcYQvLNerFOsU7ngbfltu7qsjeasVwRZbTESjox88y', 'ben@neighbourlynorth.com', 'America/Toronto', 1, 1771516074, 1771516074, 0, 0, NULL, 1),
(333, 'en', 'en', NULL, 'jeff.galway', '$2y$10$lF.Wq8J8.wRGZPOg4kVgyuarj8v0NVgSoyky4ghsyPBSRjyAFjdze', 'jeff.galway@blakes.com', 'America/Toronto', 1, 1771516074, 1771516074, 0, 0, NULL, 1),
(334, 'en', 'en', NULL, 'dlovell', '$2y$10$oQv8TGAXTNH.OPa5N36eduD4aZY.sZskVSpPGe8F29xYDzb0cSwXm', 'dlovell@sussex-strategy.com', 'America/Toronto', 1, 1771516074, 1771516074, 0, 0, NULL, 1),
(335, 'en', 'en', NULL, 'greg', '$2y$10$MS9Takqo2ZgR3j4N3rh4Xuc7wN3Ln.0lESAM/ndfDIuVhLsmRVVmO', 'greg@kanstrategies.om', 'America/Toronto', 1, 1771516074, 1771516074, 0, 0, NULL, 1),
(336, 'en', 'en', NULL, 'tom', '$2y$10$oknVkXJxvUZ2xND.honWY.rLH2sIDg6BnCHlveZh6e6fw.tbWbIbW', 'tom@blackbirdstrategies.ca', 'America/Toronto', 1, 1771516074, 1771516074, 0, 0, NULL, 1),
(337, 'en', 'en', NULL, 'zaezebmiibuzlm', '$2y$10$Eb4BG8YPwI.kjvQ5K.2ffeGNu3.KXlnhlrJJsKX9lPnnOv5T4H2wS', 'zaezebmiibuzlm@dont-reply.me', 'America/Toronto', 0, 1771516074, 1771516074, 0, 0, NULL, 1),
(338, 'en', 'en', NULL, 'eblmsezzejuzlm', '$2y$10$bvAQnFfqIWWxdBJQkwHdI.32knCtwCTc4TIDHrhe8vUYgyPZ/Og0G', 'eblmsezzejuzlm@do-not-respond.me', 'America/Toronto', 0, 1771516074, 1771516074, 0, 0, NULL, 1),
(339, 'en', 'en', NULL, 'hru7', '$2y$10$SSBu/YDNtOKNxUG1COTgteQPA8lFx7RgY12lOB5qA.GcgxvsXFRam', 'hru7@kirzzioh.store', 'America/Toronto', 1, 1771516074, 1771516074, 0, 0, NULL, 1),
(340, 'en', 'en', NULL, 'esizzrlrbluzlm', '$2y$10$QKjKK1qVS8gcvxGZYQJ0h.ocUhoKgYzdpyoI92Up6ERqoyIVKSMaG', 'esizzrlrbluzlm@do-not-respond.me', 'America/Toronto', 0, 1771516074, 1771516074, 0, 0, NULL, 1),
(341, 'en', 'en', NULL, 'sgomes', '$2y$10$zg3wUSlDEiGbV1gkEscCaOhLFeKaN6tm4MbVZ60n5bMdFDfI3q89q', 'sgomes@national.ca', 'America/Toronto', 1, 1771516074, 1771516074, 0, 0, NULL, 1),
(342, 'en', 'en', NULL, 'rlzssjsailuzlm', '$2y$10$G17.sxeitrNCffU9QufnFOyaxrkXft9JGL4hdDFr5ytkWu3HWCwmW', 'rlzssjsailuzlm@dont-reply.me', 'America/Toronto', 0, 1771516074, 1771516074, 0, 0, NULL, 1),
(343, 'en', 'en', NULL, 'ajriezrzbluzlm', '$2y$10$dpGDtrhHVQ1l/fxAWjWMt.3DpLIt3/hoQ.Ephn.rmzY01CXPqhGgu', 'ajriezrzbluzlm@dont-reply.me', 'America/Toronto', 0, 1771516074, 1771516074, 0, 0, NULL, 1),
(344, 'en', 'en', NULL, 'brad.ison', '$2y$10$Djn9dlmgp5n./oMdRD4te.YMsK6UZ3Gt6R9nBweR/peIf0R.3.VdS', 'brad.ison@hazardscape.com', 'America/Toronto', 1, 1771516074, 1771516074, 0, 0, NULL, 1),
(345, 'en', 'en', NULL, 'starholdings', '$2y$10$GtTKsoCA1t5obMnH9HV7..QDVfquj/J1h/jszoaGaKy7ZdZQOqpBa', 'starholdings@icloud.com', 'America/Toronto', 1, 1771516074, 1771516074, 0, 0, NULL, 1),
(346, 'en', 'en', NULL, 'sstacey', '$2y$10$hOZUgy3HWsrhmssQDR/ON.107dsylFSk0HVEjeyGDwOLIT/OoPeg.', 'sstacey@thisisfirstlake.ca', 'America/Toronto', 1, 1771516074, 1771516074, 0, 0, NULL, 1),
(347, 'en', 'en', NULL, 'marc', '$2y$10$K5auKlm1O0L82sBcIQtmBO4UK0M0.9YkkdQbZvSmSjTe2b.iZJanS', 'marc@sandstonegroup.ca', 'America/Toronto', 1, 1771516074, 1771516074, 0, 0, NULL, 1),
(348, 'en', 'en', NULL, 'Phil.Perkin', '$2y$10$.aOV4VtJ.6mXcNEfuGHPD.VQWVfdpQvP4n6J90i7ZzdWVVcRP0Czi', 'Phil.Perkin@yukon.ca', 'America/Toronto', 1, 1771516074, 1771516074, 0, 0, NULL, 1),
(349, 'en', 'en', NULL, 'v.lamarre', '$2y$10$i7b.QXCiDkaZhShLOmmQYOAdZXXaUI3bwoVONuIo9K8Jfr8Rcm0rK', 'v.lamarre@outlook.com', 'America/Toronto', 1, 1771516074, 1771516074, 0, 0, NULL, 1),
(350, 'en', 'en', NULL, 'advocacy', '$2y$10$uP/3fp7dya123f4wWu1AWeNKn1qsauEx4kiWNFFDiLqTUWwlX28Lu', 'advocacy@crohnsandcolitis.ca', 'America/Toronto', 1, 1771516074, 1771516074, 0, 0, NULL, 1),
(351, 'en', 'en', NULL, 'v.yerys.ha.n.i.kk.y.a', '$2y$10$2fDR2X2PJfpo.shtbTJVheiwzbPcbhPDF3tr.8QOaXeaYg22c8qAW', 'v.yerys.ha.n.i.kk.y.a@gmail.com', 'America/Toronto', 1, 1771516074, 1771516074, 0, 0, NULL, 1),
(352, 'en', 'en', NULL, 'brooke', '$2y$10$lbdogHOgT37X3o5yeVBjduybRgAbbAOkHcDn0MW159QkZBudBcQXW', 'brooke@kpma.ca', 'America/Toronto', 1, 1771516074, 1771516074, 0, 0, NULL, 1),
(353, 'en', 'en', NULL, 'Julie.Mahusky', '$2y$10$7vQ2BczB.xXyRXyRSNXMIeITU919tp4ClUnu9U5Sq4WD58FWHgvtG', 'Julie.Mahusky@yukon.ca', 'America/Toronto', 1, 1771516074, 1771516074, 0, 0, NULL, 1),
(354, 'en', 'en', NULL, 'kevin.uchikata', '$2y$10$fhP5LCXHZcnMJuyN4.hDwevn9Xm42dpJCOT2B6rq6BoduW6vDOk.O', 'jeffrey.orridge@kingstrust.ca', 'America/Toronto', 1, 1771516074, 1771516074, 0, 0, NULL, 1),
(355, 'en', 'en', NULL, 'jseide', '$2y$10$kUdoOJvQj513JOLSQMInXOdD4EitasjiBHgVdO4ICYwC0Ym6EvKWK', 'jseide@pharmascience.com', 'America/Toronto', 1, 1771516074, 1771516074, 0, 0, NULL, 1),
(356, 'en', 'en', NULL, 'denny.kobayashi', '$2y$10$IR74jLdp6DIU3VX4fbZXE.udzl9svwQCzBBfJaO32DtFhHAalAzNm', 'denny.kobayashi@northwestel.net', 'America/Toronto', 1, 1771516074, 1771516074, 0, 0, NULL, 1),
(357, 'en', 'en', NULL, 'pat.quealey', '$2y$10$TO1GZe5khCs8p4ql3uNFM.inV9s7u5aDHTK4eI9g6FCHRxpRDVh8W', 'corinne.mercier@redcross.ca', 'America/Toronto', 1, 1771516074, 1771516074, 0, 0, NULL, 1),
(358, 'en', 'en', NULL, 'jordan.tillitt', '$2y$10$M8EoAI5cUp99yLhjucpxmeEiQWQft9L8BhlEttSzD1WL2Mw2JOstm', 'jordan.tillitt@gmail.com', 'America/Toronto', 1, 1771516074, 1771516074, 0, 0, NULL, 1),
(359, 'en', 'en', NULL, 'mleclerc', '$2y$10$nf0Ks82ts0jucIFRETE4YewVaxoD.qNZrQR34cc84J0wICTdcw.lK', 'mleclerc@national.ca', 'America/Toronto', 1, 1771516074, 1771516074, 0, 0, NULL, 1),
(360, 'en', 'en', NULL, 'bstlouis', '$2y$10$96J64DLSNX62EXrfKkRISuaM9clFdFKrrsbYBeS9zupGXFtI2v9D2', 'bstlouis@tsa.ca', 'America/Toronto', 1, 1771516074, 1771516074, 0, 0, NULL, 1),
(361, 'en', 'en', NULL, 'Kwoloshyn', '$2y$10$7oepXO/vsnGljfYPLJ2fOOu8bTTxsWbfwrsgSL41/8gmPpp4zRjJu', 'Kwoloshyn@banyangold.com', 'America/Toronto', 1, 1771516074, 1771516074, 0, 0, NULL, 1),
(362, 'en', 'en', NULL, 'mariazelhdez', '$2y$10$.22PqLdwS495lbFVFPVDjegERGEvtfVX.9aJMcivHOWnfWliq4mOy', 'mariazelhdez@hotmail.com', 'America/Toronto', 1, 1771516074, 1771516074, 0, 0, NULL, 1),
(372, 'en', 'en', 'en', 'filthyerectoaf', '$S$ELkLyXpEdgcFFTMAg2j6tN5yyTr7Gi3Oxq067QSIdKRp..tDoAPj', 'filthyerectoaf@centraltermites.site', 'America/Toronto', 1, 1772447017, 1772447017, 0, 0, 'filthyerectoaf@centraltermites.site', 1),
(373, 'en', 'en', 'en', 'abloom1121', '$S$EUUzBuVj4crK/uH0x37tS6UPZnZ5dna31D7Nl5/fxh2WCBx/fevm', 'abloom1121@aol.com', 'America/Toronto', 1, 1772447906, 1772448235, 0, 0, 'abloom1121@aol.com', 1),
(374, 'en', 'en', 'en', 'vtjgelkr', '$S$Ek9gkpOf.PMZeJlUFPgx1jncOZIBC.a1MtaNis2bf/MRnnjFpJE1', 'vtjgelkr@forms-checker.online', 'America/Toronto', 1, 1772448626, 1772448626, 0, 0, 'vtjgelkr@forms-checker.online', 1),
(375, 'en', 'en', 'en', 'bz4838', '$S$E32mDRhIlp4H2EwEgQ7w3f.vj41E1ngLeDI/d10Hm8A8OjgRsw6e', 'bz4838@yahoo.com', 'America/Toronto', 1, 1772449128, 1772449375, 0, 0, 'bz4838@yahoo.com', 1),
(376, 'en', 'en', 'en', 'g.smith', '$S$EIUUasbaJd.kh8zi53zTKJi5NYe49USmtFGOpRSDanCQPRQot1uJ', 'g.smith@strategiesnorth.ca', 'America/Toronto', 1, 1772449591, 1772452547, 0, 0, 'g.smith@strategiesnorth.ca', 1),
(377, 'en', 'en', 'en', 'f.zeletni', '$S$E5fS4SRaS.aX00nUFy.ldTx0Nfh7/eIMbZYyXz7F6KWGF9Zeq3nK', 'f.zeletni+1@stratgiesnorth.ca', 'America/Toronto', 1, 1772452763, 1772452934, 0, 0, 'f.zeletni@stratgiesnorth.ca', 1),
(378, 'en', 'en', 'en', 'khadijazaheen1', '$S$E.VOYhJVMUo9Q7CUaBjYghcr/S0een6HbuXMpADFpaG.cSxxQtFg', 'khadijazaheen1@gmail.com', 'America/Toronto', 1, 1772453260, 1772453398, 0, 0, 'khadijazaheen1@gmail.com', 1),
(379, 'en', 'en', 'en', 'theloftygoat', '$S$EUuwCNT66JkFH/Ses0Hh/dxWLk0DO6GTUuBKGOuTY.FpZCb7D6QG', 'theloftygoat@aol.com', 'America/Toronto', 1, 1772453446, 1772453503, 0, 0, 'theloftygoat@aol.com', 1),
(380, 'en', 'en', 'en', 'support', '$S$EhqDBKFlECaEc6/JmNEON6.l0TVuc6Z1pGyW/qTHhYH.7I6VfPya', 'support@thedeckstore.com', 'America/Toronto', 1, 1772454039, 1772454093, 0, 0, 'support@thedeckstore.com', 1),
(381, 'en', 'en', 'en', 'theresasullivan50', '$S$EwUQAeQqugvBCV7jCkhRxIHn4Opo/t0G4tidyVpR/vgJW7kHZh6d', 'theresasullivan50@comcast.net', 'America/Toronto', 1, 1772454142, 1772454189, 0, 0, 'theresasullivan50@comcast.net', 1),
(382, 'en', 'en', 'en', 'tecole_2000', '$S$ESN7wwpUQZCK6r8ILwmB7q.1nwZLZjmgMIaiS/n.wJOT7dOLiCqP', 'tecole_2000@yahoo.com', 'America/Toronto', 1, 1772454239, 1772454276, 0, 0, 'tecole_2000@yahoo.com', 1),
(383, 'en', 'en', 'en', 'anthony.tyree', '$S$EeuAlm.Fuo7ed.NfvUbLsh4moR.w4xbf4cNjOpLQvVbn7yW5xLuG', 'anthony.tyree@nuvei.com', 'America/Toronto', 1, 1772454315, 1772454351, 0, 0, 'anthony.tyree@nuvei.com', 1),
(384, 'en', 'en', 'en', 'leann.konfrst', '$S$E18.WTJh3DMrddcutCGnVxgq4vFBjwoIWoi.0S19OZJIwkiF1FDz', 'leann.konfrst@gmail.com', 'America/Toronto', 1, 1772454390, 1772454445, 0, 0, 'leann.konfrst@gmail.com', 1),
(385, 'en', 'en', 'en', 'josej.rivera', '$S$EVbqP342KFjwTr2dKy2.hn7k08c5xI9QvVb8xwSy7RKuspx2bjy2', 'josej.rivera@gmail.com', 'America/Toronto', 1, 1772454480, 1772454516, 0, 0, 'josej.rivera@gmail.com', 1),
(386, 'en', 'en', 'en', 'ralsc', '$S$EnoWsby.C35HQtgpXNC1UuTfQQ5C9aiLzOzDyR.0f5/6IND6seWC', 'ralsc@colorado.net', 'America/Toronto', 1, 1772454554, 1772454586, 0, 0, 'ralsc@colorado.net', 1),
(387, 'en', 'en', 'en', 'rowdydaddy2027', '$S$E9SYRJiOBs.k6Mmgs0yENSDFBs27T.TghnytTZloLVbp4QWMV3bD', 'rowdydaddy2027@aol.com', 'America/Toronto', 1, 1772454621, 1772454653, 0, 0, 'rowdydaddy2027@aol.com', 1),
(388, 'en', 'en', 'en', 'stevent', '$S$EyosqZnTY0JjseBHdNoETQSmT.TWXMPhJ1hnqUFPUxdYWM1JlMpM', 'stevent@pktenterprises.com', 'America/Toronto', 1, 1772454687, 1772454750, 0, 0, 'stevent@pktenterprises.com', 1),
(389, 'en', 'en', 'en', 'orusipov490', '$S$EzdepMFsrjUyQBwlYH/bsluBanXaUo3Ng5U/gvlwnjFg1C9pgfn8', 'orusipov490@gmail.com', 'America/Toronto', 1, 1772454796, 1772454842, 0, 0, 'orusipov490@gmail.com', 1),
(390, 'en', 'en', 'en', 'jgjertsen', '$S$ERIkfOsNcPPmiwJDym0KanbZR1KW3x7idx/pw1C5TTeFj.vsFN1B', 'jgjertsen@fuertemetals.com', 'America/Toronto', 1, 1772454954, 1772455034, 0, 0, 'jgjertsen@fuertemetals.com', 1),
(391, 'en', 'en', 'en', 'f.zeletni_1', '$S$EvIaQMofhie7Ly1ujDuxlfq9au0oSqApwhcqWQfM38G4AnvSF/YW', 'f.zeletni_1@strategiesnorth.ca', 'America/Toronto', 1, 1772455523, 1772455605, 0, 0, 'f.zeletni_1@strategiesnorth.ca', 1),
(392, 'en', 'en', 'en', 'cassandra.almeida', '$S$EPpdCZuwiWyLZmq3u2JDrhXw6bYgMHPsr765bxXtGFnHNpqaPq5v', 'cassandra.almeida@wellingtonadvocacy.com', 'America/Toronto', 1, 1773607227, 1773607326, 0, 0, 'cassandra.almeida@wellingtonadvocacy.com', 1),
(393, 'en', 'en', 'en', 'contact1', '$2y$10$q67ljszPOjAI1lC88ze3Lu8NtpCr4oAbtHbwcYzZjTXUmHrVc8iiy', 'contact1@w3creatives.com', 'America/Toronto', 1, 1773783355, 1773833737, 1773833772, 1773829679, 'contact1@w3creatives.com', 1),
(394, 'en', 'en', 'en', 'contact2', '$2y$10$W70JuabGuqmDgnc1o4ogZ.rcyavvJ08mbFkSgkzfyjg3eHCfgrDZy', 'contact2@w3creatives.com', 'America/Toronto', 1, 1773833962, 1773834008, 1773834717, 1773834008, 'contact2@w3creatives.com', 1);

-- --------------------------------------------------------

--
